000
CXUS55 KTBW 231000
CF6FMY
PRELIMINARY LOCAL CLIMATOLOGICAL DATA (WS FORM: F-6)

                                          STATION:   Fort Myers
                                          MONTH:     JUNE
                                          YEAR:      2018
                                          LATITUDE:   26 34 N
                                          LONGITUDE:  81 52 W

  TEMPERATURE IN F:       :PCPN:    SNOW:  WIND      :SUNSHINE: SKY     :PK WND
================================================================================
1   2   3   4   5  6A  6B    7    8   9   10  11  12  13   14  15   16   17  18
                                     12Z  AVG MX 2MIN
DY MAX MIN AVG DEP HDD CDD  WTR  SNW DPTH SPD SPD DIR MIN PSBL S-S WX    SPD DR
================================================================================

 1  89  74  82   0   0  17 0.34  0.0    0  3.7 14 260   M    M   5 138    18 280
 2  89  74  82   0   0  17 0.00  0.0    0  4.9 15 250   M    M   1        21 260
 3  90  78  84   2   0  19 0.00  0.0    0  8.3 15 270   M    M   1        21 280
 4  91  79  85   3   0  20 0.00  0.0    0 10.0 17 280   M    M   2        22 270
 5  90  80  85   3   0  20 0.00  0.0    0 10.9 17 260   M    M   2        22 250
 6  90  78  84   2   0  19    T  0.0    0  7.2 28 300   M    M   2 3      37 290
 7  92  72  82   0   0  17 1.81  0.0    0  6.6 23 170   M    M   3 3      29 170
 8  91  72  82   0   0  17 0.00  0.0    0  5.3 18 110   M    M   3 3      25 110
 9  93  73  83   1   0  18 0.14  0.0    0  3.9 28 120   M    M   2 3      34 130
10  91  74  83   1   0  18    T  0.0    0  4.0 22 140   M    M   2 3      29 130
11  92  73  83   1   0  18 0.70  0.0    0  3.8 21 100   M    M   2 13     26 120
12  93  71  82   0   0  17 0.57  0.0    0  3.4 23  10   M    M   2 13     28  10
13  92  73  83   1   0  18 1.63  0.0    0  4.7 24  70   M    M   2 13     32  90
14  90  74  82  -1   0  17    T  0.0    0  3.6 14 270   M    M   1 3      18 140
15  91  75  83   0   0  18    T  0.0    0  4.2 16  70   M    M   2 3      20  60
16  93  74  84   1   0  19 0.00  0.0    0  4.3 14 170   M    M   3 3      17 170
17  93  78  86   3   0  21 0.00  0.0    0  5.1 16 120   M    M   2 3      20 110
18  94  79  87   4   0  22 0.00  0.0    0  6.2 18  60   M    M   2        23  60
19  94  77  86   3   0  21 0.00  0.0    0  4.6 12 120   M    M   2 3      15 110
20  95  76  86   3   0  21 0.00  0.0    0  3.9 16 310   M    M   2 3      20 340
21  93  79  86   3   0  21 0.00  0.0    0  6.0 16 280   M    M   2        20 270
22  93  78  86   3   0  21 0.00  0.0    0  7.5 16 270   M    M   2         M  M
================================================================================
SM 2019 1661         0 416  5.19     0.0 122.1          M       47
================================================================================
AV 91.8 75.5                               5.5 FASTST   M    M   2    MAX(MPH)
                                 MISC ---->  # 28 300               # 37  290
================================================================================
NOTES:
# LAST OF SEVERAL OCCURRENCES

COLUMN 17 PEAK WIND IN M.P.H.

PRELIMINARY LOCAL CLIMATOLOGICAL DATA (WS FORM: F-6) , PAGE 2

                                          STATION:  Fort Myers
                                          MONTH:    JUNE
                                          YEAR:     2018
                                          LATITUDE:   26 34 N
                                          LONGITUDE:  81 52 W

[TEMPERATURE DATA]      [PRECIPITATION DATA]       SYMBOLS USED IN COLUMN 16

AVERAGE MONTHLY: 83.6   TOTAL FOR MONTH:   5.19    1 = FOG OR MIST
DPTR FM NORMAL:   1.2   DPTR FM NORMAL:   -1.94    2 = FOG REDUCING VISIBILITY
HIGHEST:    95 ON 20    GRTST 24HR  1.81 ON  7- 7      TO 1/4 MILE OR LESS
LOWEST:     71 ON 12                               3 = THUNDER
                        SNOW, ICE PELLETS, HAIL    4 = ICE PELLETS
                        TOTAL MONTH:   0.0 INCH    5 = HAIL
                        GRTST 24HR     0.0         6 = FREEZING RAIN OR DRIZZLE
                        GRTST DEPTH:   0           7 = DUSTSTORM OR SANDSTORM:
                                                       VSBY 1/2 MILE OR LESS
                                                   8 = SMOKE OR HAZE
[NO. OF DAYS WITH]      [WEATHER - DAYS WITH]      9 = BLOWING SNOW
                                                   X = TORNADO
MAX 32 OR BELOW:   0    0.01 INCH OR MORE:   6
MAX 90 OR ABOVE:  20    0.10 INCH OR MORE:   6
MIN 32 OR BELOW:   0    0.50 INCH OR MORE:   4
MIN  0 OR BELOW:   0    1.00 INCH OR MORE:   2

[HDD (BASE 65) ]
TOTAL THIS MO.     0    CLEAR  (SCALE 0-3)  20
DPTR FM NORMAL     0    PTCLDY (SCALE 4-7)   2
TOTAL FM JUL 1   208    CLOUDY (SCALE 8-10)  0
DPTR FM NORMAL   -79

[CDD (BASE 65) ]
TOTAL THIS MO.   416
DPTR FM NORMAL    32    [PRESSURE DATA]
TOTAL FM JAN 1  1735    HIGHEST SLP M ON M
DPTR FM NORMAL   285    LOWEST  SLP 29.85 ON  6

[REMARKS]
