000
CXUS53 KDTX 170800
CF6FNT
PRELIMINARY LOCAL CLIMATOLOGICAL DATA (WS FORM: F-6)

                                          STATION:   FLINT MI
                                          MONTH:     JULY
                                          YEAR:      2018
                                          LATITUDE:   42 58 N
                                          LONGITUDE:  83 44 W

  TEMPERATURE IN F:       :PCPN:    SNOW:  WIND      :SUNSHINE: SKY     :PK WND
================================================================================
1   2   3   4   5  6A  6B    7    8   9   10  11  12  13   14  15   16   17  18
                                     12Z  AVG MX 2MIN
DY MAX MIN AVG DEP HDD CDD  WTR  SNW DPTH SPD SPD DIR MIN PSBL S-S WX    SPD DR
================================================================================

 1  92  72  82  12   0  17 0.00  0.0    0  8.2 18 200   M    M   1        25 210
 2  85  64  75   5   0  10 0.00  0.0    0  6.9 15 300   M    M   3        19 290
 3  91  61  76   6   0  11 0.00  0.0    0  5.4 15 130   M    M   0 1      19 110
 4  91  68  80  10   0  15 0.07  0.0    0  4.2 15 180   M    M   2 38     20 200
 5  92  73  83  13   0  18 0.00  0.0    0  9.5 22 290   M    M   3 3      27 290
 6  78  56  67  -3   0   2 0.00  0.0    0 10.8 20 360   M    M   1        28  50
 7  80  46  63  -8   2   0 0.00  0.0    0  4.3 13 130   M    M   0        21 150
 8  86  50  68  -3   0   3 0.00  0.0    0  5.1 13 200   M    M   0        16 160
 9  89  56  73   2   0   8 0.00  0.0    0  7.0 18 280   M    M   0        24 270
10  85  62  74   3   0   9 0.00  0.0    0  7.3 20 360   M    M   2        24 340
11  84  51  68  -3   0   3 0.00  0.0    0  5.8 18 360   M    M   1        22  30
12  85  49  67  -4   0   2 0.00  0.0    0  4.4 13 130   M    M   1        17 160
13  91  64  78   7   0  13 0.05  0.0    0  6.3 16 250   M    M   2 8      19 250
14  82  65  74   3   0   9 0.00  0.0    0  4.7 13 240   M    M   2 8      16 210
15  91  64  78   7   0  13 0.00  0.0    0  3.1 10 260   M    M   2 1      16 320
16  93  64  79   8   0  14 0.30  0.0    0  6.4 26 350   M    M   2 13     35 350
================================================================================
SM 1395  965         2 147  0.42     0.0  99.4          M       22
================================================================================
AV 87.2 60.3                               6.2 FASTST   M    M   1    MAX(MPH)
                                 MISC ---->  # 26 350               # 35  350
================================================================================
NOTES:
# LAST OF SEVERAL OCCURRENCES

COLUMN 17 PEAK WIND IN M.P.H.

PRELIMINARY LOCAL CLIMATOLOGICAL DATA (WS FORM: F-6) , PAGE 2

                                          STATION:  FLINT MI
                                          MONTH:    JULY
                                          YEAR:     2018
                                          LATITUDE:   42 58 N
                                          LONGITUDE:  83 44 W

[TEMPERATURE DATA]      [PRECIPITATION DATA]       SYMBOLS USED IN COLUMN 16

AVERAGE MONTHLY: 73.8   TOTAL FOR MONTH:   0.42    1 = FOG OR MIST
DPTR FM NORMAL:   3.1   DPTR FM NORMAL:   -1.18    2 = FOG REDUCING VISIBILITY
HIGHEST:    93 ON 16    GRTST 24HR  0.30 ON 16-16      TO 1/4 MILE OR LESS
LOWEST:     46 ON  7                               3 = THUNDER
                        SNOW, ICE PELLETS, HAIL    4 = ICE PELLETS
                        TOTAL MONTH:   0.0 INCH    5 = HAIL
                        GRTST 24HR     0.0         6 = FREEZING RAIN OR DRIZZLE
                        GRTST DEPTH:   0           7 = DUSTSTORM OR SANDSTORM:
                                                       VSBY 1/2 MILE OR LESS
                                                   8 = SMOKE OR HAZE
[NO. OF DAYS WITH]      [WEATHER - DAYS WITH]      9 = BLOWING SNOW
                                                   X = TORNADO
MAX 32 OR BELOW:   0    0.01 INCH OR MORE:   3
MAX 90 OR ABOVE:   7    0.10 INCH OR MORE:   1
MIN 32 OR BELOW:   0    0.50 INCH OR MORE:   0
MIN  0 OR BELOW:   0    1.00 INCH OR MORE:   0

[HDD (BASE 65) ]
TOTAL THIS MO.     2    CLEAR  (SCALE 0-3)  16
DPTR FM NORMAL    -8    PTCLDY (SCALE 4-7)   0
TOTAL FM JUL 1     2    CLOUDY (SCALE 8-10)  0
DPTR FM NORMAL    -8

[CDD (BASE 65) ]
TOTAL THIS MO.   147
DPTR FM NORMAL    51    [PRESSURE DATA]
TOTAL FM JAN 1   360    HIGHEST SLP M ON M
DPTR FM NORMAL   120    LOWEST  SLP 29.82 ON 16

[REMARKS]
