000
CXUS53 KDTX 210800
CF6FNT
PRELIMINARY LOCAL CLIMATOLOGICAL DATA (WS FORM: F-6)

                                          STATION:   FLINT MI
                                          MONTH:     JANUARY
                                          YEAR:      2019
                                          LATITUDE:   42 58 N
                                          LONGITUDE:  83 44 W

  TEMPERATURE IN F:       :PCPN:    SNOW:  WIND      :SUNSHINE: SKY     :PK WND
================================================================================
1   2   3   4   5  6A  6B    7    8   9   10  11  12  13   14  15   16   17  18
                                     12Z  AVG MX 2MIN
DY MAX MIN AVG DEP HDD CDD  WTR  SNW DPTH SPD SPD DIR MIN PSBL S-S WX    SPD DR
================================================================================

 1  34  22  28   4  37   0 0.04    T    0  9.3 16 340   M    M  10 1      21 300
 2  31  22  27   4  38   0 0.06  0.6    0  7.6 20 270   M    M  10 1      25 260
 3  36  29  33  10  32   0 0.00  0.0    0 10.9 21 280   M    M   6        28 220
 4  50  26  38  15  27   0 0.00  0.0    1  6.8 16 220   M    M   0        20 230
 5  48  23  36  13  29   0 0.00  0.0    0  6.6 20 280   M    M   0 1      24 300
 6  38  28  33  10  32   0 0.00  0.0    0  8.4 17 100   M    M   3        21 350
 7  51  29  40  17  25   0 0.17  0.1    T 18.0 30 140   M    M   8 1      41 150
 8  47  31  39  16  26   0 0.03    T    0 11.7 29 280   M    M  10 18     37 280
 9  31  22  27   4  38   0 0.01  0.2    T 17.5 25 310   M    M  10 1      34 310
10  27  19  23   1  42   0    T    T    T 13.1 23 330   M    M   7        31 320
11  27  16  22   0  43   0 0.00  0.0    0  3.2  8  80   M    M   6         9  10
12  30  25  28   6  37   0 0.00  0.0    0  9.2 17  60   M    M  10        22  70
13  31  17  24   2  41   0 0.00  0.0    0  8.8 15  50   M    M   2        19  50
14  33  10  22   0  43   0 0.00  0.0    0  4.6 14 280   M    M   2        16 290
15  28  25  27   5  38   0 0.00  0.0    0 11.3 22 250   M    M  10 1      29 230
16  31  14  23   1  42   0    T    T    T  8.3 18 340   M    M   6 1      24 240
17  31  14  23   1  42   0 0.01  0.4    T  5.7 15 140   M    M   8 18     19 140
18  28  24  26   4  39   0    T  0.2    1  7.6 17 310   M    M   9 1      22 310
19  24   7  16  -6  49   0 0.19  3.2    1 14.1 25  40   M    M  10 18     31  40
20   9  -4   3 -19  62   0    T    T    3 14.5 23 360   M    M   3 18     32 360
================================================================================
SM  665  399       762   0  0.51     4.7 197.2          M      130
================================================================================
AV 33.3 20.0                               9.9 FASTST   M    M   7    MAX(MPH)
                                 MISC ---->  # 30 140               # 41  150
================================================================================
NOTES:
# LAST OF SEVERAL OCCURRENCES

COLUMN 17 PEAK WIND IN M.P.H.

PRELIMINARY LOCAL CLIMATOLOGICAL DATA (WS FORM: F-6) , PAGE 2

                                          STATION:  FLINT MI
                                          MONTH:    JANUARY
                                          YEAR:     2019
                                          LATITUDE:   42 58 N
                                          LONGITUDE:  83 44 W

[TEMPERATURE DATA]      [PRECIPITATION DATA]       SYMBOLS USED IN COLUMN 16

AVERAGE MONTHLY: 26.6   TOTAL FOR MONTH:   0.51    1 = FOG OR MIST
DPTR FM NORMAL:   4.1   DPTR FM NORMAL:   -0.60    2 = FOG REDUCING VISIBILITY
HIGHEST:    51 ON  7    GRTST 24HR  0.59 ON 31- 1      TO 1/4 MILE OR LESS
LOWEST:     -4 ON 20                               3 = THUNDER
                        SNOW, ICE PELLETS, HAIL    4 = ICE PELLETS
                        TOTAL MONTH:   4.7 INCHES  5 = HAIL
                        GRTST 24HR   3.2 ON 19-19  6 = FREEZING RAIN OR DRIZZLE
                        GRTST DEPTH:   3 ON 20     7 = DUSTSTORM OR SANDSTORM:
                                                       VSBY 1/2 MILE OR LESS
                                                   8 = SMOKE OR HAZE
[NO. OF DAYS WITH]      [WEATHER - DAYS WITH]      9 = BLOWING SNOW
                                                   X = TORNADO
MAX 32 OR BELOW:  12    0.01 INCH OR MORE:   7
MAX 90 OR ABOVE:   0    0.10 INCH OR MORE:   2
MIN 32 OR BELOW:  20    0.50 INCH OR MORE:   0
MIN  0 OR BELOW:   1    1.00 INCH OR MORE:   0

[HDD (BASE 65) ]
TOTAL THIS MO.   762    CLEAR  (SCALE 0-3)   6
DPTR FM NORMAL   -87    PTCLDY (SCALE 4-7)   5
TOTAL FM JUL 1  3374    CLOUDY (SCALE 8-10)  9
DPTR FM NORMAL  -120

[CDD (BASE 65) ]
TOTAL THIS MO.     0
DPTR FM NORMAL     0    [PRESSURE DATA]
TOTAL FM JAN 1     0    HIGHEST SLP M ON M
DPTR FM NORMAL     0    LOWEST  SLP 29.56 ON  7

[REMARKS]
