000
CXUS55 KFSD 160905
CF6FSD
PRELIMINARY LOCAL CLIMATOLOGICAL DATA (WS FORM: F-6)

                                          STATION:   SIOUX FALLS
                                          MONTH:     JULY
                                          YEAR:      2018
                                          LATITUDE:   43 34 N
                                          LONGITUDE:  96 44 W

  TEMPERATURE IN F:       :PCPN:    SNOW:  WIND      :SUNSHINE: SKY     :PK WND
================================================================================
1   2   3   4   5  6A  6B    7    8   9   10  11  12  13   14  15   16   17  18
                                     12Z  AVG MX 2MIN
DY MAX MIN AVG DEP HDD CDD  WTR  SNW DPTH SPD SPD DIR MIN PSBL S-S WX    SPD DR
================================================================================

 1  80  61  71  -1   0   6 1.52  0.0    0  9.9 29 310   M    M   6 1      42 290
 2  83  64  74   2   0   9 0.00  0.0    0 15.0 28 180   M    M   3        38 180
 3  87  69  78   6   0  13 0.00  0.0    0 16.1 25  90   M    M   7 3      36 160
 4  88  70  79   7   0  14 0.20  0.0    0  8.1 22  90   M    M   7 13     28  70
 5  80  62  71  -2   0   6 0.00  0.0    0  6.2 17  50   M    M   4        24  20
 6  82  59  71  -2   0   6 0.00  0.0    0  8.5 16 180   M    M   1        23 170
 7  86  65  76   3   0  11 0.00  0.0    0 14.5 25 180   M    M   1        34 180
 8  90  69  80   7   0  15 0.00  0.0    0 15.9 26 180   M    M   2        35 170
 9  92  70  81   8   0  16 0.00  0.0    0  9.5 18  60   M    M   2        25  60
10  89  71  80   7   0  15 0.00  0.0    0 11.8 24  90   M    M   4        31  80
11  95  74  85  12   0  20 0.00  0.0    0 14.7 26 190   M    M   2        37 180
12  95  67  81   8   0  16 1.53  0.0    0 10.4 29  10   M    M   5 13     39 270
13  82  67  75   2   0  10 0.65  0.0    0  6.7 16 120   M    M   7 13     21 120
14  84  62  73   0   0   8 0.00  0.0    0  3.5 12  90   M    M   3 1      17 110
15  87  63  75   2   0  10 0.00  0.0    0  6.6 23  10   M    M   5 13     30 360
================================================================================
SM 1300  993         0 175  3.90     0.0 157.4          M       59
================================================================================
AV 86.7 66.2                              10.5 FASTST   M    M   4    MAX(MPH)
                                 MISC ---->  # 29 310               # 42  290
================================================================================
NOTES:
# LAST OF SEVERAL OCCURRENCES

COLUMN 17 PEAK WIND IN M.P.H.

PRELIMINARY LOCAL CLIMATOLOGICAL DATA (WS FORM: F-6) , PAGE 2

                                          STATION:  SIOUX FALLS
                                          MONTH:    JULY
                                          YEAR:     2018
                                          LATITUDE:   43 34 N
                                          LONGITUDE:  96 44 W

[TEMPERATURE DATA]      [PRECIPITATION DATA]       SYMBOLS USED IN COLUMN 16

AVERAGE MONTHLY: 76.4   TOTAL FOR MONTH:   3.90    1 = FOG OR MIST
DPTR FM NORMAL:   3.7   DPTR FM NORMAL:    2.37    2 = FOG REDUCING VISIBILITY
HIGHEST:    95 ON 12,11 GRTST 24HR  1.53 ON 12-12      TO 1/4 MILE OR LESS
LOWEST:     59 ON  6                               3 = THUNDER
                        SNOW, ICE PELLETS, HAIL    4 = ICE PELLETS
                        TOTAL MONTH:   0.0 INCH    5 = HAIL
                        GRTST 24HR     0.0         6 = FREEZING RAIN OR DRIZZLE
                        GRTST DEPTH:   0           7 = DUSTSTORM OR SANDSTORM:
                                                       VSBY 1/2 MILE OR LESS
                                                   8 = SMOKE OR HAZE
[NO. OF DAYS WITH]      [WEATHER - DAYS WITH]      9 = BLOWING SNOW
                                                   X = TORNADO
MAX 32 OR BELOW:   0    0.01 INCH OR MORE:   4
MAX 90 OR ABOVE:   4    0.10 INCH OR MORE:   4
MIN 32 OR BELOW:   0    0.50 INCH OR MORE:   3
MIN  0 OR BELOW:   0    1.00 INCH OR MORE:   2

[HDD (BASE 65) ]
TOTAL THIS MO.     0    CLEAR  (SCALE 0-3)   7
DPTR FM NORMAL     0    PTCLDY (SCALE 4-7)   8
TOTAL FM JUL 1     0    CLOUDY (SCALE 8-10)  0
DPTR FM NORMAL     0

[CDD (BASE 65) ]
TOTAL THIS MO.   175
DPTR FM NORMAL    53    [PRESSURE DATA]
TOTAL FM JAN 1   503    HIGHEST SLP M ON M
DPTR FM NORMAL   210    LOWEST  SLP 29.75 ON  2

[REMARKS]
