000
CXUS54 KTSA 200850
CF6FSM
PRELIMINARY LOCAL CLIMATOLOGICAL DATA (WS FORM: F-6)

                                          STATION:   FORT SMITH ARKANSAS
                                          MONTH:     OCTOBER
                                          YEAR:      2020
                                          LATITUDE:   35 19 N
                                          LONGITUDE:  94 22 W

  TEMPERATURE IN F:       :PCPN:    SNOW:  WIND      :SUNSHINE: SKY     :PK WND
================================================================================
1   2   3   4   5  6A  6B    7    8   9   10  11  12  13   14  15   16   17  18
                                     12Z  AVG MX 2MIN
DY MAX MIN AVG DEP HDD CDD  WTR  SNW DPTH SPD SPD DIR MIN PSBL S-S WX    SPD DR
================================================================================

 1  79  51  65  -3   0   0 0.00  0.0    M  5.6 18 350   M    M   1        25 360
 2  71  44  58  -9   7   0 0.00  0.0    M  1.9  9  60   M    M   0        13  80
 3  76  51  64  -3   1   0    T  0.0    M  5.9 14 240   M    M   3        19 260
 4  73  51  62  -5   3   0 0.00  0.0    M  4.8 17  20   M    M   1        20  30
 5  73  47  60  -6   5   0 0.00  0.0    M  5.9 13  80   M    M   0        18  80
 6  80  50  65  -1   0   0 0.00  0.0    M  3.3  8  70   M    M   0 1      10  70
 7  87  55  71   5   0   6 0.00  0.0    M  1.9  8 220   M    M   0 1      11 220
 8  83  62  73   8   0   8 0.00  0.0    M  3.3  9  90   M    M   1 12     13  80
 9  83  65  74   9   0   9 0.00  0.0    M  7.1 16 120   M    M   6        22  90
10  85  61  73   8   0   8 0.00  0.0    M  3.3 10 260   M    M   1 1      14 230
11  88  59  74  10   0   9 0.00  0.0    M  4.5 13 170   M    M   2 12     19 130
12  79  50  65   1   0   0 0.00  0.0    M  8.3 23 340   M    M   1        35 350
13  81  44  63  -1   2   0 0.00  0.0    M  3.0 10  50   M    M   0        14  50
14  85  48  67   4   0   2 0.00  0.0    M  5.7 15 190   M    M   0        22 180
15  74  58  66   3   0   1    T  0.0    M 10.1 23  20   M    M   8        30  20
16  68  42  55  -8  10   0 0.00  0.0    M  3.2 10 210   M    M   0        13  40
17  73  43  58  -4   7   0 0.00  0.0    M  8.2 18 170   M    M   5        27 150
18  76  58  67   5   0   2    T  0.0    M  8.2 15 260   M    M  10        18 240
19  58  55  57  -5   8   0    T  0.0    M  7.4 15 280   M    M  10 18     19 290
================================================================================
SM 1472  994        43  45     T  0.0    101.6          M       49
================================================================================
AV 77.5 52.3                               5.3 FASTST   M    M   3    MAX(MPH)
                                 MISC ---->  # 23 340                 35 350
================================================================================
NOTES:
# LAST OF SEVERAL OCCURRENCES

COLUMN 17 PEAK WIND IN M.P.H.

PRELIMINARY LOCAL CLIMATOLOGICAL DATA (WS FORM: F-6) , PAGE 2

                                          STATION:   FORT SMITH ARKANSAS
                                          MONTH:     OCTOBER
                                          YEAR:      2020
                                          LATITUDE:   35 19 N
                                          LONGITUDE:  94 22 W

[TEMPERATURE DATA]      [PRECIPITATION DATA]       SYMBOLS USED IN COLUMN 16

AVERAGE MONTHLY: 64.9   TOTAL FOR MONTH:      T    1 = FOG OR MIST
DPTR FM NORMAL:   0.2   DPTR FM NORMAL:   -2.59    2 = FOG REDUCING VISIBILITY
HIGHEST:    88 ON 11    GRTST 24HR     T ON  3- 3      TO 1/4 MILE OR LESS
LOWEST:     42 ON 16                               3 = THUNDER
                        SNOW, ICE PELLETS, HAIL    4 = ICE PELLETS
                        TOTAL MONTH:   0.0 INCH    5 = HAIL
                        GRTST 24HR  0.0            6 = FREEZING RAIN OR DRIZZLE
                        GRTST DEPTH:  0            7 = DUSTSTORM OR SANDSTORM:
                                                       VSBY 1/2 MILE OR LESS
                                                   8 = SMOKE OR HAZE
[NO. OF DAYS WITH]      [WEATHER - DAYS WITH]      9 = BLOWING SNOW
                                                   X = TORNADO
MAX 32 OR BELOW:   0    0.01 INCH OR MORE:   0
MAX 90 OR ABOVE:   0    0.10 INCH OR MORE:   0
MIN 32 OR BELOW:   0    0.50 INCH OR MORE:   0
MIN  0 OR BELOW:   0    1.00 INCH OR MORE:   0

[HDD (BASE 65) ]
TOTAL THIS MO.    43    CLEAR  (SCALE 0-3)  14
DPTR FM NORMAL   -17    PTCLDY (SCALE 4-7)   3
TOTAL FM JUL 1    47    CLOUDY (SCALE 8-10)  2
DPTR FM NORMAL   -30

[CDD (BASE 65) ]
TOTAL THIS MO.    45
DPTR FM NORMAL    -9    [PRESSURE DATA]
TOTAL FM JAN 1  2041    HIGHEST SLP M ON M
DPTR FM NORMAL     9    LOWEST  SLP 29.70 ON 12

[REMARKS]
