000
CXUS54 KTSA 210940
CF6FSM
PRELIMINARY LOCAL CLIMATOLOGICAL DATA (WS FORM: F-6)

                                          STATION:   FORT SMITH ARKANSAS
                                          MONTH:     FEBRUARY
                                          YEAR:      2020
                                          LATITUDE:   35 19 N
                                          LONGITUDE:  94 22 W

  TEMPERATURE IN F:       :PCPN:    SNOW:  WIND      :SUNSHINE: SKY     :PK WND
================================================================================
1   2   3   4   5  6A  6B    7    8   9   10  11  12  13   14  15   16   17  18
                                     12Z  AVG MX 2MIN
DY MAX MIN AVG DEP HDD CDD  WTR  SNW DPTH SPD SPD DIR MIN PSBL S-S WX    SPD DR
================================================================================

 1  59  30  45   4  20   0 0.00  0.0    0  3.9 14 240   M    M   3 12     19 300
 2  75  32  54  13  11   0 0.00  0.0    0  3.0  9 220   M    M   0        15 210
 3  72  48  60  19   5   0 0.14  0.0    0  8.6 23 210   M    M   3 1      30 200
 4  62  40  51   9  14   0 0.32  0.0    0  9.0 18 270   M    M  10 1      23 270
 5  42  34  38  -4  27   0 0.35  0.0    0  8.5 16 320   M    M  10 1      21 320
 6  34  26  30 -12  35   0 0.00  0.0    0  8.0 16 290   M    M   8        21 320
 7  49  24  37  -5  28   0 0.00  0.0    0  2.8  9  70   M    M   2        12  60
 8  60  27  44   2  21   0 0.00  0.0    0  4.4 12  70   M    M   1 12     15 220
 9  67  47  57  14   8   0 0.03  0.0    0  6.8 15 210   M    M  10 1      23 180
10  54  43  49   6  16   0 0.05  0.0    0  8.7 16 280   M    M  10 1      20 280
11  47  40  44   1  21   0 0.08  0.0    0  5.3 13 360   M    M   9        16 360
12  44  37  41  -2  24   0 1.23  0.0    0  9.1 20 100   M    M  10 1      29 110
13  41  27  34 -10  31   0 0.00    T    0  9.3 18 310   M    M   6        24 300
14  47  24  36  -8  29   0 0.00  0.0    0  6.4 14  90   M    M   2        18  90
15  59  29  44   0  21   0 0.00  0.0    0  7.5 16  40   M    M   4        20  80
16  63  45  54  10  11   0 0.00  0.0    0  6.3 13 130   M    M   9        18 140
17  72  54  63  18   2   0 0.00  0.0    0  7.6 14 190   M    M  10        19 180
18  60  39  50   5  15   0 0.05  0.0    0  8.2 21 360   M    M   7 3      28 360
19  55  31  43  -2  22   0 0.00  0.0    0  8.9 22  80   M    M   2        30  80
20  49  31  40  -6  25   0 0.00  0.0    0 11.2 21  60   M    M   6        27  60
================================================================================
SM 1111  708       386   0  2.25    T    143.5          M      122
================================================================================
AV 55.6 35.4                               7.2 FASTST   M    M   6    MAX(MPH)
                                 MISC ---->  # 23 210               # 30  200
================================================================================
NOTES:
# LAST OF SEVERAL OCCURRENCES

COLUMN 17 PEAK WIND IN M.P.H.

PRELIMINARY LOCAL CLIMATOLOGICAL DATA (WS FORM: F-6) , PAGE 2

                                          STATION:  FORT SMITH ARKANSAS
                                          MONTH:    FEBRUARY
                                          YEAR:     2020
                                          LATITUDE:   35 19 N
                                          LONGITUDE:  94 22 W

[TEMPERATURE DATA]      [PRECIPITATION DATA]       SYMBOLS USED IN COLUMN 16

AVERAGE MONTHLY: 45.5   TOTAL FOR MONTH:   2.25    1 = FOG OR MIST
DPTR FM NORMAL:   2.4   DPTR FM NORMAL:    0.32    2 = FOG REDUCING VISIBILITY
HIGHEST:    75 ON  2    GRTST 24HR  1.23 ON 12-12      TO 1/4 MILE OR LESS
LOWEST:     24 ON 14, 7                            3 = THUNDER
                        SNOW, ICE PELLETS, HAIL    4 = ICE PELLETS
                        TOTAL MONTH:    T          5 = HAIL
                        GRTST 24HR    T  ON 13-13  6 = FREEZING RAIN OR DRIZZLE
                        GRTST DEPTH:   0           7 = DUSTSTORM OR SANDSTORM:
                                                       VSBY 1/2 MILE OR LESS
                                                   8 = SMOKE OR HAZE
[NO. OF DAYS WITH]      [WEATHER - DAYS WITH]      9 = BLOWING SNOW
                                                   X = TORNADO
MAX 32 OR BELOW:   0    0.01 INCH OR MORE:   8
MAX 90 OR ABOVE:   0    0.10 INCH OR MORE:   4
MIN 32 OR BELOW:  10    0.50 INCH OR MORE:   1
MIN  0 OR BELOW:   0    1.00 INCH OR MORE:   1

[HDD (BASE 65) ]
TOTAL THIS MO.   386    CLEAR  (SCALE 0-3)   7
DPTR FM NORMAL   -53    PTCLDY (SCALE 4-7)   4
TOTAL FM JUL 1  2270    CLOUDY (SCALE 8-10)  9
DPTR FM NORMAL  -260

[CDD (BASE 65) ]
TOTAL THIS MO.     0
DPTR FM NORMAL     0    [PRESSURE DATA]
TOTAL FM JAN 1     0    HIGHEST SLP M ON M
DPTR FM NORMAL     0    LOWEST  SLP 29.61 ON  3

[REMARKS]
