000
CXUS54 KTSA 240840
CF6FSM
PRELIMINARY LOCAL CLIMATOLOGICAL DATA (WS FORM: F-6)

                                          STATION:   FORT SMITH ARKANSAS
                                          MONTH:     JUNE
                                          YEAR:      2018
                                          LATITUDE:   35 19 N
                                          LONGITUDE:  94 22 W

  TEMPERATURE IN F:       :PCPN:    SNOW:  WIND      :SUNSHINE: SKY     :PK WND
================================================================================
1   2   3   4   5  6A  6B    7    8   9   10  11  12  13   14  15   16   17  18
                                     12Z  AVG MX 2MIN
DY MAX MIN AVG DEP HDD CDD  WTR  SNW DPTH SPD SPD DIR MIN PSBL S-S WX    SPD DR
================================================================================

 1  97  76  87  13   0  22 0.00  0.0    0  4.8 12 200   M    M   2 1      16 230
 2  96  76  86  12   0  21 0.00  0.0    0  7.1 22 340   M    M   2 3      26 340
 3  90  69  80   5   0  15 0.00  0.0    0  6.3 15  40   M    M   0        20  80
 4  87  61  74  -1   0   9 0.00  0.0    0  4.2 13  70   M    M   0        16  70
 5  91  65  78   3   0  13 0.00  0.0    0  5.0 13  80   M    M   0        17  70
 6  94  69  82   6   0  17 0.00  0.0    0  4.8 15  70   M    M   0        21  60
 7  93  70  82   6   0  17 0.00  0.0    0  6.1 28 290   M    M   0        34 290
 8  96  70  83   7   0  18 0.59  0.0    0  7.6 32 120   M    M   2 138    44 110
 9  94  69  82   6   0  17 0.00  0.0    0  4.3 13 220   M    M   1        19 220
10  95  70  83   7   0  18 0.00  0.0    0  5.4 14 210   M    M   0        18 220
11  95  74  85   8   0  20 0.00  0.0    0  6.5 14 200   M    M   1        17 210
12  89  71  80   3   0  15 0.09  0.0    0  4.5 35 350   M    M   0 13     50 340
13  97  74  86   9   0  21 0.00  0.0    0  4.5 14 220   M    M   1        18 230
14  98  74  86   8   0  21    T  0.0    0  4.1 14  30   M    M   1 3      18 150
15  98  74  86   8   0  21 0.00  0.0    0  4.8 14 190   M    M   1        18 180
16  98  74  86   8   0  21 0.00  0.0    0  6.2 16 190   M    M   1        21 190
17  97  75  86   8   0  21 0.00  0.0    0  6.1 14 180   M    M   1        19 180
18  95  77  86   7   0  21 0.00  0.0    0  6.4 17 210   M    M   3        26 160
19  90  73  82   3   0  17 0.00  0.0    0  5.6 17 170   M    M   5        21 170
20  78  69  74  -5   0   9 0.94  0.0    0  4.6 14 190   M    M   6 1      17 180
21  87  67  77  -2   0  12    T  0.0    0  8.1 20 250   M    M   2        26 270
22  89  67  78  -2   0  13 0.00  0.0    0  5.6 17 280   M    M   0        22 270
23  90  70  80   0   0  15 0.26  0.0    0  6.1 28 350   M    M   1 13     32 360
================================================================================
SM 2134 1634         0 394  1.88     0.0 128.7          M       30
================================================================================
AV 92.8 71.0                               5.6 FASTST   M    M   1    MAX(MPH)
                                 MISC ---->  # 35 350               # 50  340
================================================================================
NOTES:
# LAST OF SEVERAL OCCURRENCES

COLUMN 17 PEAK WIND IN M.P.H.

PRELIMINARY LOCAL CLIMATOLOGICAL DATA (WS FORM: F-6) , PAGE 2

                                          STATION:  FORT SMITH ARKANSAS
                                          MONTH:    JUNE
                                          YEAR:     2018
                                          LATITUDE:   35 19 N
                                          LONGITUDE:  94 22 W

[TEMPERATURE DATA]      [PRECIPITATION DATA]       SYMBOLS USED IN COLUMN 16

AVERAGE MONTHLY: 81.9   TOTAL FOR MONTH:   1.88    1 = FOG OR MIST
DPTR FM NORMAL:   4.9   DPTR FM NORMAL:   -1.49    2 = FOG REDUCING VISIBILITY
HIGHEST:    98 ON 16,15 GRTST 24HR  0.94 ON 20-20      TO 1/4 MILE OR LESS
LOWEST:     61 ON  4                               3 = THUNDER
                        SNOW, ICE PELLETS, HAIL    4 = ICE PELLETS
                        TOTAL MONTH:   0.0 INCH    5 = HAIL
                        GRTST 24HR     0.0         6 = FREEZING RAIN OR DRIZZLE
                        GRTST DEPTH:   0           7 = DUSTSTORM OR SANDSTORM:
                                                       VSBY 1/2 MILE OR LESS
                                                   8 = SMOKE OR HAZE
[NO. OF DAYS WITH]      [WEATHER - DAYS WITH]      9 = BLOWING SNOW
                                                   X = TORNADO
MAX 32 OR BELOW:   0    0.01 INCH OR MORE:   4
MAX 90 OR ABOVE:  18    0.10 INCH OR MORE:   3
MIN 32 OR BELOW:   0    0.50 INCH OR MORE:   2
MIN  0 OR BELOW:   0    1.00 INCH OR MORE:   0

[HDD (BASE 65) ]
TOTAL THIS MO.     0    CLEAR  (SCALE 0-3)  21
DPTR FM NORMAL     0    PTCLDY (SCALE 4-7)   2
TOTAL FM JUL 1  3046    CLOUDY (SCALE 8-10)  0
DPTR FM NORMAL  -196

[CDD (BASE 65) ]
TOTAL THIS MO.   394
DPTR FM NORMAL   116    [PRESSURE DATA]
TOTAL FM JAN 1   785    HIGHEST SLP M ON M
DPTR FM NORMAL   263    LOWEST  SLP 29.70 ON 23

[REMARKS]
