000
CXUS54 KFWD 170730
CF6FTW
PRELIMINARY LOCAL CLIMATOLOGICAL DATA (WS FORM: F-6)

                                          STATION:   FORT WORTH MEACHAM
                                          MONTH:     JULY
                                          YEAR:      2018
                                          LATITUDE:   32 49 N
                                          LONGITUDE:  97 21 W

  TEMPERATURE IN F:       :PCPN:    SNOW:  WIND      :SUNSHINE: SKY     :PK WND
================================================================================
1   2   3   4   5  6A  6B    7    8   9   10  11  12  13   14  15   16   17  18
                                     12Z  AVG MX 2MIN
DY MAX MIN AVG DEP HDD CDD  WTR  SNW DPTH SPD SPD DIR MIN PSBL S-S WX    SPD DR
================================================================================

 1 103  77  90   7   0  25 0.00  0.0    0 13.4 31 320   M    M   0        43 320
 2 102  78  90   7   0  25 0.00  0.0    0 10.1 17 140   M    M   0        23 160
 3 103  77  90   6   0  25 0.00  0.0    0  8.7 32 110   M    M   0 8      44 110
 4  94  76  85   1   0  20 0.00  0.0    0 11.9 24 100   M    M   2        34 110
 5  97  73  85   1   0  20 0.00  0.0    0  8.2 17  60   M    M   2        23  50
 6  98  76  87   3   0  22    T  0.0    0  8.1 25  80   M    M   2 3      38  70
 7  95  73  84   0   0  19 0.00  0.0    0  9.0 18  70   M    M   1        25  70
 8  96  75  86   2   0  21 0.00  0.0    0  7.7 22 120   M    M   2        29 140
 9  93  73  83  -1   0  18 0.00  0.0    0  6.9 18  60   M    M   3        25 100
10  92  72  82  -2   0  17 0.07  0.0    0  6.2 21 250   M    M   3 13     28 240
11  97  74  86   2   0  21 0.00  0.0    0  7.3 18 130   M    M   1        24 140
12  95  72  84   0   0  19 0.05  0.0    0  7.6 23 110   M    M   4 3      30 120
13  98  71  85   1   0  20 0.00  0.0    0  9.8 18 140   M    M   1        23 150
14  99  77  88   3   0  23 0.00  0.0    0 10.6 17 160   M    M   0        25 180
15 101  78  90   5   0  25 0.00  0.0    0 10.7 18 180   M    M   1        25 160
16 100  78  89   4   0  24 0.00  0.0    0  9.0 15 140   M    M   1        22 170
================================================================================
SM 1563 1200         0 344  0.12     0.0 145.2          M       23
================================================================================
AV 97.7 75.0                               9.1 FASTST   M    M   1    MAX(MPH)
                                 MISC ---->  # 32 110               # 44  110
================================================================================
NOTES:
# LAST OF SEVERAL OCCURRENCES

COLUMN 17 PEAK WIND IN M.P.H.

PRELIMINARY LOCAL CLIMATOLOGICAL DATA (WS FORM: F-6) , PAGE 2

                                          STATION:  FORT WORTH MEACHAM
                                          MONTH:    JULY
                                          YEAR:     2018
                                          LATITUDE:   32 49 N
                                          LONGITUDE:  97 21 W

[TEMPERATURE DATA]      [PRECIPITATION DATA]       SYMBOLS USED IN COLUMN 16

AVERAGE MONTHLY: 86.3   TOTAL FOR MONTH:   0.12    1 = FOG OR MIST
DPTR FM NORMAL:   2.3   DPTR FM NORMAL:   -1.43    2 = FOG REDUCING VISIBILITY
HIGHEST:   103 ON  3, 1 GRTST 24HR  0.07 ON 10-10      TO 1/4 MILE OR LESS
LOWEST:     71 ON 13                               3 = THUNDER
                        SNOW, ICE PELLETS, HAIL    4 = ICE PELLETS
                        TOTAL MONTH:   0.0 INCH    5 = HAIL
                        GRTST 24HR     0.0         6 = FREEZING RAIN OR DRIZZLE
                        GRTST DEPTH:   0           7 = DUSTSTORM OR SANDSTORM:
                                                       VSBY 1/2 MILE OR LESS
                                                   8 = SMOKE OR HAZE
[NO. OF DAYS WITH]      [WEATHER - DAYS WITH]      9 = BLOWING SNOW
                                                   X = TORNADO
MAX 32 OR BELOW:   0    0.01 INCH OR MORE:   2
MAX 90 OR ABOVE:  16    0.10 INCH OR MORE:   0
MIN 32 OR BELOW:   0    0.50 INCH OR MORE:   0
MIN  0 OR BELOW:   0    1.00 INCH OR MORE:   0

[HDD (BASE 65) ]
TOTAL THIS MO.     0    CLEAR  (SCALE 0-3)  15
DPTR FM NORMAL     0    PTCLDY (SCALE 4-7)   1
TOTAL FM JUL 1     0    CLOUDY (SCALE 8-10)  0
DPTR FM NORMAL     0

[CDD (BASE 65) ]
TOTAL THIS MO.   344
DPTR FM NORMAL    39    [PRESSURE DATA]
TOTAL FM JAN 1  1611    HIGHEST SLP M ON M
DPTR FM NORMAL   433    LOWEST  SLP 29.81 ON  1

[REMARKS]
