000
CXUS52 KFFC 231110
CF6FTY
PRELIMINARY LOCAL CLIMATOLOGICAL DATA (WS FORM: F-6)

                                          STATION:   FULTON COUNTY AIRPORT
                                          MONTH:     JANUARY
                                          YEAR:      2019
                                          LATITUDE:   33 46 N
                                          LONGITUDE:  84 31 W

  TEMPERATURE IN F:       :PCPN:    SNOW:  WIND      :SUNSHINE: SKY     :PK WND
================================================================================
1   2   3   4   5  6A  6B    7    8   9   10  11  12  13   14  15   16   17  18
                                     12Z  AVG MX 2MIN
DY MAX MIN AVG DEP HDD CDD  WTR  SNW DPTH SPD SPD DIR MIN PSBL S-S WX    SPD DR
================================================================================

 1  66  54  60  17   5   0 0.12  0.0    0  1.2  7 310   M    M   5 1       9 310
 2  57  48  53  10  12   0 0.46  0.0    0  2.2  8 130   M    M   7 12     11 130
 3  55  50  53  10  12   0 0.30  0.0    0  1.5 10 320   M    M  10 1      14 340
 4  66  45  56  13   9   0 1.05    M    0  7.5 20 270   M    M   8 1      33 270
 5  59  44  52   9  13   0 0.00  0.0    0  8.6 18 280   M    M   3        27 240
 6  69  38  54  11  11   0 0.00  0.0    0  2.4 10 320   M    M   0        16 320
 7  69  37  53  10  12   0 0.00  0.0    0  2.7 14 180   M    M   0        17 180
 8  66  47  57  14   8   0    T    M    0  6.2 18 310   M    M   4        27 300
 9  56  39  48   5  17   0 0.00  0.0    0 12.8 24 320   M    M   0        35 290
10  45  29  37  -6  28   0 0.00  0.0    0  9.2 18 340   M    M   0        33 320
11  54  27  41  -2  24   0 0.00  0.0    0  4.0 10 130   M    M   0        15 180
12  44  38  41  -2  24   0 0.40    M    0  9.0 17  70   M    M   9 1      22 100
13  47  36  42  -1  23   0 0.10    M    0  5.1 14  60   M    M  10 1      17  50
14  45  39  42  -1  23   0 0.00  0.0    0  8.4 14 340   M    M  10        19 350
15  45  32  39  -4  26   0 0.00  0.0    0  7.7 16 280   M    M   5        24 300
16  53  30  42  -1  23   0 0.00  0.0    0  3.5 12 310   M    M   2 1      16 320
17  47  30  39  -4  26   0 0.13    M    0  1.9  9 320   M    M   6 13     11 320
18  57  44  51   8  14   0 0.00  0.0    0  1.8  7 200   M    M   8 1       9 200
19  63  45  54  11  11   0 0.90    M    0  8.8 20 150   M    M  10 1      28 160
20  53  28  41  -2  24   0    T  0.0    0 14.0 24 320   M    M   6        36 300
21  43  21  32 -11  33   0 0.00  0.0    0  5.6 17 310   M    M   0        24 310
22  45  30  38  -5  27   0 0.00  0.0    0  8.2 15  70   M    M   6        22  70
================================================================================
SM 1204  831       405   0  3.46     0.0 132.3          M      109
================================================================================
AV 54.7 37.8                               6.0 FASTST   M    M   5    MAX(MPH)
                                 MISC ---->  # 24 320               # 36  300
================================================================================
NOTES:
# LAST OF SEVERAL OCCURRENCES

COLUMN 17 PEAK WIND IN M.P.H.

PRELIMINARY LOCAL CLIMATOLOGICAL DATA (WS FORM: F-6) , PAGE 2

                                          STATION:  FULTON COUNTY AIRPORT
                                          MONTH:    JANUARY
                                          YEAR:     2019
                                          LATITUDE:   33 46 N
                                          LONGITUDE:  84 31 W

[TEMPERATURE DATA]      [PRECIPITATION DATA]       SYMBOLS USED IN COLUMN 16

AVERAGE MONTHLY: 46.3   TOTAL FOR MONTH:   3.46    1 = FOG OR MIST
DPTR FM NORMAL:   3.2   DPTR FM NORMAL:    0.79    2 = FOG REDUCING VISIBILITY
HIGHEST:    69 ON  7, 6 GRTST 24HR  1.05 ON  4- 4      TO 1/4 MILE OR LESS
LOWEST:     21 ON 21                               3 = THUNDER
                        SNOW, ICE PELLETS, HAIL    4 = ICE PELLETS
                        TOTAL MONTH:   0.0 INCH    5 = HAIL
                        GRTST 24HR     0.0         6 = FREEZING RAIN OR DRIZZLE
                        GRTST DEPTH:   0           7 = DUSTSTORM OR SANDSTORM:
                                                       VSBY 1/2 MILE OR LESS
                                                   8 = SMOKE OR HAZE
[NO. OF DAYS WITH]      [WEATHER - DAYS WITH]      9 = BLOWING SNOW
                                                   X = TORNADO
MAX 32 OR BELOW:   0    0.01 INCH OR MORE:   8
MAX 90 OR ABOVE:   0    0.10 INCH OR MORE:   8
MIN 32 OR BELOW:   8    0.50 INCH OR MORE:   2
MIN  0 OR BELOW:   0    1.00 INCH OR MORE:   1

[HDD (BASE 65) ]
TOTAL THIS MO.   405    CLEAR  (SCALE 0-3)   8
DPTR FM NORMAL   -79    PTCLDY (SCALE 4-7)   8
TOTAL FM JUL 1  1565    CLOUDY (SCALE 8-10)  6
DPTR FM NORMAL   -56

[CDD (BASE 65) ]
TOTAL THIS MO.     0
DPTR FM NORMAL     0    [PRESSURE DATA]
TOTAL FM JAN 1     0    HIGHEST SLP M ON M
DPTR FM NORMAL     0    LOWEST  SLP 29.53 ON 19

[REMARKS]
