000
CXUS52 KFFC 221110
CF6FTY
PRELIMINARY LOCAL CLIMATOLOGICAL DATA (WS FORM: F-6)

                                          STATION:   FULTON COUNTY AIRPORT
                                          MONTH:     OCTOBER
                                          YEAR:      2019
                                          LATITUDE:   33 46 N
                                          LONGITUDE:  84 31 W

  TEMPERATURE IN F:       :PCPN:    SNOW:  WIND      :SUNSHINE: SKY     :PK WND
================================================================================
1   2   3   4   5  6A  6B    7    8   9   10  11  12  13   14  15   16   17  18
                                     12Z  AVG MX 2MIN
DY MAX MIN AVG DEP HDD CDD  WTR  SNW DPTH SPD SPD DIR MIN PSBL S-S WX    SPD DR
================================================================================

 1  94  70  82  14   0  17 0.00  0.0    0  2.0  7  40   M    M   1 1      11 160
 2  96  69  83  16   0  18 0.00  0.0    0  1.2  9  10   M    M   0 1      12 330
 3  97  70  84  17   0  19 0.00  0.0    0  1.6  9 340   M    M   0        12 340
 4  96  66  81  14   0  16 0.00  0.0    0  3.5 14  20   M    M   0        18  30
 5  83  66  75   9   0  10 0.00  0.0    0 11.5 21  70   M    M   5        27  80
 6  79  63  71   5   0   6 0.00  0.0    0  7.8 14  80   M    M   8        18  70
 7  81  64  73   7   0   8 0.00  0.0    0  3.2 10 350   M    M   5        12  10
 8  83  64  74   9   0   9 0.07  0.0    0  3.1 10  70   M    M   6 1      13  80
 9  77  61  69   4   0   4 0.00  0.0    M  6.9 14  80   M    M   7        18  70
10  78  58  68   4   0   3 0.00  0.0    0  3.4 13  60   M    M   3        17  80
11  80  54  67   3   0   2 0.00  0.0    0  1.2  9 150   M    M   0        13 320
12  80  57  69   5   0   4 0.01  0.0    0  3.6 14 290   M    M   5        16 290
13  65  58  62  -1   3   0 0.26  0.0    0  1.6 14 320   M    M   8 1      15 310
14  78  52  65   2   0   0 0.00  0.0    0  2.0  8 360   M    M   1 1      13 320
15  71  62  67   4   0   2 0.23  0.0    0  3.1  9  80   M    M   9 18     11  80
16  72  51  62   0   3   0 0.48  0.0    0  6.4 20 300   M    M   6 1      30 300
17  67  45  56  -6   9   0 0.00  0.0    0  5.4 16 330   M    M   0        21 330
18  68  41  55  -7  10   0 0.00  0.0    0  3.0 12  80   M    M   0        16  80
19  61  53  57  -4   8   0 1.13  0.0    0 10.7 18  50   M    M   9 1      27  30
20  72  57  65   4   0   0 0.02  0.0    0  4.9 15 300   M    M   7 1      20 310
21  76  52  64   3   1   0    T  0.0    0  4.4 16 160   M    M   4 12     20 150
================================================================================
SM 1654 1233        34 118  2.20     0.0  90.5          M       84
================================================================================
AV 78.8 58.7                               4.3 FASTST   M    M   4    MAX(MPH)
                                 MISC ---->  # 21  70               # 30  300
================================================================================
NOTES:
# LAST OF SEVERAL OCCURRENCES

COLUMN 17 PEAK WIND IN M.P.H.

PRELIMINARY LOCAL CLIMATOLOGICAL DATA (WS FORM: F-6) , PAGE 2

                                          STATION:  FULTON COUNTY AIRPORT
                                          MONTH:    OCTOBER
                                          YEAR:     2019
                                          LATITUDE:   33 46 N
                                          LONGITUDE:  84 31 W

[TEMPERATURE DATA]      [PRECIPITATION DATA]       SYMBOLS USED IN COLUMN 16

AVERAGE MONTHLY: 68.7   TOTAL FOR MONTH:   2.20    1 = FOG OR MIST
DPTR FM NORMAL:   4.6   DPTR FM NORMAL:   -0.40    2 = FOG REDUCING VISIBILITY
HIGHEST:    97 ON  3    GRTST 24HR  1.13 ON 19-19      TO 1/4 MILE OR LESS
LOWEST:     41 ON 18                               3 = THUNDER
                        SNOW, ICE PELLETS, HAIL    4 = ICE PELLETS
                        TOTAL MONTH:   0.0 INCH    5 = HAIL
                        GRTST 24HR     0.0         6 = FREEZING RAIN OR DRIZZLE
                        GRTST DEPTH:   0           7 = DUSTSTORM OR SANDSTORM:
                                                       VSBY 1/2 MILE OR LESS
                                                   8 = SMOKE OR HAZE
[NO. OF DAYS WITH]      [WEATHER - DAYS WITH]      9 = BLOWING SNOW
                                                   X = TORNADO
MAX 32 OR BELOW:   0    0.01 INCH OR MORE:   7
MAX 90 OR ABOVE:   4    0.10 INCH OR MORE:   4
MIN 32 OR BELOW:   0    0.50 INCH OR MORE:   1
MIN  0 OR BELOW:   0    1.00 INCH OR MORE:   1

[HDD (BASE 65) ]
TOTAL THIS MO.    34    CLEAR  (SCALE 0-3)   9
DPTR FM NORMAL   -31    PTCLDY (SCALE 4-7)  10
TOTAL FM JUL 1    34    CLOUDY (SCALE 8-10)  2
DPTR FM NORMAL   -41

[CDD (BASE 65) ]
TOTAL THIS MO.   118
DPTR FM NORMAL    72    [PRESSURE DATA]
TOTAL FM JAN 1  2276    HIGHEST SLP M ON M
DPTR FM NORMAL   549    LOWEST  SLP 29.71 ON 20

[REMARKS]
