250
CXUS51 KCAR 230600
CF6FVE
PRELIMINARY LOCAL CLIMATOLOGICAL DATA (WS FORM: F-6)

                                          STATION:   FRENCHVILLE ME
                                          MONTH:     OCTOBER
                                          YEAR:      2018
                                          LATITUDE:   47 16 N
                                          LONGITUDE:  68 19 W

  TEMPERATURE IN F:       :PCPN:    SNOW:  WIND      :SUNSHINE: SKY     :PK WND
================================================================================
1   2   3   4   5  6A  6B    7    8   9   10  11  12  13   14  15   16   17  18
                                     12Z  AVG MX 2MIN
DY MAX MIN AVG DEP HDD CDD  WTR  SNW DPTH SPD SPD DIR MIN PSBL S-S WX    SPD DR
================================================================================

 1  57  37  47   0  18   0 0.00    M    M  7.1 16 340   M    M   3        20 330
 2  54  36  45  -2  20   0 0.02    M    M  6.6 14 170   M    M   9 1      20 150
 3  56  46  51   4  14   0 0.00    M    M  4.7 10  30   M    M  10 1      15  20
 4  60  41  51   5  14   0 0.01    M    M 13.6 30 330   M    M   9 1      38 330
 5  51  33  42  -4  23   0 0.00    M    M  9.3 21 330   M    M   1        24 330
 6  50  33  42  -3  23   0 0.08    M    M  4.3 12 130   M    M   7 1      14 130
 7  46  34  40  -5  25   0    T    M    M  7.6 17 350   M    M   8 12     23 350
 8  50  34  42  -3  23   0 0.08    M    M  5.1 14 160   M    M   7 1      18 160
 9  69  43  56  12   9   0 0.27    M    M  8.0 18 280   M    M  10 128    25 280
10  50  39  45   1  20   0 0.12    M    M  7.1 14 330   M    M  10 1      17 330
11  40  37  39  -5  26   0 1.10    M    M 10.0 17 100   M    M   8 18     26 110
12  52  39  46   3  19   0 0.04    M    M  7.1 18 330   M    M  10 12     25 310
13  43  34  39  -4  26   0    T    M    M  7.5 15 270   M    M   8        19 280
14  49  35  42   0  23   0    T    M    M 10.7 22 280   M    M   5        28 300
15  59  38  49   7  16   0 0.26    M    M 11.5 22 180   M    M   7 1      32 170
16  53  34  44   2  21   0    T    M    M 15.7 31 280   0    0   0        46 270
17  46  33  40  -2  25   0 0.19    M    M  9.5 20 250   M    M   9 1      27 290
18  39  27  33  -8  32   0    T    M    M 18.4 33 300   M    M   5 8      45 320
19  41  23  32  -9  33   0    T    M    M  9.5 17 150   M    M   7        23 160
20  58  37  48   8  17   0 0.01    M    M 13.6 32 230   M    M   6        44 240
21  38  29  34  -6  31   0    T    M    M 12.8 23 300   M    M   7        36 300
22   M   M   M   M   M   M    M    M    M   M   M   M   M    M   M         M  M
================================================================================
SM 1061  742       458   0  2.18    M    199.7            0    146
================================================================================
AV 50.5 35.3                               9.5 FASTST    0   0   7    MAX(MPH)
                                 MISC ---->  # 33 300               # 46  270
================================================================================
NOTES:
# LAST OF SEVERAL OCCURRENCES

COLUMN 17 PEAK WIND IN M.P.H.

PRELIMINARY LOCAL CLIMATOLOGICAL DATA (WS FORM: F-6) , PAGE 2

                                          STATION:  FRENCHVILLE ME
                                          MONTH:    OCTOBER
                                          YEAR:     2018
                                          LATITUDE:   47 16 N
                                          LONGITUDE:  68 19 W

[TEMPERATURE DATA]      [PRECIPITATION DATA]       SYMBOLS USED IN COLUMN 16

AVERAGE MONTHLY: 42.9   TOTAL FOR MONTH:   2.18    1 = FOG OR MIST
DPTR FM NORMAL:  -0.5   DPTR FM NORMAL:    0.34    2 = FOG REDUCING VISIBILITY
HIGHEST:    69 ON  9    GRTST 24HR  1.10 ON 11-11      TO 1/4 MILE OR LESS
LOWEST:     23 ON 19                               3 = THUNDER
                        SNOW, ICE PELLETS, HAIL    4 = ICE PELLETS
                        TOTAL MONTH:    M          5 = HAIL
                        GRTST 24HR    M  ON   M    6 = FREEZING RAIN OR DRIZZLE
                        GRTST DEPTH:  M  ON   M    7 = DUSTSTORM OR SANDSTORM:
                                                       VSBY 1/2 MILE OR LESS
                                                   8 = SMOKE OR HAZE
[NO. OF DAYS WITH]      [WEATHER - DAYS WITH]      9 = BLOWING SNOW
                                                   X = TORNADO
MAX 32 OR BELOW:   0    0.01 INCH OR MORE:  11
MAX 90 OR ABOVE:   0    0.10 INCH OR MORE:   5
MIN 32 OR BELOW:   3    0.50 INCH OR MORE:   1
MIN  0 OR BELOW:   0    1.00 INCH OR MORE:   1

[HDD (BASE 65) ]
TOTAL THIS MO.   458    CLEAR  (SCALE 0-3)   3
DPTR FM NORMAL   -15    PTCLDY (SCALE 4-7)  10
TOTAL FM JUL 1   739    CLOUDY (SCALE 8-10)  8
DPTR FM NORMAL  -278

[CDD (BASE 65) ]
TOTAL THIS MO.     0
DPTR FM NORMAL     0    [PRESSURE DATA]
TOTAL FM JAN 1   460    HIGHEST SLP  0.00 ON 16
DPTR FM NORMAL   326    LOWEST  SLP  0.00 ON 16

[REMARKS]
