000
CXUS51 KCAR 180600
CF6FVE
PRELIMINARY LOCAL CLIMATOLOGICAL DATA (WS FORM: F-6)

                                          STATION:   FRENCHVILLE ME
                                          MONTH:     FEBRUARY
                                          YEAR:      2019
                                          LATITUDE:   47 16 N
                                          LONGITUDE:  68 19 W

  TEMPERATURE IN F:       :PCPN:    SNOW:  WIND      :SUNSHINE: SKY     :PK WND
================================================================================
1   2   3   4   5  6A  6B    7    8   9   10  11  12  13   14  15   16   17  18
                                     12Z  AVG MX 2MIN
DY MAX MIN AVG DEP HDD CDD  WTR  SNW DPTH SPD SPD DIR MIN PSBL S-S WX    SPD DR
================================================================================

 1   6  -6   0  -9  65   0 0.00    M    M 16.3 25 250   M    M   4 8      34 250
 2  12  -3   5  -4  60   0    T    M    M 10.3 18 250   M    M   5 8      22 230
 3  15  -2   7  -3  58   0 0.00    M    M  7.4 14 300   M    M   4        18 290
 4  27  15  21  11  44   0 0.02    M    M  6.2 15 150   M    M   9 18     20 160
 5  41  16  29  19  36   0 0.10    M    M 13.0 31 320   M    M  10 1268   40 320
 6  21  11  16   6  49   0    T    M    M  9.8 24 330   M    M   6        30 330
 7  25  17  21  11  44   0 0.08    M    M  8.1 15 130   M    M  10 18     19 130
 8  37  20  29  18  36   0 0.04    M    M 17.1 36 260   M    M  10 168    47 260
 9  20   3  12   1  53   0    T    M    M 23.9 39 290   M    M   6 8      53 290
10  14   5  10  -1  55   0 0.00    M    M 16.1 28 290   M    M   1        36 280
11  10  -1   5  -7  60   0 0.00    M    M 19.0 28 320   M    M   1        36 300
12  16  -1   8  -4  57   0 0.00    M    M  8.8 21 330   M    M   0        25 330
13  17  10  14   2  51   0 0.17    M    M 10.1 22  80   M    M  10 8      30  80
14  20   6  13   0  52   0    T    M    M  9.2 18 300   M    M   8 8      25 340
15  28   8  18   5  47   0 0.13    M    M 11.0 23 140   M    M   8 18     33 150
16  31  12  22   9  43   0 0.02    M    M 11.8 24 320   M    M   7 18     32 320
17  15   1   8  -6  57   0 0.00    M    M 11.8 24 330   M    M   1        31 340
================================================================================
SM  355  111       867   0  0.56    M    209.9          M      100
================================================================================
AV 20.9  6.5                              12.3 FASTST   M    M   6    MAX(MPH)
                                 MISC ---->  # 39 290               # 53  290
================================================================================
NOTES:
# LAST OF SEVERAL OCCURRENCES

COLUMN 17 PEAK WIND IN M.P.H.

PRELIMINARY LOCAL CLIMATOLOGICAL DATA (WS FORM: F-6) , PAGE 2

                                          STATION:  FRENCHVILLE ME
                                          MONTH:    FEBRUARY
                                          YEAR:     2019
                                          LATITUDE:   47 16 N
                                          LONGITUDE:  68 19 W

[TEMPERATURE DATA]      [PRECIPITATION DATA]       SYMBOLS USED IN COLUMN 16

AVERAGE MONTHLY: 13.7   TOTAL FOR MONTH:   0.56    1 = FOG OR MIST
DPTR FM NORMAL:   2.5   DPTR FM NORMAL:    0.18    2 = FOG REDUCING VISIBILITY
HIGHEST:    41 ON  5    GRTST 24HR  0.17 ON 13-13      TO 1/4 MILE OR LESS
LOWEST:     -6 ON  1                               3 = THUNDER
                        SNOW, ICE PELLETS, HAIL    4 = ICE PELLETS
                        TOTAL MONTH:    M          5 = HAIL
                        GRTST 24HR    M  ON   M    6 = FREEZING RAIN OR DRIZZLE
                        GRTST DEPTH:  M  ON   M    7 = DUSTSTORM OR SANDSTORM:
                                                       VSBY 1/2 MILE OR LESS
                                                   8 = SMOKE OR HAZE
[NO. OF DAYS WITH]      [WEATHER - DAYS WITH]      9 = BLOWING SNOW
                                                   X = TORNADO
MAX 32 OR BELOW:  15    0.01 INCH OR MORE:   7
MAX 90 OR ABOVE:   0    0.10 INCH OR MORE:   3
MIN 32 OR BELOW:  17    0.50 INCH OR MORE:   0
MIN  0 OR BELOW:   5    1.00 INCH OR MORE:   0

[HDD (BASE 65) ]
TOTAL THIS MO.   867    CLEAR  (SCALE 0-3)   4
DPTR FM NORMAL   -47    PTCLDY (SCALE 4-7)   7
TOTAL FM JUL 1  6174    CLOUDY (SCALE 8-10)  6
DPTR FM NORMAL  -284

[CDD (BASE 65) ]
TOTAL THIS MO.     0
DPTR FM NORMAL     0    [PRESSURE DATA]
TOTAL FM JAN 1     0    HIGHEST SLP M ON M
DPTR FM NORMAL     0    LOWEST  SLP 29.46 ON  8

[REMARKS]
