296
CXUS51 KCAR 220600
CF6FVE
PRELIMINARY LOCAL CLIMATOLOGICAL DATA (WS FORM: F-6)

                                          STATION:   FRENCHVILLE ME
                                          MONTH:     OCTOBER
                                          YEAR:      2019
                                          LATITUDE:   47 16 N
                                          LONGITUDE:  68 19 W

  TEMPERATURE IN F:       :PCPN:    SNOW:  WIND      :SUNSHINE: SKY     :PK WND
================================================================================
1   2   3   4   5  6A  6B    7    8   9   10  11  12  13   14  15   16   17  18
                                     12Z  AVG MX 2MIN
DY MAX MIN AVG DEP HDD CDD  WTR  SNW DPTH SPD SPD DIR MIN PSBL S-S WX    SPD DR
================================================================================

 1  48  39  44  -3  21   0 0.08    M    M  7.3 20 160   M    M  10 12     26 160
 2  46  36  41  -6  24   0    T    M    M 11.9 22 340   M    M  10        31 350
 3  48  29  39  -8  26   0 0.00    M    M  7.4 18 320   M    M   2        27 330
 4  45  35  40  -6  25   0 0.01    M    M 10.8 25 340   M    M   9        35 310
 5  54  35  45  -1  20   0 0.00    M    M 11.8 29 320   M    M   1        35 320
 6  53  31  42  -3  23   0    T    M    M  9.2 17 180   M    M   6 12     24 180
 7  54  48  51   6  14   0 0.31    M    M  6.5 12 250   M    M   9 1      15 190
 8  59  40  50   5  15   0 0.00    M    M  9.4 18 290   M    M   4 1      24 280
 9  59  31  45   1  20   0 0.00    M    M  3.4  8 330   M    M   0 12      9 180
10  61  30  46   2  19   0 0.00    M    M  4.2  9  10   M    M   0        10 360
11  62  36  49   5  16   0 0.00    M    M  5.5 14  60   M    M   1        20  40
12  57  46  52   9  13   0 0.00    M    M  8.2 17 100   M    M  10        23  80
13  56  42  49   6  16   0    T    M    M  2.1  8 280   M    M   7 12     10 270
14  60  33  47   5  18   0 0.05    M    M  8.7 22 230   M    M   5 12     30 250
15  53  38  46   4  19   0    T    M    M  8.9 17 250   M    M   2        23 270
16  56  35  46   4  19   0 0.00    M    M  7.6 14 140   M    M   0        19 140
17  47  42  45   3  20   0 0.34    M    M 15.9 32  50   M    M   9 1      48  60
18  44  36  40  -1  25   0 0.01    M    M 14.1 23 330   M    M   8 1      32 310
19  47  35  41   0  24   0    T  0.0    0 13.3 23 320   M    M   7        33 340
20  55  32  44   4  21   0 0.00    M    M  4.2 10 280   M    M   0        13 330
21  58  38  48   8  17   0 0.00    M    M  4.9 16 330   M    M   3        23 350
================================================================================
SM 1122  767       415   0  0.80     0.0 175.3          M      103
================================================================================
AV 53.4 36.5                               8.3 FASTST   M    M   5    MAX(MPH)
                                 MISC ---->  # 32  50               # 48   60
================================================================================
NOTES:
# LAST OF SEVERAL OCCURRENCES

COLUMN 17 PEAK WIND IN M.P.H.

PRELIMINARY LOCAL CLIMATOLOGICAL DATA (WS FORM: F-6) , PAGE 2

                                          STATION:  FRENCHVILLE ME
                                          MONTH:    OCTOBER
                                          YEAR:     2019
                                          LATITUDE:   47 16 N
                                          LONGITUDE:  68 19 W

[TEMPERATURE DATA]      [PRECIPITATION DATA]       SYMBOLS USED IN COLUMN 16

AVERAGE MONTHLY: 45.0   TOTAL FOR MONTH:   0.80    1 = FOG OR MIST
DPTR FM NORMAL:   1.4   DPTR FM NORMAL:   -0.96    2 = FOG REDUCING VISIBILITY
HIGHEST:    62 ON 11    GRTST 24HR  0.34 ON 17-17      TO 1/4 MILE OR LESS
LOWEST:     29 ON  3                               3 = THUNDER
                        SNOW, ICE PELLETS, HAIL    4 = ICE PELLETS
                        TOTAL MONTH:   0.0 INCH    5 = HAIL
                        GRTST 24HR     0.0         6 = FREEZING RAIN OR DRIZZLE
                        GRTST DEPTH:   0           7 = DUSTSTORM OR SANDSTORM:
                                                       VSBY 1/2 MILE OR LESS
                                                   8 = SMOKE OR HAZE
[NO. OF DAYS WITH]      [WEATHER - DAYS WITH]      9 = BLOWING SNOW
                                                   X = TORNADO
MAX 32 OR BELOW:   0    0.01 INCH OR MORE:   6
MAX 90 OR ABOVE:   0    0.10 INCH OR MORE:   2
MIN 32 OR BELOW:   5    0.50 INCH OR MORE:   0
MIN  0 OR BELOW:   0    1.00 INCH OR MORE:   0

[HDD (BASE 65) ]
TOTAL THIS MO.   415    CLEAR  (SCALE 0-3)   9
DPTR FM NORMAL   -33    PTCLDY (SCALE 4-7)   6
TOTAL FM JUL 1   924    CLOUDY (SCALE 8-10)  6
DPTR FM NORMAL   -68

[CDD (BASE 65) ]
TOTAL THIS MO.     0
DPTR FM NORMAL     0    [PRESSURE DATA]
TOTAL FM JAN 1   159    HIGHEST SLP M ON M
DPTR FM NORMAL    25    LOWEST  SLP 29.12 ON 17

[REMARKS]
