000
CXUS54 KOUN 260810
CF6GAG
PRELIMINARY LOCAL CLIMATOLOGICAL DATA (WS FORM: F-6)

                                          STATION:   GAGE
                                          MONTH:     OCTOBER
                                          YEAR:      2020
                                          LATITUDE:   36 17 N
                                          LONGITUDE:  99 46 W

  TEMPERATURE IN F:       :PCPN:    SNOW:  WIND      :SUNSHINE: SKY     :PK WND
================================================================================
1   2   3   4   5  6A  6B    7    8   9   10  11  12  13   14  15   16   17  18
                                     12Z  AVG MX 2MIN
DY MAX MIN AVG DEP HDD CDD  WTR  SNW DPTH SPD SPD DIR MIN PSBL S-S WX    SPD DR
================================================================================

 1  73  41  57  -7   8   0 0.00    M    M  6.4 22  30   M    M   0 8      27  20
 2  77  38  58  -6   7   0 0.00    M    M 10.9 25 190   M    M   0        32 200
 3  73  41  57  -6   8   0    T    M    M  8.6 22 360   M    M   0        28  40
 4  79  37  58  -5   7   0 0.00    M    M  9.5 20 170   M    M   0        26 180
 5  86  54  70   8   0   5 0.00    M    M 18.4 30 190   M    M   0        37 180
 6  90  47  69   7   0   4 0.00    M    M  6.2 13  40   M    M   0        19  50
 7  96  47  72  10   0   7 0.00  0.0    M  7.0 15 150   M    M   0 8      19 150
 8  92  58  75  14   0  10 0.00    M    M 13.5 23 190   M    M   0        29 210
 9  92  63  78  17   0  13 0.00    M    M 16.5 26 180   M    M   0        34 190
10  93  50  72  12   0   7 0.00    M    M  7.3 14 160   M    M   0 1      19 160
11 100  61  81  21   0  16 0.00    M    M 18.3 33 350   M    M   4 8      46 360
12  76  44  60   0   5   0 0.00    M    M 10.3 26 360   M    M   1 8      37  10
13  86  54  70  11   0   5 0.00  0.0    0 12.1 18 210   M    M   0 8      23 190
14  96  53  75  16   0  10 0.00  0.0    0 13.7 26  20   M    M   0        37  30
15  67  36  52  -7  13   0 0.00  0.0    0 11.6 24  30   M    M   0        32  30
16  68  34  51  -7  14   0 0.00  0.0    0 13.2 26 200   M    M   2        33 190
17  80  52  66   8   0   1 0.00  0.0    0 14.9 31 180   M    M   0        39 190
18  61  39  50  -8  15   0 0.00  0.0    0 14.0 28  20   M    M   8 18     35  10
19  62  37  50  -7  15   0 0.00    M    M  4.8 12  40   M    M   5        13  40
20  68  37  53  -4  12   0 0.00    M    M  8.2 18 190   M    M   5 1      22 200
21  84  50  67  10   0   2 0.00    M    M    M 29 170   M    M   M 1      37 170
22   M   M   M   M   M   M    M    M    M    M  M   M   M    M   M         M   M
23  52  30  41 -15  24   0    T    M    M 16.1 28  10   M    M   M 1      37 360
24   M   M   M   M   M   M    M    M    M    M  M   M   M    M   M         M   M
25   M   M   M   M   M   M    M    M    M    M  M   M   M    M   M 1       M   M
================================================================================
SM 1751 1003       128  80     T  0.0    241.5          M       25
================================================================================
AV 79.6 45.6                              11.5 FASTST   M    M   1    MAX(MPH)
                                 MISC ---->    33 350                 46 360
================================================================================
NOTES:
# LAST OF SEVERAL OCCURRENCES

COLUMN 17 PEAK WIND IN M.P.H.

PRELIMINARY LOCAL CLIMATOLOGICAL DATA (WS FORM: F-6) , PAGE 2

                                          STATION:   GAGE
                                          MONTH:     OCTOBER
                                          YEAR:      2020
                                          LATITUDE:   36 17 N
                                          LONGITUDE:  99 46 W

[TEMPERATURE DATA]      [PRECIPITATION DATA]       SYMBOLS USED IN COLUMN 16

AVERAGE MONTHLY: 62.6   TOTAL FOR MONTH:      T    1 = FOG OR MIST
DPTR FM NORMAL:   3.1   DPTR FM NORMAL:   -1.69    2 = FOG REDUCING VISIBILITY
HIGHEST:   100 ON 11    GRTST 24HR     T ON  3- 3      TO 1/4 MILE OR LESS
LOWEST:     30 ON 23                               3 = THUNDER
                        SNOW, ICE PELLETS, HAIL    4 = ICE PELLETS
                        TOTAL MONTH:   0.0 INCH    5 = HAIL
                        GRTST 24HR  0.0            6 = FREEZING RAIN OR DRIZZLE
                        GRTST DEPTH:  0            7 = DUSTSTORM OR SANDSTORM:
                                                       VSBY 1/2 MILE OR LESS
                                                   8 = SMOKE OR HAZE
[NO. OF DAYS WITH]      [WEATHER - DAYS WITH]      9 = BLOWING SNOW
                                                   X = TORNADO
MAX 32 OR BELOW:   0    0.01 INCH OR MORE:   0
MAX 90 OR ABOVE:   7    0.10 INCH OR MORE:   0
MIN 32 OR BELOW:   1    0.50 INCH OR MORE:   0
MIN  0 OR BELOW:   0    1.00 INCH OR MORE:   0

[HDD (BASE 65) ]
TOTAL THIS MO.   128    CLEAR  (SCALE 0-3)  16
DPTR FM NORMAL   -46    PTCLDY (SCALE 4-7)   3
TOTAL FM JUL 1   179    CLOUDY (SCALE 8-10)  6
DPTR FM NORMAL   -40

[CDD (BASE 65) ]
TOTAL THIS MO.    80
DPTR FM NORMAL    45    [PRESSURE DATA]
TOTAL FM JAN 1  1944    HIGHEST SLP M ON M
DPTR FM NORMAL   317    LOWEST  SLP 29.48 ON 11

[REMARKS]
