000
CXUS54 KOUN 190700
CF6GAG
PRELIMINARY LOCAL CLIMATOLOGICAL DATA (WS FORM: F-6)

                                          STATION:   GAGE
                                          MONTH:     JUNE
                                          YEAR:      2018
                                          LATITUDE:   36 17 N
                                          LONGITUDE:  99 46 W

  TEMPERATURE IN F:       :PCPN:    SNOW:  WIND      :SUNSHINE: SKY     :PK WND
================================================================================
1   2   3   4   5  6A  6B    7    8   9   10  11  12  13   14  15   16   17  18
                                     12Z  AVG MX 2MIN
DY MAX MIN AVG DEP HDD CDD  WTR  SNW DPTH SPD SPD DIR MIN PSBL S-S WX    SPD DR
================================================================================

 1 100  73  87  16   0  22 0.00  0.0    0 18.2 30 170   M    M   0        36 170
 2  88  56  72   1   0   7 0.00  0.0    0 16.4 32 360   M    M   1        40 360
 3  85  51  68  -4   0   3 0.00  0.0    0  5.8 14 250   M    M   0        17 130
 4  88  60  74   2   0   9    T  0.0    0 14.2 24 160   M    M   1        31 140
 5  95  67  81   9   0  16 0.00  0.0    0  8.9 18 140   M    M   1 18     24 140
 6  97  68  83  11   0  18 0.00  0.0    0 13.2 24 150   M    M   1 18     29 150
 7  87  68  78   5   0  13 0.00  0.0    0 13.8 29 130   M    M   2        37 130
 8  95  66  81   8   0  16 0.00  0.0    0 11.8 25 170   M    M   0        30 150
 9  99  75  87  14   0  22 0.00  0.0    0 17.4 31 200   M    M   0        35 170
10 100  75  88  14   0  23 0.00  0.0    0 20.9 32 190   M    M   0        40 190
11 101  73  87  13   0  22 0.00  0.0    0 11.9 26 200   M    M   0        34 180
12 101  66  84  10   0  19 0.05  0.0    0 11.5 29 160   M    M   0 3      37 140
13  95  70  83   9   0  18 0.00  0.0    0 11.6 33 260   M    M   0 3      42 260
14  98  73  86  11   0  21 0.00  0.0    0 18.3 30 180   M    M   0        39 170
15  98  75  87  12   0  22 0.00  0.0    0 22.2 33 200   M    M   0        41 180
16  96  70  83   8   0  18 0.12  0.0    0 20.3 31 170   M    M   1 1      38 170
17  96  70  83   7   0  18 0.10  0.0    0 14.8 31 170   M    M   2 1      38 180
18  97  75  86  10   0  21 0.00  0.0    0 17.6 26 180   M    M   1 3      32 180
================================================================================
SM 1716 1231         0 308  0.27     0.0 268.8          M       10
================================================================================
AV 95.3 68.4                              14.9 FASTST   M    M   1    MAX(MPH)
                                 MISC ---->  # 33 260               # 42  260
================================================================================
NOTES:
# LAST OF SEVERAL OCCURRENCES

COLUMN 17 PEAK WIND IN M.P.H.

PRELIMINARY LOCAL CLIMATOLOGICAL DATA (WS FORM: F-6) , PAGE 2

                                          STATION:  GAGE
                                          MONTH:    JUNE
                                          YEAR:     2018
                                          LATITUDE:   36 17 N
                                          LONGITUDE:  99 46 W

[TEMPERATURE DATA]      [PRECIPITATION DATA]       SYMBOLS USED IN COLUMN 16

AVERAGE MONTHLY: 81.9   TOTAL FOR MONTH:   0.27    1 = FOG OR MIST
DPTR FM NORMAL:   8.4   DPTR FM NORMAL:   -2.02    2 = FOG REDUCING VISIBILITY
HIGHEST:   101 ON 12,11 GRTST 24HR  0.64 ON 31- 1      TO 1/4 MILE OR LESS
LOWEST:     51 ON  3                               3 = THUNDER
                        SNOW, ICE PELLETS, HAIL    4 = ICE PELLETS
                        TOTAL MONTH:   0.0 INCH    5 = HAIL
                        GRTST 24HR     0.0         6 = FREEZING RAIN OR DRIZZLE
                        GRTST DEPTH:   0           7 = DUSTSTORM OR SANDSTORM:
                                                       VSBY 1/2 MILE OR LESS
                                                   8 = SMOKE OR HAZE
[NO. OF DAYS WITH]      [WEATHER - DAYS WITH]      9 = BLOWING SNOW
                                                   X = TORNADO
MAX 32 OR BELOW:   0    0.01 INCH OR MORE:   3
MAX 90 OR ABOVE:  14    0.10 INCH OR MORE:   2
MIN 32 OR BELOW:   0    0.50 INCH OR MORE:   0
MIN  0 OR BELOW:   0    1.00 INCH OR MORE:   0

[HDD (BASE 65) ]
TOTAL THIS MO.     0    CLEAR  (SCALE 0-3)  18
DPTR FM NORMAL    -5    PTCLDY (SCALE 4-7)   0
TOTAL FM JUL 1  3934    CLOUDY (SCALE 8-10)  0
DPTR FM NORMAL  -456

[CDD (BASE 65) ]
TOTAL THIS MO.   308
DPTR FM NORMAL   148    [PRESSURE DATA]
TOTAL FM JAN 1   717    HIGHEST SLP M ON M
DPTR FM NORMAL   399    LOWEST  SLP 29.67 ON 11

[REMARKS]
