000
CXUS54 KOUN 160700
CF6GAG
PRELIMINARY LOCAL CLIMATOLOGICAL DATA (WS FORM: F-6)

                                          STATION:   GAGE
                                          MONTH:     DECEMBER
                                          YEAR:      2018
                                          LATITUDE:   36 17 N
                                          LONGITUDE:  99 46 W

  TEMPERATURE IN F:       :PCPN:    SNOW:  WIND      :SUNSHINE: SKY     :PK WND
================================================================================
1   2   3   4   5  6A  6B    7    8   9   10  11  12  13   14  15   16   17  18
                                     12Z  AVG MX 2MIN
DY MAX MIN AVG DEP HDD CDD  WTR  SNW DPTH SPD SPD DIR MIN PSBL S-S WX    SPD DR
================================================================================

 1  61  32  47   9  18   0 0.00  0.0    0 18.3 38 300   M    M   3 128    47 300
 2  50  25  38   0  27   0 0.00  0.0    0  8.4 20 340   M    M   3        24 320
 3  40  14  27 -11  38   0 0.00  0.0    0  5.3 14  30   M    M   6 1      18  30
 4  39  13  26 -11  39   0 0.00  0.0    0  3.5 12 220   M    M   4 18     14 200
 5  54  14  34  -3  31   0 0.00  0.0    0 13.8 29 190   M    M   0 1      37 180
 6  42  31  37   0  28   0 0.00  0.0    0 14.8 25  20   M    M   7 18     34  10
 7  35  29  32  -4  33   0 0.00  0.0    0  7.2 10  50   M    M  10 8      13  70
 8  43  18  31  -5  34   0 0.00  0.0    0  6.9 14  10   M    M   4 8      18  20
 9  53  15  34  -2  31   0 0.00  0.0    0  5.7 10 250   M    M   3 8      14 330
10  54  17  36   0  29   0 0.00  0.0    0  6.9 13 180   M    M   0 8      17 340
11  62  30  46  11  19   0 0.00  0.0    0 13.8 31 210   M    M   0 8      37 220
12  58  19  39   4  26   0 0.00  0.0    0  5.9 16 170   M    M   0 128    19 190
13  46  33  40   5  25   0 0.00  0.0    0 24.2 37 360   M    M   6 128    48 360
14  54  22  38   3  27   0 0.00  0.0    0 12.4 23 360   M    M   0        30 360
15  64  13  39   4  26   0 0.00  0.0    0  8.0 21 180   M    M   0        27 170
================================================================================
SM  755  325       431   0  0.00     0.0 155.1          M       46
================================================================================
AV 50.3 21.7                              10.3 FASTST   M    M   3    MAX(MPH)
                                 MISC ---->  # 38 300               # 48  360
================================================================================
NOTES:
# LAST OF SEVERAL OCCURRENCES

COLUMN 17 PEAK WIND IN M.P.H.

PRELIMINARY LOCAL CLIMATOLOGICAL DATA (WS FORM: F-6) , PAGE 2

                                          STATION:  GAGE
                                          MONTH:    DECEMBER
                                          YEAR:     2018
                                          LATITUDE:   36 17 N
                                          LONGITUDE:  99 46 W

[TEMPERATURE DATA]      [PRECIPITATION DATA]       SYMBOLS USED IN COLUMN 16

AVERAGE MONTHLY: 36.0   TOTAL FOR MONTH:   0.00    1 = FOG OR MIST
DPTR FM NORMAL:  -0.3   DPTR FM NORMAL:   -0.44    2 = FOG REDUCING VISIBILITY
HIGHEST:    64 ON 15    GRTST 24HR  0.01 ON 30- 1      TO 1/4 MILE OR LESS
LOWEST:     13 ON 15, 4                            3 = THUNDER
                        SNOW, ICE PELLETS, HAIL    4 = ICE PELLETS
                        TOTAL MONTH:   0.0 INCH    5 = HAIL
                        GRTST 24HR     0.0         6 = FREEZING RAIN OR DRIZZLE
                        GRTST DEPTH:   0           7 = DUSTSTORM OR SANDSTORM:
                                                       VSBY 1/2 MILE OR LESS
                                                   8 = SMOKE OR HAZE
[NO. OF DAYS WITH]      [WEATHER - DAYS WITH]      9 = BLOWING SNOW
                                                   X = TORNADO
MAX 32 OR BELOW:   0    0.01 INCH OR MORE:   0
MAX 90 OR ABOVE:   0    0.10 INCH OR MORE:   0
MIN 32 OR BELOW:  14    0.50 INCH OR MORE:   0
MIN  0 OR BELOW:   0    1.00 INCH OR MORE:   0

[HDD (BASE 65) ]
TOTAL THIS MO.   431    CLEAR  (SCALE 0-3)   8
DPTR FM NORMAL     0    PTCLDY (SCALE 4-7)   6
TOTAL FM JUL 1  1385    CLOUDY (SCALE 8-10)  1
DPTR FM NORMAL    84

[CDD (BASE 65) ]
TOTAL THIS MO.     0
DPTR FM NORMAL     0    [PRESSURE DATA]
TOTAL FM JAN 1  2166    HIGHEST SLP M ON M
DPTR FM NORMAL   534    LOWEST  SLP 29.28 ON  1

[REMARKS]
