000
CXUS53 KUNR 180945
CF6GCC
PRELIMINARY LOCAL CLIMATOLOGICAL DATA (WS FORM: F-6)

                                          STATION:   GILLETTE AIRPORT WY
                                          MONTH:     FEBRUARY
                                          YEAR:      2020
                                          LATITUDE:   44 20 N
                                          LONGITUDE: 105 32 W

  TEMPERATURE IN F:       :PCPN:    SNOW:  WIND      :SUNSHINE: SKY     :PK WND
================================================================================
1   2   3   4   5  6A  6B    7    8   9   10  11  12  13   14  15   16   17  18
                                     12Z  AVG MX 2MIN
DY MAX MIN AVG DEP HDD CDD  WTR  SNW DPTH SPD SPD DIR MIN PSBL S-S WX    SPD DR
================================================================================

 1  49  40  45  19  20   0 0.00    M    M 23.9 35 220   M    M   0        46 230
 2  47  20  34   8  31   0 0.10    M    M 13.2 29 230   M    M   5 1      37 230
 3  20  13  17  -9  48   0 0.20    M    M  8.3 21  30   M    M  10 128    28  20
 4  16  -6   5 -21  60   0 0.01    M    M 10.0 22 160   M    M   3 1      27 180
 5  25 -13   6 -20  59   0 0.00    M    M 12.2 23 230   M    M   5        27 230
 6  32  20  26   0  39   0 0.04    M    M 17.2 28 300   M    M   7 18     36 300
 7  31  13  22  -4  43   0 0.01    M    M  9.1 16 310   M    M   8 18     21 320
 8  40  19  30   4  35   0    T    M    M 19.5 33 310   M    M   7 1      40 310
 9  26  19  23  -3  42   0 0.03    M    M 13.7 24 360   M    M   7 18     30 350
10  28  13  21  -5  44   0 0.01    M    M 14.3 28 320   M    M   5 1      38 320
11  30  13  22  -4  43   0 0.02    M    M 16.2 24 220   M    M   3 1      31 210
12  30   5  18  -9  47   0 0.06    M    M 13.0 26 360   M    M  10 18     33 310
13  28   0  14 -13  51   0 0.01    M    M 13.9 29 170   M    M   2 1      35 170
14  40  19  30   3  35   0 0.00    M    M 21.4 41 220   M    M   3 8      52 220
15  34  17  26  -1  39   0 0.00    M    M 10.2 18 230   M    M   2        22 220
16  41  26  34   7  31   0 0.04    M    M 11.9 22 210   M    M   5 1      28 210
17  31  17  24  -4  41   0 0.01    M    M  9.4 17 330   M    M   6 1      23 330
================================================================================
SM  548  235       708   0  0.54    M    237.4          M       88
================================================================================
AV 32.2 13.8                              14.0 FASTST   M    M   5    MAX(MPH)
                                 MISC ---->  # 41 220               # 52  220
================================================================================
NOTES:
# LAST OF SEVERAL OCCURRENCES

COLUMN 17 PEAK WIND IN M.P.H.

PRELIMINARY LOCAL CLIMATOLOGICAL DATA (WS FORM: F-6) , PAGE 2

                                          STATION:  GILLETTE AIRPORT WY
                                          MONTH:    FEBRUARY
                                          YEAR:     2020
                                          LATITUDE:   44 20 N
                                          LONGITUDE: 105 32 W

[TEMPERATURE DATA]      [PRECIPITATION DATA]       SYMBOLS USED IN COLUMN 16

AVERAGE MONTHLY: 23.0   TOTAL FOR MONTH:   0.54    1 = FOG OR MIST
DPTR FM NORMAL:  -3.4   DPTR FM NORMAL:    0.28    2 = FOG REDUCING VISIBILITY
HIGHEST:    49 ON  1    GRTST 24HR  0.20 ON  3- 3      TO 1/4 MILE OR LESS
LOWEST:    -13 ON  5                               3 = THUNDER
                        SNOW, ICE PELLETS, HAIL    4 = ICE PELLETS
                        TOTAL MONTH:    M          5 = HAIL
                        GRTST 24HR    M  ON   M    6 = FREEZING RAIN OR DRIZZLE
                        GRTST DEPTH:  M  ON   M    7 = DUSTSTORM OR SANDSTORM:
                                                       VSBY 1/2 MILE OR LESS
                                                   8 = SMOKE OR HAZE
[NO. OF DAYS WITH]      [WEATHER - DAYS WITH]      9 = BLOWING SNOW
                                                   X = TORNADO
MAX 32 OR BELOW:  11    0.01 INCH OR MORE:  12
MAX 90 OR ABOVE:   0    0.10 INCH OR MORE:   2
MIN 32 OR BELOW:  16    0.50 INCH OR MORE:   0
MIN  0 OR BELOW:   3    1.00 INCH OR MORE:   0

[HDD (BASE 65) ]
TOTAL THIS MO.   708    CLEAR  (SCALE 0-3)   6
DPTR FM NORMAL    51    PTCLDY (SCALE 4-7)   9
TOTAL FM JUL 1  4949    CLOUDY (SCALE 8-10)  2
DPTR FM NORMAL   -63

[CDD (BASE 65) ]
TOTAL THIS MO.     0
DPTR FM NORMAL     0    [PRESSURE DATA]
TOTAL FM JAN 1     0    HIGHEST SLP M ON M
DPTR FM NORMAL     0    LOWEST  SLP 29.35 ON  6

[REMARKS]
