000
CXUS53 KUNR 230945
CF6GCC
PRELIMINARY LOCAL CLIMATOLOGICAL DATA (WS FORM: F-6)

                                          STATION:   GILLETTE AIRPORT WY
                                          MONTH:     JANUARY
                                          YEAR:      2019
                                          LATITUDE:   44 20 N
                                          LONGITUDE: 105 32 W

  TEMPERATURE IN F:       :PCPN:    SNOW:  WIND      :SUNSHINE: SKY     :PK WND
================================================================================
1   2   3   4   5  6A  6B    7    8   9   10  11  12  13   14  15   16   17  18
                                     12Z  AVG MX 2MIN
DY MAX MIN AVG DEP HDD CDD  WTR  SNW DPTH SPD SPD DIR MIN PSBL S-S WX    SPD DR
================================================================================

 1  19 -12   4 -21  61   0 0.00    M    M 13.3 25 240   M    M   2 8      32 170
 2  29  16  23  -2  42   0 0.00    M    M 19.0 30 210   M    M   1        36 210
 3  41  28  35  10  30   0 0.00    M    M 18.9 28 220   M    M   0        35 220
 4  43  35  39  14  26   0 0.00    M    M 14.4 26 230   M    M   1        32 220
 5  42  28  35   9  30   0 0.00    M    M 10.6 33 170   M    M   1        43 170
 6  45  30  38  12  27   0 0.01    M    M 20.4 39 200   M    M   3 3      54 190
 7  42  20  31   5  34   0 0.03    M    M 19.8 41 230   M    M   2 18     52 240
 8  33  12  23  -3  42   0 0.00    M    M  8.5 20 320   M    M   0        26 300
 9  44  17  31   5  34   0 0.00    M    M 14.0 30 170   M    M   0        37 180
10  52  21  37  11  28   0 0.00    M    M  3.4 15 290   M    M   2        20 290
11  44  27  36  10  29   0 0.01    M    M  7.0 16 350   M    M   5        20 350
12  42  18  30   4  35   0 0.00    M    M  3.4 14 190   M    M   0        17 200
13  42  17  30   4  35   0 0.00    M    M  4.6 14 230   M    M   0        17 230
14  43  21  32   6  33   0 0.00    M    M  8.5 22 230   M    M   0        28 230
15  41  21  31   5  34   0 0.00    M    M  8.4 20 250   M    M   0        26 240
16  39  16  28   2  37   0 0.00    M    M  3.6 12 160   M    M   0        13 170
17  43  16  30   4  35   0 0.00    M    M  3.8 15 310   M    M   4 1      21 310
18  28  21  25  -1  40   0    T    M    M  9.5 16 330   M    M  10 1      21 330
19  40  19  30   4  35   0 0.00    M    M 11.3 23 230   M    M   3        31 230
20  42  33  38  12  27   0 0.02    M    M 12.2 28 220   M    M   6 1      37 220
21  40  18  29   3  36   0 0.13    M    M 16.4 30 340   M    M   6 12     40 330
22  28  16  22  -4  43   0    T    M    M 12.9 28 340   M    M   5 1      33 340
================================================================================
SM  862  438       773   0  0.20    M    243.9          M       51
================================================================================
AV 39.2 19.9                              11.1 FASTST   M    M   2    MAX(MPH)
                                 MISC ---->  # 41 230               # 54  190
================================================================================
NOTES:
# LAST OF SEVERAL OCCURRENCES

COLUMN 17 PEAK WIND IN M.P.H.

PRELIMINARY LOCAL CLIMATOLOGICAL DATA (WS FORM: F-6) , PAGE 2

                                          STATION:  GILLETTE AIRPORT WY
                                          MONTH:    JANUARY
                                          YEAR:     2019
                                          LATITUDE:   44 20 N
                                          LONGITUDE: 105 32 W

[TEMPERATURE DATA]      [PRECIPITATION DATA]       SYMBOLS USED IN COLUMN 16

AVERAGE MONTHLY: 29.6   TOTAL FOR MONTH:   0.20    1 = FOG OR MIST
DPTR FM NORMAL:   3.7   DPTR FM NORMAL:   -0.04    2 = FOG REDUCING VISIBILITY
HIGHEST:    52 ON 10    GRTST 24HR  0.13 ON 21-21      TO 1/4 MILE OR LESS
LOWEST:    -12 ON  1                               3 = THUNDER
                        SNOW, ICE PELLETS, HAIL    4 = ICE PELLETS
                        TOTAL MONTH:    M          5 = HAIL
                        GRTST 24HR    M  ON   M    6 = FREEZING RAIN OR DRIZZLE
                        GRTST DEPTH:  M  ON   M    7 = DUSTSTORM OR SANDSTORM:
                                                       VSBY 1/2 MILE OR LESS
                                                   8 = SMOKE OR HAZE
[NO. OF DAYS WITH]      [WEATHER - DAYS WITH]      9 = BLOWING SNOW
                                                   X = TORNADO
MAX 32 OR BELOW:   4    0.01 INCH OR MORE:   5
MAX 90 OR ABOVE:   0    0.10 INCH OR MORE:   1
MIN 32 OR BELOW:  20    0.50 INCH OR MORE:   0
MIN  0 OR BELOW:   1    1.00 INCH OR MORE:   0

[HDD (BASE 65) ]
TOTAL THIS MO.   773    CLEAR  (SCALE 0-3)  15
DPTR FM NORMAL   -90    PTCLDY (SCALE 4-7)   6
TOTAL FM JUL 1  3845    CLOUDY (SCALE 8-10)  1
DPTR FM NORMAL  -159

[CDD (BASE 65) ]
TOTAL THIS MO.     0
DPTR FM NORMAL     0    [PRESSURE DATA]
TOTAL FM JAN 1     0    HIGHEST SLP M ON M
DPTR FM NORMAL     0    LOWEST  SLP 29.23 ON  6

[REMARKS]
