000
CXUS54 KMAF 201110
CF6GDP
PRELIMINARY LOCAL CLIMATOLOGICAL DATA (WS FORM: F-6)

                                          STATION:   GUADALUPE PASS
                                          MONTH:     OCTOBER
                                          YEAR:      2019
                                          LATITUDE:   31 49 N
                                          LONGITUDE: 104 48 W

  TEMPERATURE IN F:       :PCPN:    SNOW:  WIND      :SUNSHINE: SKY     :PK WND
================================================================================
1   2   3   4   5  6A  6B    7    8   9   10  11  12  13   14  15   16   17  18
                                     12Z  AVG MX 2MIN
DY MAX MIN AVG DEP HDD CDD  WTR  SNW DPTH SPD SPD DIR MIN PSBL S-S WX    SPD DR
================================================================================

 1  78  60  69   3   0   4 0.92    M    M 13.0 32 260   M    M   6 12     41 260
 2  71  56  64  -1   1   0 0.10    M    M 10.4 24 230   M    M   5 12     34 250
 3  72  55  64  -1   1   0    T    M    M 15.1 43  40   M    M   5 128    47  40
 4  75  56  66   1   0   1 0.20    M    M 17.9 43  40   M    M   8 128    48  50
 5  79  59  69   5   0   4    T    M    M 14.2 29 260   M    M   2        33 270
 6  80  53  67   3   0   2 0.00    M    M 18.6 53  50   M    M   0        57  50
 7  62  45  54 -10  11   0 0.00    M    M 31.9 51  50   M    M   2 8      55  50
 8  78  52  65   1   0   0 0.13    M    M 13.0 39 240   M    M   2 1      53 250
 9  75  56  66   3   0   1 0.22    M    M 22.1 45 240   M    M   2 12     54 240
10  75  54  65   2   0   0 0.00    M    M 25.0 45 250   M    M   0 8      52 240
11  69  37  53 -10  12   0 0.00    M    M 32.8 46  50   M    M   0 8      51  50
12  65  37  51 -12  14   0 0.00    M    M 15.6 29  50   M    M   1        32  50
13  75  50  63   1   2   0 0.00    M    M 12.3 22 250   M    M   0        29 260
14  70  55  63   1   2   0 0.01    M    M 17.8 30 250   M    M   7 12     36 240
15  74  54  64   2   1   0 0.01    M    M 16.5 43  50   M    M   6 12     48  50
16  63  44  54  -8  11   0 0.00    M    M 27.2 45  40   M    M   2 8      49  40
17  72  46  59  -2   6   0 0.00  0.0    0 15.4 28 240   M    M   0        33 240
18  74  54  64   3   1   0    T  0.0    0 25.5 51 250   M    M   3 8      60 250
19  72  51  62   2   3   0 0.00  0.0    0 15.6 28 250   M    M   0        32 250
================================================================================
SM 1379  974        65  12  1.59  0.0    359.9          M       51
================================================================================
AV 72.6 51.3                              18.9 FASTST   M    M   3    MAX(MPH)
                                 MISC ---->    53  50                 60 250
================================================================================
NOTES:
# LAST OF SEVERAL OCCURRENCES

COLUMN 17 PEAK WIND IN M.P.H.

PRELIMINARY LOCAL CLIMATOLOGICAL DATA (WS FORM: F-6) , PAGE 2

                                          STATION:   GUADALUPE PASS
                                          MONTH:     OCTOBER
                                          YEAR:      2019
                                          LATITUDE:   31 49 N
                                          LONGITUDE: 104 48 W

[TEMPERATURE DATA]      [PRECIPITATION DATA]       SYMBOLS USED IN COLUMN 16

AVERAGE MONTHLY: 61.9   TOTAL FOR MONTH:   1.59    1 = FOG OR MIST
DPTR FM NORMAL:  -1.2   DPTR FM NORMAL:    0.66    2 = FOG REDUCING VISIBILITY
HIGHEST:    80 ON  6    GRTST 24HR  0.98 ON 30- 1      TO 1/4 MILE OR LESS
LOWEST:     37 ON 12,11                             3 = THUNDER
                        SNOW, ICE PELLETS, HAIL    4 = ICE PELLETS
                        TOTAL MONTH:   0.0 INCH    5 = HAIL
                        GRTST 24HR  0.0            6 = FREEZING RAIN OR DRIZZLE
                        GRTST DEPTH:  0            7 = DUSTSTORM OR SANDSTORM:
                                                       VSBY 1/2 MILE OR LESS
                                                   8 = SMOKE OR HAZE
[NO. OF DAYS WITH]      [WEATHER - DAYS WITH]      9 = BLOWING SNOW
                                                   X = TORNADO
MAX 32 OR BELOW:   0    0.01 INCH OR MORE:   7
MAX 90 OR ABOVE:   0    0.10 INCH OR MORE:   5
MIN 32 OR BELOW:   0    0.50 INCH OR MORE:   1
MIN  0 OR BELOW:   0    1.00 INCH OR MORE:   0

[HDD (BASE 65) ]
TOTAL THIS MO.    65    CLEAR  (SCALE 0-3)  13
DPTR FM NORMAL    -9    PTCLDY (SCALE 4-7)   6
TOTAL FM JUL 1    65    CLOUDY (SCALE 8-10)  0
DPTR FM NORMAL   -42

[CDD (BASE 65) ]
TOTAL THIS MO.    12
DPTR FM NORMAL   -24    [PRESSURE DATA]
TOTAL FM JAN 1  1855    HIGHEST SLP M ON M
DPTR FM NORMAL   424    LOWEST  SLP 29.59 ON 18

[REMARKS]
