000
CXUS54 KMAF 271110
CF6GDP
PRELIMINARY LOCAL CLIMATOLOGICAL DATA (WS FORM: F-6)

                                          STATION:   GUADALUPE PASS
                                          MONTH:     MAY
                                          YEAR:      2020
                                          LATITUDE:   31 49 N
                                          LONGITUDE: 104 48 W

  TEMPERATURE IN F:       :PCPN:    SNOW:  WIND      :SUNSHINE: SKY     :PK WND
================================================================================
1   2   3   4   5  6A  6B    7    8   9   10  11  12  13   14  15   16   17  18
                                     12Z  AVG MX 2MIN
DY MAX MIN AVG DEP HDD CDD  WTR  SNW DPTH SPD SPD DIR MIN PSBL S-S WX    SPD DR
================================================================================

 1  90  66  78  14   0  13 0.00    M    M 16.8 38 240   M    M   0        46 250
 2  89  62  76  11   0  11 0.00    M    M 18.4 43 250   M    M   0        53 250
 3  89  65  77  12   0  12 0.00    M    M 19.1 39 240   M    M   0        48 240
 4  88  60  74   9   0   9 0.00    M    M 21.3 38 250   M    M   0        46 250
 5  75  54  65  -1   0   0    M    M    M 27.4 58  50   M    M   1 8      63  50
 6  87  52  70   4   0   5 0.00    M    M 16.5 30  50   M    M   0        35  50
 7  92  63  78  12   0  13 0.00    M    M 21.9 49 240   M    M   0        57 250
 8  74  50  62  -5   3   0 0.00    M    M 33.2 62  40   M    M   0 8      69  40
 9  82  44  63  -4   2   0 0.00    M    M 21.3 35  50   M    M   0        39  50
10  69  51  60  -7   5   0    T    M    M 22.3 39  60   M    M   2        42  60
11  83  52  68   0   0   3 0.14  0.0    0 14.9 25 240   M    M   2        31 220
12  83  53  68   0   0   3 0.00    M    M 17.0 35 240   M    M   0        42 240
13  83  61  72   4   0   7 0.00    M    M 19.5 44 250   M    M   1        54 250
14  82  58  70   1   0   5 0.00  0.0    0 18.4 41 230   M    M   0        52 250
15  86  61  74   5   0   9 0.00  0.0    0 14.9 36 240   M    M   0        43 240
16  84  49  67  -3   0   2 0.00    M    M 17.0 43  40   M    M   0        47  40
17  90  54  72   2   0   7 0.00  0.0    0 17.2 28  60   M    M   0        36 240
18  95  65  80  10   0  15 0.00    M    M 10.5 26 240   M    M   0        33 250
19  93  64  79   9   0  14 0.00  0.0    0 16.8 37 200   M    M   0        46 200
20  85  63  74   3   0   9 0.00  0.0    0 27.8 41 260   M    M   0        50 260
21  82  59  71   0   0   6 0.00  0.0    0 21.9 47 240   M    M   0        58 250
22  86  59  73   1   0   8 0.00  0.0    0 16.4 36 250   M    M   0        41 250
23  86  61  74   2   0   9 0.00  0.0    0 19.6 39 240   M    M   0        47 250
24  84  58  71  -1   0   6 0.00  0.0    0 22.3 41 250   M    M   0        49 250
25  69  50  60 -13   5   0    T    M    M 24.2 39  70   M    M   1 8      45  50
26  80  49  65  -8   0   0 0.00    M    M 15.1 31  50   M    M   0        34 240
================================================================================
SM 2186 1483        15 166  0.14  0.0    511.7          M        7
================================================================================
AV 84.1 57.0                              19.7 FASTST   M    M   0    MAX(MPH)
                                 MISC ---->    62  40                 69  40
================================================================================
NOTES:
# LAST OF SEVERAL OCCURRENCES

COLUMN 17 PEAK WIND IN M.P.H.

PRELIMINARY LOCAL CLIMATOLOGICAL DATA (WS FORM: F-6) , PAGE 2

                                          STATION:   GUADALUPE PASS
                                          MONTH:     MAY
                                          YEAR:      2020
                                          LATITUDE:   31 49 N
                                          LONGITUDE: 104 48 W

[TEMPERATURE DATA]      [PRECIPITATION DATA]       SYMBOLS USED IN COLUMN 16

AVERAGE MONTHLY: 70.6   TOTAL FOR MONTH:   0.14    1 = FOG OR MIST
DPTR FM NORMAL:   1.9   DPTR FM NORMAL:   -0.70    2 = FOG REDUCING VISIBILITY
HIGHEST:    95 ON 18    GRTST 24HR  0.14 ON 11-11      TO 1/4 MILE OR LESS
LOWEST:     44 ON  9                               3 = THUNDER
                        SNOW, ICE PELLETS, HAIL    4 = ICE PELLETS
                        TOTAL MONTH:   0.0 INCH    5 = HAIL
                        GRTST 24HR  0.0            6 = FREEZING RAIN OR DRIZZLE
                        GRTST DEPTH:  0            7 = DUSTSTORM OR SANDSTORM:
                                                       VSBY 1/2 MILE OR LESS
                                                   8 = SMOKE OR HAZE
[NO. OF DAYS WITH]      [WEATHER - DAYS WITH]      9 = BLOWING SNOW
                                                   X = TORNADO
MAX 32 OR BELOW:   0    0.01 INCH OR MORE:   1
MAX 90 OR ABOVE:   5    0.10 INCH OR MORE:   1
MIN 32 OR BELOW:   0    0.50 INCH OR MORE:   0
MIN  0 OR BELOW:   0    1.00 INCH OR MORE:   0

[HDD (BASE 65) ]
TOTAL THIS MO.    15    CLEAR  (SCALE 0-3)  26
DPTR FM NORMAL   -28    PTCLDY (SCALE 4-7)   0
TOTAL FM JUL 1  3352    CLOUDY (SCALE 8-10)  0
DPTR FM NORMAL    69

[CDD (BASE 65) ]
TOTAL THIS MO.   166
DPTR FM NORMAL    30    [PRESSURE DATA]
TOTAL FM JAN 1   205    HIGHEST SLP M ON M
DPTR FM NORMAL    27    LOWEST  SLP 29.57 ON 24

[REMARKS]
