691
CXUS54 KMAF 221100
CF6GDP
PRELIMINARY LOCAL CLIMATOLOGICAL DATA (WS FORM: F-6)

                                          STATION:   Guadalupe Pass
                                          MONTH:     SEPTEMBER
                                          YEAR:      2018
                                          LATITUDE:   31 49 N
                                          LONGITUDE: 104 48 W

  TEMPERATURE IN F:       :PCPN:    SNOW:  WIND      :SUNSHINE: SKY     :PK WND
================================================================================
1   2   3   4   5  6A  6B    7    8   9   10  11  12  13   14  15   16   17  18
                                     12Z  AVG MX 2MIN
DY MAX MIN AVG DEP HDD CDD  WTR  SNW DPTH SPD SPD DIR MIN PSBL S-S WX    SPD DR
================================================================================

 1  93  59  76   3   0  11    T  0.0    0 20.5 41  70   M    M   2        47  70
 2  88  59  74   1   0   9 0.06  0.0    0 17.6 35  50   M    M   1        36  50
 3  87  61  74   1   0   9    T  0.0    0 12.7 23  70   M    M   2        26  70
 4  89  61  75   3   0  10 0.00  0.0    0 16.5 25  60   M    M   2 1      30  60
 5  80  62  71  -1   0   6 0.00  0.0    0 19.6 45  40   M    M   1        56  50
 6  78  62  70  -2   0   5    T  0.0    0 20.4 38  60   M    M   7 1      45  50
 7  77  60  69  -3   0   4 0.02  0.0    0 19.0 41  70   M    M   4 1      48  70
 8  76  58  67  -5   0   2    T  0.0    0 17.2 26  40   M    M   6 128    33  50
 9  82  60  71   0   0   6 0.00  0.0    0  9.7 25  70   M    M   0        27  80
10  81  60  71   0   0   6 0.05  0.0    0 16.5 31  50   M    M   1 1      33  40
11  82  61  72   1   0   7 0.00  0.0    0 14.4 24  50   M    M   0        29  60
12  90  61  76   6   0  11 0.00  0.0    0 16.6 35  50   M    M   0        38  40
13  90  64  77   7   0  12 0.00  0.0    0 14.5 26  50   M    M   0        30  80
14  83  64  74   4   0   9 0.00  0.0    0 14.7 28  70   M    M   0        32  70
15  79  61  70   0   0   5 0.00  0.0    0 20.7 30  70   M    M   4        33  80
16  76  59  68  -2   0   3 0.00  0.0    0 19.0 29  50   M    M   6        32  60
17  78  61  70   1   0   5 0.00  0.0    0 17.9 26  80   M    M   3        32  90
18  88  64  76   7   0  11    T  0.0    0 10.3 31  40   M    M   2        37  20
19  89  64  77   8   0  12 0.28  0.0    0 13.4 32 100   M    M   3 8      38 100
20  71  61  66  -2   0   1 0.19  0.0    0 14.8 29 200   M    M   8 12     36 210
21  75  56  66  -2   0   1 0.08  0.0    0 23.0 41  50   M    M   8 128    49  50
================================================================================
SM 1732 1278         0 145  0.68     0.0 349.0          M       60
================================================================================
AV 82.5 60.9                              16.6 FASTST   M    M   3    MAX(MPH)
                                 MISC ---->  # 45  40               # 56   50
================================================================================
NOTES:
# LAST OF SEVERAL OCCURRENCES

COLUMN 17 PEAK WIND IN M.P.H.

PRELIMINARY LOCAL CLIMATOLOGICAL DATA (WS FORM: F-6) , PAGE 2

                                          STATION:  Guadalupe Pass
                                          MONTH:    SEPTEMBER
                                          YEAR:     2018
                                          LATITUDE:   31 49 N
                                          LONGITUDE: 104 48 W

[TEMPERATURE DATA]      [PRECIPITATION DATA]       SYMBOLS USED IN COLUMN 16

AVERAGE MONTHLY: 71.7   TOTAL FOR MONTH:   0.68    1 = FOG OR MIST
DPTR FM NORMAL:   1.0   DPTR FM NORMAL:   -0.72    2 = FOG REDUCING VISIBILITY
HIGHEST:    93 ON  1    GRTST 24HR  0.28 ON 19-19      TO 1/4 MILE OR LESS
LOWEST:     56 ON 21                               3 = THUNDER
                        SNOW, ICE PELLETS, HAIL    4 = ICE PELLETS
                        TOTAL MONTH:   0.0 INCH    5 = HAIL
                        GRTST 24HR     0.0         6 = FREEZING RAIN OR DRIZZLE
                        GRTST DEPTH:   0           7 = DUSTSTORM OR SANDSTORM:
                                                       VSBY 1/2 MILE OR LESS
                                                   8 = SMOKE OR HAZE
[NO. OF DAYS WITH]      [WEATHER - DAYS WITH]      9 = BLOWING SNOW
                                                   X = TORNADO
MAX 32 OR BELOW:   0    0.01 INCH OR MORE:   6
MAX 90 OR ABOVE:   3    0.10 INCH OR MORE:   2
MIN 32 OR BELOW:   0    0.50 INCH OR MORE:   0
MIN  0 OR BELOW:   0    1.00 INCH OR MORE:   0

[HDD (BASE 65) ]
TOTAL THIS MO.     0    CLEAR  (SCALE 0-3)  13
DPTR FM NORMAL   -11    PTCLDY (SCALE 4-7)   8
TOTAL FM JUL 1     0    CLOUDY (SCALE 8-10)  0
DPTR FM NORMAL   -14

[CDD (BASE 65) ]
TOTAL THIS MO.   145
DPTR FM NORMAL    13    [PRESSURE DATA]
TOTAL FM JAN 1  1981    HIGHEST SLP M ON M
DPTR FM NORMAL   620    LOWEST  SLP 29.70 ON  1

[REMARKS]
