000
CXUS56 KTFX 170915
CF6GDV
16
PRELIMINARY LOCAL CLIMATOLOGICAL DATA (WS FORM: F-6)

                                          STATION:   GLENDIVE APT MT
                                          MONTH:     August
                                          YEAR:      2018
                                          LATITUDE:   47.13  N
                                          LONGITUDE: 104.80  W

  TEMPERATURE IN F:       :PCPN:    SNOW:  WIND      :SUNSHINE: SKY     :PK WND
================================================================================
1   2   3   4   5  6A  6B    7    8   9   10  11  12  13   14  15   16   17  18
                                     12Z  AVG MX 2MIN
DY MAX MIN AVG DEP HDD CDD  WTR  SNW DPTH SPD SPD DIR MIN PSBL S-S WX    SPD DR
================================================================================

01  86  53  69  -7   0   4  0.00  M    M  6.8  M   M   M    M   M        16  360
02  98  62  80   4   0  15  0.00  M    M  9.8  M   M   M    M   M        23  330
03  93  63  78   3   0  13 T      M    M 10.6  M   M   M    M   M        39  340
04  86  55  70  -5   0   5  0.00  M    M 10.7  M   M   M    M   M        25  340
05  81  52  66  -9   0   1 T      M    M  8.3  M   M   M    M   M        26  360
06  85  58  71  -4   0   6 M      M    M  6.8  M   M   M    M   M        21  330
07  94  56  75   0   0  10 M      M    M  8.7  M   M   M    M   M        23  310
08  94  59  76   1   0  11 M      M    M  6.0  M   M   M    M   M        M     M
09 100  58  79   4   0  14 M      M    M  6.4  M   M   M    M   M        M     M
10 102  60  81   6   0  16 M      M    M  5.6  M   M   M    M   M        21  360
11 103  61  82   7   0  17 M      M    M  6.9  M   M   M    M   M        21  240
12 106  66  86  12   0  21 M      M    M 11.5  M   M   M    M   M        25  330
13  76  56  66  -8   0   1 M      M    M 11.1  M   M   M    M   M        21  360
14  82  53  67  -7   0   2 M      M    M  5.3  M   M   M    M   M        20  270
15  70  55  62 -12   3   0 M      M    M  0.0  M   M   M    M   M        M     M
16  88  57  72  -2   0   7  0.00  M    M  3.9  M   M   M    M   M        M     M
================================================================================
SM 1444 924         3  143  0         118.4
================================================================================
AV 90.3 57.8                              7.4                        MAX(MPH)
                                                                      39

[TEMPERATURE DATA]      [PRECIPITATION DATA]

Average Monthly:  74.0  Total for Month:  0
Dptr fm Normal:    -1.1  Dptr fm Normal:  -0.71
