000
CXUS56 KTFX 200915
CF6GDV
19
PRELIMINARY LOCAL CLIMATOLOGICAL DATA (WS FORM: F-6)

                                          STATION:   GLENDIVE APT MT
                                          MONTH:     February
                                          YEAR:      2018
                                          LATITUDE:   47.13  N
                                          LONGITUDE: 104.80  W

  TEMPERATURE IN F:       :PCPN:    SNOW:  WIND      :SUNSHINE: SKY     :PK WND
================================================================================
1   2   3   4   5  6A  6B    7    8   9   10  11  12  13   14  15   16   17  18
                                     12Z  AVG MX 2MIN
DY MAX MIN AVG DEP HDD CDD  WTR  SNW DPTH SPD SPD DIR MIN PSBL S-S WX    SPD DR
================================================================================

01  25   3  14  -7  51   0  0.00  M    M  4.3  M   M   M    M   M        0  0
02  18  -6   6 -15  59   0  0.00  M    M  7.1  M   M   M    M   M        0  0
03   2 -18  -8 -29  73   0  0.00  M    M 14.9  M   M   M    M   M        0  0
04  14 -11   1 -20  64   0  0.00  M    M  8.9  M   M   M    M   M        0  0
05  11 -15  -2 -24  67   0  0.00  M    M  6.5  M   M   M    M   M        M     M
06  13 -10   1 -21  64   0 T      M    M  8.1  M   M   M    M   M        M     M
07   8  -9   0 -22  65   0  0.01  M    M  6.0  M   M   M    M   M        M     M
08   1 -17  -8 -30  73   0 T      M    M 13.3  M   M   M    M   M        25  360
09   8 -22  -7 -29  72   0 T      M    M  8.2  M   M   M    M   M        M     M
10  11 -18  -3 -26  68   0 T      M    M 11.5  M   M   M    M   M        M     M
11  11 -14  -1 -24  66   0  0.01  M    M  9.3  M   M   M    M   M        20  360
12  28 -10   9 -14  56   0  0.00  M    M  4.9  M   M   M    M   M        M     M
13  40  20  30   7  35   0 T      M    M 13.6  M   M   M    M   M        M     M
14  20  -6   7 -17  58   0  0.00  M    M 14.1  M   M   M    M   M        29  340
15  26  -7   9 -15  56   0 T      M    M 16.0  M   M   M    M   M        35  360
16  25   7  16  -8  49   0 T      M    M 13.3  M   M   M    M   M        23  260
17  15  -3   6 -19  59   0 T      M    M  9.2  M   M   M    M   M        M     M
18  13  -6   3 -22  62   0 T      M    M 15.9  M   M   M    M   M        M     M
19   7  -5   1 -24  64   0  0.01  M    M  3.0  M   M   M    M   M        M     M
================================================================================
SM 296 -147         1161  0  0.03         188.1
================================================================================
AV 15.6 -7.7                              9.9                        MAX(MPH)
                                                                      35

[TEMPERATURE DATA]      [PRECIPITATION DATA]

Average Monthly:  3.9  Total for Month:  0.03
Dptr fm Normal:    -18.9  Dptr fm Normal:  -0.13
