319
CXUS56 KTFX 180915
CF6GDV
17
PRELIMINARY LOCAL CLIMATOLOGICAL DATA (WS FORM: F-6)

                                          STATION:   GLENDIVE APT MT
                                          MONTH:     October
                                          YEAR:      2019
                                          LATITUDE:   47.13  N
                                          LONGITUDE: 104.80  W

  TEMPERATURE IN F:       :PCPN:    SNOW:  WIND      :SUNSHINE: SKY     :PK WND
================================================================================
1   2   3   4   5  6A  6B    7    8   9   10  11  12  13   14  15   16   17  18
                                     12Z  AVG MX 2MIN
DY MAX MIN AVG DEP HDD CDD  WTR  SNW DPTH SPD SPD DIR MIN PSBL S-S WX    SPD DR
================================================================================

01  41  33  37 -17  28   0  0.07  M    M  5.7  M   M   M    M   M        M     M
02  39  32  35 -19  30   0  0.30  M    M  5.8  M   M   M    M   M        M     M
03  57  34  45  -8  20   0 T      M    M  6.6  M   M   M    M   M        M     M
04  60  37  48  -5  17   0  0.00  M    M 10.4  M   M   M    M   M        30  350
05  58  42  50  -3  15   0 T      M    M 18.5  M   M   M    M   M        38  320
06  60  37  48  -4  17   0  0.00  M    M 16.9  M   M   M    M   M        33  290
07  69  32  50  -2  15   0  0.00  M    M 10.2  M   M   M    M   M        28  240
08  75  34  54   3  11   0  0.00  M    M 13.2  M   M   M    M   M        38  360
09  34  25  29 -22  36   0 T      M    M 20.3  M   M   M    M   M        35  360
10  31  24  27 -23  38   0  0.03  M    M 14.5  M   M   M    M   M        24  350
11  35  25  30 -20  35   0  0.00  M    M 15.1  M   M   M    M   M        30  330
12  44  23  33 -17  32   0  0.00  M    M 16.9  M   M   M    M   M        31  330
13  53  18  35 -14  30   0  0.00  M    M  4.9  M   M   M    M   M        M     M
14  57  26  41  -8  24   0  0.00  M    M  9.5  M   M   M    M   M        38  360
15  48  32  40  -8  25   0 T      M    M 10.5  M   M   M    M   M        28  350
16  70  32  51   3  14   0  0.00  M    M  7.8  M   M   M    M   M        M     M
17  71  35  53   6  12   0  0.00  M    M  4.6  M   M   M    M   M        M     M
================================================================================
SM 902 521         399  0  0.4         191.4
================================================================================
AV 53.1 30.6                              11.3                        MAX(MPH)
                                                                      38

[TEMPERATURE DATA]      [PRECIPITATION DATA]

Average Monthly:  41.9  Total for Month:  0.4
Dptr fm Normal:    -9.3  Dptr fm Normal:  -0.31
