000
CXUS56 KTFX 200915
CF6GDV
19
PRELIMINARY LOCAL CLIMATOLOGICAL DATA (WS FORM: F-6)

                                          STATION:   GLENDIVE APT MT
                                          MONTH:     October
                                          YEAR:      2018
                                          LATITUDE:   47.13  N
                                          LONGITUDE: 104.80  W

  TEMPERATURE IN F:       :PCPN:    SNOW:  WIND      :SUNSHINE: SKY     :PK WND
================================================================================
1   2   3   4   5  6A  6B    7    8   9   10  11  12  13   14  15   16   17  18
                                     12Z  AVG MX 2MIN
DY MAX MIN AVG DEP HDD CDD  WTR  SNW DPTH SPD SPD DIR MIN PSBL S-S WX    SPD DR
================================================================================

01  62  37  49  -5  16   0 T      M    M  6.8  M   M   M    M   M        M     M
02  66  38  52  -2  13   0 T      M    M  7.1  M   M   M    M   M        17  360
03  41  24  32 -21  33   0  0.10  M    M 13.3  M   M   M    M   M        32  360
04  44  22  33 -20  32   0 T      M    M  9.4  M   M   M    M   M        25  280
05  42  28  35 -18  30   0  0.02  M    M  7.5  M   M   M    M   M        M     M
06  55  24  39 -13  26   0  0.00  M    M  6.4  M   M   M    M   M        16  230
07  43  33  38 -14  27   0  0.03  M    M  6.7  M   M   M    M   M        M     M
08  44  29  36 -15  29   0  0.00  M    M  2.1  M   M   M    M   M        M     M
09  40  30  35 -16  30   0 T      M    M  9.2  M   M   M    M   M        M     M
10  39  22  30 -20  35   0 T      M    M 10.1  M   M   M    M   M        21  360
11  42  19  30 -20  35   0 T      M    M  3.8  M   M   M    M   M        M     M
12  60  28  44  -6  21   0 T      M    M 11.9  M   M   M    M   M        26  300
13  45  23  34 -15  31   0 T      M    M 18.9  M   M   M    M   M        44  350
14  37  18  27 -22  38   0 T      M    M 12.5  M   M   M    M   M        24  330
15  61  17  39  -9  26   0 T      M    M 14.5  M   M   M    M   M        33  300
16  59  38  48   0  17   0  0.00  M    M 12.4  M   M   M    M   M        26  340
17  70  32  51   4  14   0  0.00  M    M  6.5  M   M   M    M   M        M     M
18  72  31  51   4  14   0  0.00  M    M  8.8  M   M   M    M   M        M     M
19  59  33  46  -1  19   0  0.00  M    M 12.5  M   M   M    M   M        24  350
================================================================================
SM 981 526         486  0  0.15         180.4
================================================================================
AV 51.6 27.7                              9.5                        MAX(MPH)
                                                                      44

[TEMPERATURE DATA]      [PRECIPITATION DATA]

Average Monthly:  39.7  Total for Month:  0.15
Dptr fm Normal:    -11.0  Dptr fm Normal:  -0.63
