000
CXUS56 KTFX 210915
CF6GDV
20
PRELIMINARY LOCAL CLIMATOLOGICAL DATA (WS FORM: F-6)

                                          STATION:   GLENDIVE APT MT
                                          MONTH:     May
                                          YEAR:      2018
                                          LATITUDE:   47.13  N
                                          LONGITUDE: 104.80  W

  TEMPERATURE IN F:       :PCPN:    SNOW:  WIND      :SUNSHINE: SKY     :PK WND
================================================================================
1   2   3   4   5  6A  6B    7    8   9   10  11  12  13   14  15   16   17  18
                                     12Z  AVG MX 2MIN
DY MAX MIN AVG DEP HDD CDD  WTR  SNW DPTH SPD SPD DIR MIN PSBL S-S WX    SPD DR
================================================================================

01  57  42  49  -4  16   0 T      M    M  5.4  M   M   M    M   M        M     M
02  64  43  53   0  12   0  0.00  M    M  7.2  M   M   M    M   M        M     M
03  72  45  58   5   7   0  0.00  M    M  9.5  M   M   M    M   M        24  340
04  78  44  61   7   4   0 T      M    M 11.7  M   M   M    M   M        32  330
05  77  49  63   9   2   0  0.00  M    M  9.1  M   M   M    M   M        22  360
06  79  45  62   8   3   0  0.00  M    M  5.0  M   M   M    M   M        M     M
07  78  51  64   9   1   0  0.01  M    M  7.2  M   M   M    M   M        21  360
08  74  53  63   8   2   0  0.41  M    M  5.5  M   M   M    M   M        29  330
09  71  49  60   5   5   0  0.00  M    M 12.4  M   M   M    M   M        22  360
10  49  39  44 -11  21   0  0.47  M    M 12.5  M   M   M    M   M        23  130
11  46  39  42 -14  23   0  0.01  M    M  9.0  M   M   M    M   M        M     M
12  54  42  48  -8  17   0  0.00  M    M  6.8  M   M   M    M   M        M     M
13  66  45  55  -1  10   0  0.00  M    M  6.2  M   M   M    M   M        M     M
14  72  47  59   2   6   0 T      M    M  5.4  M   M   M    M   M        M     M
15  78  45  61   4   4   0  0.00  M    M  9.0  M   M   M    M   M        22  310
16  83  47  65   8   0   0  0.00  M    M  5.6  M   M   M    M   M        17  210
17  82  52  67   9   0   2  0.06  M    M 10.0  M   M   M    M   M        23  360
18  52  44  48 -10  17   0  0.78  M    M 15.0  M   M   M    M   M        31  320
19  62  45  53  -5  12   0 T      M    M  7.7  M   M   M    M   M        M     M
20  69  39  54  -5  11   0  0.00  M    M 12.2  M   M   M    M   M        30  170
================================================================================
SM 1363 905         173  2  1.74         172.4
================================================================================
AV 68.2 45.3                              8.6                        MAX(MPH)
                                                                      32

[TEMPERATURE DATA]      [PRECIPITATION DATA]

Average Monthly:  56.7  Total for Month:  1.74
Dptr fm Normal:    0.8  Dptr fm Normal:  0.38
