000
CXUS56 KTFX 230915
CF6GDV
22
PRELIMINARY LOCAL CLIMATOLOGICAL DATA (WS FORM: F-6)

                                          STATION:   GLENDIVE APT MT
                                          MONTH:     January
                                          YEAR:      2019
                                          LATITUDE:   47.13  N
                                          LONGITUDE: 104.80  W

  TEMPERATURE IN F:       :PCPN:    SNOW:  WIND      :SUNSHINE: SKY     :PK WND
================================================================================
1   2   3   4   5  6A  6B    7    8   9   10  11  12  13   14  15   16   17  18
                                     12Z  AVG MX 2MIN
DY MAX MIN AVG DEP HDD CDD  WTR  SNW DPTH SPD SPD DIR MIN PSBL S-S WX    SPD DR
================================================================================

01  41  23  32  14  33   0 T      M    M 11.8  M   M   M    M   M        25  270
02  46  28  37  19  28   0  0.00  M    M 13.9  M   M   M    M   M        28  270
03  47  32  39  21  26   0  0.00  M    M  9.0  M   M   M    M   M        M     M
04  40  26  33  15  32   0  0.00  M    M 10.6  M   M   M    M   M        31  280
05  45  29  37  19  28   0  0.00  M    M  5.7  M   M   M    M   M        M     M
06  40  25  32  14  33   0  0.00  M    M  9.0  M   M   M    M   M        M     M
07  28  10  19   1  46   0  0.00  M    M 10.0  M   M   M    M   M        M     M
08  30   8  19   1  46   0 T      M    M 16.0  M   M   M    M   M        36  320
09  39  17  28  10  37   0  0.00  M    M  8.0  M   M   M    M   M        M     M
10  32  11  21   3  44   0  0.00  M    M  6.8  M   M   M    M   M        M     M
11  31  13  22   4  43   0  0.00  M    M  5.5  M   M   M    M   M        M     M
12  39  13  26   8  39   0 T      M    M  4.1  M   M   M    M   M        M     M
13  40  16  28  10  37   0  0.00  M    M  5.1  M   M   M    M   M        M     M
14  28  17  22   3  43   0  0.00  M    M  4.5  M   M   M    M   M        M     M
15  31  21  26   7  39   0 T      M    M  7.9  M   M   M    M   M        M     M
16  24  11  17  -2  48   0 T      M    M  4.1  M   M   M    M   M        M     M
17  11  -5   3 -16  62   0 T      M    M 10.3  M   M   M    M   M        M     M
18  12  -4   4 -15  61   0 T      M    M 10.9  M   M   M    M   M        M     M
19  19   4  11  -8  54   0 T      M    M  6.2  M   M   M    M   M        M     M
20  20  12  16  -3  49   0  0.00  M    M  5.4  M   M   M    M   M        M     M
21  33  19  26   7  39   0 T      M    M 10.5  M   M   M    M   M        M     M
22  33  18  25   6  40   0 T      M    M 11.7  M   M   M    M   M        28  360
================================================================================
SM 709 344         907  0  0         187.0
================================================================================
AV 32.2 15.6                              8.5                        MAX(MPH)
                                                                      36

[TEMPERATURE DATA]      [PRECIPITATION DATA]

Average Monthly:  23.9  Total for Month:  0
Dptr fm Normal:    5.4  Dptr fm Normal:  -0.27
