808
CXUS56 KOTX 200900
CF6GEG
PRELIMINARY LOCAL CLIMATOLOGICAL DATA (WS FORM: F-6)

                                          STATION:   SPOKANE WA AIRPORT
                                          MONTH:     OCTOBER
                                          YEAR:      2018
                                          LATITUDE:   47 37 N
                                          LONGITUDE: 117 32 W

  TEMPERATURE IN F:       :PCPN:    SNOW:  WIND      :SUNSHINE: SKY     :PK WND
================================================================================
1   2   3   4   5  6A  6B    7    8   9   10  11  12  13   14  15   16   17  18
                                     12Z  AVG MX 2MIN
DY MAX MIN AVG DEP HDD CDD  WTR  SNW DPTH SPD SPD DIR MIN PSBL S-S WX    SPD DR
================================================================================

 1  68  47  58   4   7   0 0.00  0.0    0  6.6 20 230   M    M   9        23 220
 2  67  40  54   0  11   0    T    M    0 17.0 33 250   M    M   8 78     40 310
 3  55  32  44  -9  21   0 0.00  0.0    0  5.3 14 280   M    M   5        16 270
 4  57  39  48  -5  17   0 0.00  0.0    0  5.9 15 230   M    M   7        20 290
 5  55  34  45  -7  20   0 0.09  0.0    0  7.0 18 220   M    M   7 1      23 220
 6  57  40  49  -3  16   0 0.06  0.0    0  6.4 12 210   M    M   7 12     15  10
 7  52  38  45  -6  20   0 0.00  0.0    0  4.6  9 160   M    M   9 12     13 170
 8  53  44  49  -2  16   0 0.12  0.0    0  4.7  8 360   M    M  10 1      10 350
 9  53  41  47  -3  18   0 0.17  0.0    0 11.5 22  20   M    M   9 1      26  20
10  56  35  46  -4  19   0 0.00  0.0    0  4.8 13  30   M    M   3        18  30
11  57  33  45  -5  20   0 0.00  0.0    0  5.5 16 250   M    M   3        21 260
12  62  38  50   1  15   0 0.00  0.0    0  9.2 26  10   M    M   3        33 360
13  54  35  45  -4  20   0 0.01  0.0    0  7.2 22  50   M    M   2        27  40
14  56  30  43  -5  22   0 0.00  0.0    0  4.7 14 270   M    M   1        17 270
15  60  34  47  -1  18   0 0.00  0.0    0  5.5 10 160   M    M   2        13 150
16  62  34  48   0  17   0 0.00  0.0    0  4.2 12  50   M    M   1 8      14  70
17  64  37  51   4  14   0 0.00  0.0    0  4.1 12  50   M    M   2 8      14  60
18  63  36  50   3  15   0 0.00  0.0    0  2.3  9  40   M    M   3 18     10  40
19  66  36  51   5  14   0 0.00  0.0    0  2.3  9  60   M    M   4 8      11  60
================================================================================
SM 1117  703       320   0  0.45     0.0 118.8          M       95
================================================================================
AV 58.8 37.0                               6.3 FASTST   M    M   5    MAX(MPH)
                                 MISC ---->  # 33 250               # 40  310
================================================================================
NOTES:
# LAST OF SEVERAL OCCURRENCES

COLUMN 17 PEAK WIND IN M.P.H.

PRELIMINARY LOCAL CLIMATOLOGICAL DATA (WS FORM: F-6) , PAGE 2

                                          STATION:  SPOKANE WA AIRPORT
                                          MONTH:    OCTOBER
                                          YEAR:     2018
                                          LATITUDE:   47 37 N
                                          LONGITUDE: 117 32 W

[TEMPERATURE DATA]      [PRECIPITATION DATA]       SYMBOLS USED IN COLUMN 16

AVERAGE MONTHLY: 47.9   TOTAL FOR MONTH:   0.45    1 = FOG OR MIST
DPTR FM NORMAL:  -2.2   DPTR FM NORMAL:   -0.12    2 = FOG REDUCING VISIBILITY
HIGHEST:    68 ON  1    GRTST 24HR  0.17 ON  9- 9      TO 1/4 MILE OR LESS
LOWEST:     30 ON 14                               3 = THUNDER
                        SNOW, ICE PELLETS, HAIL    4 = ICE PELLETS
                        TOTAL MONTH:   0.0 INCH    5 = HAIL
                        GRTST 24HR     0.0         6 = FREEZING RAIN OR DRIZZLE
                        GRTST DEPTH:   0           7 = DUSTSTORM OR SANDSTORM:
                                                       VSBY 1/2 MILE OR LESS
                                                   8 = SMOKE OR HAZE
[NO. OF DAYS WITH]      [WEATHER - DAYS WITH]      9 = BLOWING SNOW
                                                   X = TORNADO
MAX 32 OR BELOW:   0    0.01 INCH OR MORE:   5
MAX 90 OR ABOVE:   0    0.10 INCH OR MORE:   2
MIN 32 OR BELOW:   2    0.50 INCH OR MORE:   0
MIN  0 OR BELOW:   0    1.00 INCH OR MORE:   0

[HDD (BASE 65) ]
TOTAL THIS MO.   320    CLEAR  (SCALE 0-3)   7
DPTR FM NORMAL    35    PTCLDY (SCALE 4-7)   7
TOTAL FM JUL 1   528    CLOUDY (SCALE 8-10)  5
DPTR FM NORMAL    -5

[CDD (BASE 65) ]
TOTAL THIS MO.     0
DPTR FM NORMAL     0    [PRESSURE DATA]
TOTAL FM JAN 1   573    HIGHEST SLP M ON M
DPTR FM NORMAL   124    LOWEST  SLP 29.57 ON  2

[REMARKS]
