000
CXUS56 KOTX 230900
CF6GEG
PRELIMINARY LOCAL CLIMATOLOGICAL DATA (WS FORM: F-6)

                                          STATION:   SPOKANE WA AIRPORT
                                          MONTH:     JANUARY
                                          YEAR:      2019
                                          LATITUDE:   47 37 N
                                          LONGITUDE: 117 32 W

  TEMPERATURE IN F:       :PCPN:    SNOW:  WIND      :SUNSHINE: SKY     :PK WND
================================================================================
1   2   3   4   5  6A  6B    7    8   9   10  11  12  13   14  15   16   17  18
                                     12Z  AVG MX 2MIN
DY MAX MIN AVG DEP HDD CDD  WTR  SNW DPTH SPD SPD DIR MIN PSBL S-S WX    SPD DR
================================================================================

 1  30  22  26  -1  39   0    T    T    0  5.4 12 170   M    M   8        16 170
 2  35  21  28   1  37   0 0.00  0.0    0  4.8 12 160   M    M   6        16 160
 3  39  34  37   9  28   0 0.04  0.0    0 13.7 21 150   M    M  10 1      28 150
 4  45  35  40  12  25   0    T    T    0 12.7 24 200   M    M   9        30 200
 5  45  33  39  11  26   0    T  0.0    0  7.5 20 160   M    M   9        26 150
 6  45  33  39  11  26   0    T  0.1    0 15.0 36 220   M    M   8 1      47 220
 7  38  26  32   4  33   0    T    T    0 15.7 28 220   M    M   5        34 240
 8  31  23  27  -1  38   0 0.39  0.6    T  9.2 16  50   M    M   8 16     19  60
 9  35  31  33   4  32   0 0.27  0.0    T  6.4 15  70   M    M  10 126    19  70
10  43  31  37   8  28   0    T    T    0  4.6 13 220   M    M   8 12     28 210
11  37  31  34   5  31   0 0.00  0.0    0  9.2 14  70   M    M  10 12     17  80
12  38  25  32   3  33   0 0.00  0.0    0  7.5 14  90   M    M   8 12     19  90
13  34  23  29   0  36   0 0.00  0.0    0  6.1 12  20   M    M   8 12     14  30
14  32  21  27  -2  38   0 0.00  0.0    0  6.2 10  30   M    M   6 12     14  40
15  30  19  25  -5  40   0 0.00  0.0    0  6.8 12  50   M    M   7 1      13  40
16  34  24  29  -1  36   0 0.00  0.0    0  8.5 14  60   M    M   8        16  60
17  34  30  32   2  33   0 0.30    T    0  8.2 18  70   M    M  10 12568  23  70
18  39  33  36   6  29   0 0.01  0.0    0  7.3 18 240   M    M   9 1      22 220
19  41  33  37   7  28   0 0.16    T    T  9.5 21 220   M    M  10 12     24 220
20  36  30  33   3  32   0 0.05    T    0  7.0 16  20   M    M  10 12     23 350
21  32  23  28  -2  37   0 0.00  0.0    0  7.0 13 160   M    M   3 1      16 150
22  34  26  30   0  35   0 0.42  3.8    0  9.3 16 190   M    M  10 1      21 190
================================================================================
SM  807  607       720   0  1.64     4.5 187.6          M      180
================================================================================
AV 36.7 27.6                               8.5 FASTST   M    M   8    MAX(MPH)
                                 MISC ---->  # 36 220               # 47  220
================================================================================
NOTES:
# LAST OF SEVERAL OCCURRENCES

COLUMN 17 PEAK WIND IN M.P.H.

PRELIMINARY LOCAL CLIMATOLOGICAL DATA (WS FORM: F-6) , PAGE 2

                                          STATION:  SPOKANE WA AIRPORT
                                          MONTH:    JANUARY
                                          YEAR:     2019
                                          LATITUDE:   47 37 N
                                          LONGITUDE: 117 32 W

[TEMPERATURE DATA]      [PRECIPITATION DATA]       SYMBOLS USED IN COLUMN 16

AVERAGE MONTHLY: 32.1   TOTAL FOR MONTH:   1.64    1 = FOG OR MIST
DPTR FM NORMAL:   3.2   DPTR FM NORMAL:    0.30    2 = FOG REDUCING VISIBILITY
HIGHEST:    45 ON  6, 5 GRTST 24HR  0.42 ON 22-22      TO 1/4 MILE OR LESS
LOWEST:     19 ON 15                               3 = THUNDER
                        SNOW, ICE PELLETS, HAIL    4 = ICE PELLETS
                        TOTAL MONTH:   4.5 INCHES  5 = HAIL
                        GRTST 24HR   3.8 ON 22-22  6 = FREEZING RAIN OR DRIZZLE
                        GRTST DEPTH:   0           7 = DUSTSTORM OR SANDSTORM:
                                                       VSBY 1/2 MILE OR LESS
                                                   8 = SMOKE OR HAZE
[NO. OF DAYS WITH]      [WEATHER - DAYS WITH]      9 = BLOWING SNOW
                                                   X = TORNADO
MAX 32 OR BELOW:   5    0.01 INCH OR MORE:   8
MAX 90 OR ABOVE:   0    0.10 INCH OR MORE:   5
MIN 32 OR BELOW:  16    0.50 INCH OR MORE:   0
MIN  0 OR BELOW:   0    1.00 INCH OR MORE:   0

[HDD (BASE 65) ]
TOTAL THIS MO.   720    CLEAR  (SCALE 0-3)   1
DPTR FM NORMAL   -73    PTCLDY (SCALE 4-7)   9
TOTAL FM JUL 1  3302    CLOUDY (SCALE 8-10) 12
DPTR FM NORMAL  -325

[CDD (BASE 65) ]
TOTAL THIS MO.     0
DPTR FM NORMAL     0    [PRESSURE DATA]
TOTAL FM JAN 1     0    HIGHEST SLP M ON M
DPTR FM NORMAL     0    LOWEST  SLP 29.43 ON  5

[REMARKS]
