000
CXUS56 KOTX 220952
CF6GEG
PRELIMINARY LOCAL CLIMATOLOGICAL DATA (WS FORM: F-6)

                                          STATION:   SPOKANE WA AIRPORT
                                          MONTH:     OCTOBER
                                          YEAR:      2019
                                          LATITUDE:   47 37 N
                                          LONGITUDE: 117 32 W

  TEMPERATURE IN F:       :PCPN:    SNOW:  WIND      :SUNSHINE: SKY     :PK WND
================================================================================
1   2   3   4   5  6A  6B    7    8   9   10  11  12  13   14  15   16   17  18
                                     12Z  AVG MX 2MIN
DY MAX MIN AVG DEP HDD CDD  WTR  SNW DPTH SPD SPD DIR MIN PSBL S-S WX    SPD DR
================================================================================

 1  52  30  41 -13  24   0 0.00  0.0    0  2.4  9  10   M    M   2 18     11  20
 2  56  31  44 -10  21   0 0.00  0.0    0  3.7 12 220   M    M   5 18     16 230
 3  49  38  44  -9  21   0 0.01  0.0    0  4.7  9  50   M    M   9 1      12  80
 4  53  34  44  -9  21   0    T  0.0    0  4.7 13 200   M    M   9 123    16 190
 5  58  39  49  -3  16   0    T  0.0    0  7.0 18 340   M    M   6        23 330
 6  60  35  48  -4  17   0 0.00  0.0    0  5.5 13 210   M    M   5        16 210
 7  66  43  55   4  10   0    T  0.0    0 13.8 30 210   M    M   8 8      38 220
 8  56  32  44  -7  21   0 0.64  3.3    4 16.1 32 260   M    M   6 1      40 230
 9  41  28  35 -15  30   0 0.01  0.3    4  8.5 22  30   M    M   4 1      27  30
10  46  25  36 -14  29   0 0.00  0.0    1  3.0  9 150   M    M   1        11 150
11  52  28  40 -10  25   0 0.00  0.0    0  5.4 10  50   M    M   3        14  40
12  54  32  43  -6  22   0 0.00  0.0    0  4.9 10  50   M    M   7        13  60
13  49  39  44  -5  21   0    T  0.0    0  2.3 10  70   M    M   9        12  70
14  57  39  48   0  17   0 0.00  0.0    0  1.5  6 250   0    0   0         M  M
15  56  35  46  -2  19   0 0.00  0.0    0  5.1 13  70   M    M   8        16  80
16  61  44  53   5  12   0    T  0.0    0  4.8 20 240   M    M   9 8      24 240
17  56  46  51   4  14   0 0.01  0.0    0 16.0 26 220   M    M   8        34 220
18  50  39  45  -2  20   0 0.05  0.0    0 17.3 29 230   M    M   8        32 240
19  43  39  41  -5  24   0 0.32  0.0    0  7.8 18 260   M    M   9 1      21 260
20  47  37  42  -4  23   0 0.11  0.0    0  9.8 23 230   M    M   9 1      29 220
21  48  38  43  -2  22   0 0.29  0.0    0  7.2 13 230   M    M  10 1      16 200
================================================================================
SM 1110  751       429   0  1.44     3.6 151.5            0    135
================================================================================
AV 52.9 35.8                               7.2 FASTST    0   0   6    MAX(MPH)
                                 MISC ---->  # 32 260               # 40  230
================================================================================
NOTES:
# LAST OF SEVERAL OCCURRENCES

COLUMN 17 PEAK WIND IN M.P.H.

PRELIMINARY LOCAL CLIMATOLOGICAL DATA (WS FORM: F-6) , PAGE 2

                                          STATION:  SPOKANE WA AIRPORT
                                          MONTH:    OCTOBER
                                          YEAR:     2019
                                          LATITUDE:   47 37 N
                                          LONGITUDE: 117 32 W

[TEMPERATURE DATA]      [PRECIPITATION DATA]       SYMBOLS USED IN COLUMN 16

AVERAGE MONTHLY: 44.3   TOTAL FOR MONTH:   1.44    1 = FOG OR MIST
DPTR FM NORMAL:  -5.4   DPTR FM NORMAL:    0.79    2 = FOG REDUCING VISIBILITY
HIGHEST:    66 ON  7    GRTST 24HR  0.64 ON  8- 8      TO 1/4 MILE OR LESS
LOWEST:     25 ON 10                               3 = THUNDER
                        SNOW, ICE PELLETS, HAIL    4 = ICE PELLETS
                        TOTAL MONTH:   3.6 INCHES  5 = HAIL
                        GRTST 24HR   3.3 ON  8- 8  6 = FREEZING RAIN OR DRIZZLE
                        GRTST DEPTH:   4 ON  9, 8  7 = DUSTSTORM OR SANDSTORM:
                                                       VSBY 1/2 MILE OR LESS
                                                   8 = SMOKE OR HAZE
[NO. OF DAYS WITH]      [WEATHER - DAYS WITH]      9 = BLOWING SNOW
                                                   X = TORNADO
MAX 32 OR BELOW:   0    0.01 INCH OR MORE:   8
MAX 90 OR ABOVE:   0    0.10 INCH OR MORE:   4
MIN 32 OR BELOW:   7    0.50 INCH OR MORE:   1
MIN  0 OR BELOW:   0    1.00 INCH OR MORE:   0

[HDD (BASE 65) ]
TOTAL THIS MO.   429    CLEAR  (SCALE 0-3)   4
DPTR FM NORMAL   105    PTCLDY (SCALE 4-7)  10
TOTAL FM JUL 1   649    CLOUDY (SCALE 8-10)  7
DPTR FM NORMAL    77

[CDD (BASE 65) ]
TOTAL THIS MO.     0
DPTR FM NORMAL     0    [PRESSURE DATA]
TOTAL FM JAN 1   523    HIGHEST SLP  0.00 ON 14
DPTR FM NORMAL    74    LOWEST  SLP  0.00 ON 14

[REMARKS]
