373
CXUS53 KFGF 180915
CF6GFK
PRELIMINARY LOCAL CLIMATOLOGICAL DATA (WS FORM: F-6)

                                          STATION:   GRAND FORKS INTL AP ND
                                          MONTH:     SEPTEMBER
                                          YEAR:      2018
                                          LATITUDE:   47 57 N
                                          LONGITUDE:  97 11 W

  TEMPERATURE IN F:       :PCPN:    SNOW:  WIND      :SUNSHINE: SKY     :PK WND
================================================================================
1   2   3   4   5  6A  6B    7    8   9   10  11  12  13   14  15   16   17  18
                                     12Z  AVG MX 2MIN
DY MAX MIN AVG DEP HDD CDD  WTR  SNW DPTH SPD SPD DIR MIN PSBL S-S WX    SPD DR
================================================================================

 1  79  47  63   0   2   0 0.03  0.0    0  7.0 16 160   M    M   2        23 150
 2  76  49  63   0   2   0 0.01  0.0    0  8.2 20 330   M    M   2        27 340
 3  82  43  63   1   2   0 0.00  0.0    0 12.4 26 150   M    M   2        33 160
 4  78  54  66   4   0   1 0.00  0.0    0 11.8 20 330   M    M   9        27 330
 5  72  41  57  -5   8   0 0.00  0.0    0  5.3 14 330   M    M   1        22 310
 6  73  37  55  -6  10   0 0.80  0.0    0  7.0 17 120   M    M   7 13     22 160
 7  67  55  61   0   4   0 0.27  0.0    0 10.1 18 100   M    M   7 13     25 110
 8  75  56  66   6   0   1 0.00  0.0    0 15.5 26 160   M    M   6        38 150
 9  80  57  69   9   0   4    T  0.0    0 16.7 28 180   M    M   5        36 180
10  81  50  66   7   0   1 0.00  0.0    0  4.7 10 240   M    M   0 1      15 210
11  87  55  71  12   0   6 0.01  0.0    0 14.2 26 190   M    M   4        37 190
12  73  44  59   1   6   0    T  0.0    0 11.6 25 170   M    M   6        35 180
13  73  54  64   6   1   0 0.06  0.0    0 10.0 24 180   M    M   8 1      34 180
14  70  45  58   0   7   0    T  0.0    0  9.2 21  30   M    M   7 1      27  20
15  78  53  66   9   0   1 0.00  0.0    0 12.5 21  80   M    M   6        27  50
16  92  51  72  15   0   7 0.00  0.0    0 17.3 38 210   M    M   4        54 190
17  59  42  51  -5  14   0    T  0.0    0 10.1 18  20   M    M   7 1      25  20
================================================================================
SM 1295  833        56  21  1.18     0.0 183.6          M       83
================================================================================
AV 76.2 49.0                              10.8 FASTST   M    M   5    MAX(MPH)
                                 MISC ---->  # 38 210               # 54  190
================================================================================
NOTES:
# LAST OF SEVERAL OCCURRENCES

COLUMN 17 PEAK WIND IN M.P.H.

PRELIMINARY LOCAL CLIMATOLOGICAL DATA (WS FORM: F-6) , PAGE 2

                                          STATION:  GRAND FORKS INTL AP ND
                                          MONTH:    SEPTEMBER
                                          YEAR:     2018
                                          LATITUDE:   47 57 N
                                          LONGITUDE:  97 11 W

[TEMPERATURE DATA]      [PRECIPITATION DATA]       SYMBOLS USED IN COLUMN 16

AVERAGE MONTHLY: 62.6   TOTAL FOR MONTH:   1.18    1 = FOG OR MIST
DPTR FM NORMAL:   2.8   DPTR FM NORMAL:   -0.05    2 = FOG REDUCING VISIBILITY
HIGHEST:    92 ON 16    GRTST 24HR  0.80 ON  6- 6      TO 1/4 MILE OR LESS
LOWEST:     37 ON  6                               3 = THUNDER
                        SNOW, ICE PELLETS, HAIL    4 = ICE PELLETS
                        TOTAL MONTH:   0.0 INCH    5 = HAIL
                        GRTST 24HR     0.0         6 = FREEZING RAIN OR DRIZZLE
                        GRTST DEPTH:   0           7 = DUSTSTORM OR SANDSTORM:
                                                       VSBY 1/2 MILE OR LESS
                                                   8 = SMOKE OR HAZE
[NO. OF DAYS WITH]      [WEATHER - DAYS WITH]      9 = BLOWING SNOW
                                                   X = TORNADO
MAX 32 OR BELOW:   0    0.01 INCH OR MORE:   6
MAX 90 OR ABOVE:   1    0.10 INCH OR MORE:   2
MIN 32 OR BELOW:   0    0.50 INCH OR MORE:   1
MIN  0 OR BELOW:   0    1.00 INCH OR MORE:   0

[HDD (BASE 65) ]
TOTAL THIS MO.    56    CLEAR  (SCALE 0-3)   5
DPTR FM NORMAL   -54    PTCLDY (SCALE 4-7)  10
TOTAL FM JUL 1   100    CLOUDY (SCALE 8-10)  2
DPTR FM NORMAL   -92

[CDD (BASE 65) ]
TOTAL THIS MO.    21
DPTR FM NORMAL    -2    [PRESSURE DATA]
TOTAL FM JAN 1   519    HIGHEST SLP M ON M
DPTR FM NORMAL   144    LOWEST  SLP 29.57 ON 11

[REMARKS]
