000
CXUS53 KFGF 230915
CF6GFK
PRELIMINARY LOCAL CLIMATOLOGICAL DATA (WS FORM: F-6)

                                          STATION:   GRAND FORKS INTL AP ND
                                          MONTH:     JUNE
                                          YEAR:      2018
                                          LATITUDE:   47 57 N
                                          LONGITUDE:  97 11 W

  TEMPERATURE IN F:       :PCPN:    SNOW:  WIND      :SUNSHINE: SKY     :PK WND
================================================================================
1   2   3   4   5  6A  6B    7    8   9   10  11  12  13   14  15   16   17  18
                                     12Z  AVG MX 2MIN
DY MAX MIN AVG DEP HDD CDD  WTR  SNW DPTH SPD SPD DIR MIN PSBL S-S WX    SPD DR
================================================================================

 1  75  57  66   6   0   1 0.62  0.0    0 16.3 32 110   M    M   7 13     40 100
 2  65  53  59  -1   6   0 0.08  0.0    0 18.9 30 300   M    M   8        44 280
 3  74  51  63   2   2   0 0.00  0.0    0 15.7 26 300   M    M   5        38 300
 4  77  45  61   0   4   0 0.00  0.0    0  7.8 16  60   M    M   3        23  50
 5  86  51  69   8   0   4 0.23  0.0    0  9.8 23 140   M    M   5 13     29 330
 6  76  50  63   1   2   0 0.00  0.0    0 10.0 20 320   M    M   4        26 340
 7  78  45  62   0   3   0 0.00  0.0    0  7.6 17 190   M    M   6        24 200
 8  82  57  70   8   0   5 0.65  0.0    0 10.5 22 140   M    M   6 13     30 140
 9  86  64  75  13   0  10 0.00  0.0    0  6.1 13 130   M    M   5 13     16 200
10  86  65  76  13   0  11 0.00  0.0    0 18.2 28 140   M    M   3        36 130
11  68  49  59  -4   6   0 1.34  0.0    0  7.2 29 330   M    M   7 1      47 320
12  74  47  61  -2   4   0 0.00  0.0    0  7.6 18 310   M    M   4 1      26 300
13  80  50  65   1   0   0 0.00  0.0    0  9.3 18 200   M    M   3        25 200
14  86  57  72   8   0   7 0.00  0.0    0 16.9 29 140   M    M   6        38 140
15  82  61  72   8   0   7 0.01  0.0    0 11.0 24 100   M    M   6        44 330
16  80  57  69   5   0   4 0.18  0.0    0 11.8 21  10   M    M   7 1      27  10
17  76  57  67   2   0   2 0.01  0.0    0 11.8 23  10   M    M   8        30 350
18  81  50  66   1   0   1 0.00  0.0    0  9.3 20  40   M    M   4        28  30
19  83  56  70   5   0   5 0.00  0.0    0  4.8 13  70   M    M   6        18  60
20  86  53  70   5   0   5 0.00  0.0    0  6.8 14  30   M    M   5        22  10
21  87  59  73   7   0   8 0.00  0.0    0  3.6  8 220   M    M   6        12 140
22  89  61  75   9   0  10 0.00  0.0    0  8.9 18 150   M    M   4        26 160
================================================================================
SM 1757 1195        27  80  3.12     0.0 229.9          M      118
================================================================================
AV 79.9 54.3                              10.5 FASTST   M    M   5    MAX(MPH)
                                 MISC ---->  # 32 110               # 47  320
================================================================================
NOTES:
# LAST OF SEVERAL OCCURRENCES

COLUMN 17 PEAK WIND IN M.P.H.

PRELIMINARY LOCAL CLIMATOLOGICAL DATA (WS FORM: F-6) , PAGE 2

                                          STATION:  GRAND FORKS INTL AP ND
                                          MONTH:    JUNE
                                          YEAR:     2018
                                          LATITUDE:   47 57 N
                                          LONGITUDE:  97 11 W

[TEMPERATURE DATA]      [PRECIPITATION DATA]       SYMBOLS USED IN COLUMN 16

AVERAGE MONTHLY: 67.1   TOTAL FOR MONTH:   3.12    1 = FOG OR MIST
DPTR FM NORMAL:   4.0   DPTR FM NORMAL:    0.63    2 = FOG REDUCING VISIBILITY
HIGHEST:    89 ON 22    GRTST 24HR  1.34 ON 11-11      TO 1/4 MILE OR LESS
LOWEST:     45 ON  7, 4                            3 = THUNDER
                        SNOW, ICE PELLETS, HAIL    4 = ICE PELLETS
                        TOTAL MONTH:   0.0 INCH    5 = HAIL
                        GRTST 24HR     0.0         6 = FREEZING RAIN OR DRIZZLE
                        GRTST DEPTH:   0           7 = DUSTSTORM OR SANDSTORM:
                                                       VSBY 1/2 MILE OR LESS
                                                   8 = SMOKE OR HAZE
[NO. OF DAYS WITH]      [WEATHER - DAYS WITH]      9 = BLOWING SNOW
                                                   X = TORNADO
MAX 32 OR BELOW:   0    0.01 INCH OR MORE:   8
MAX 90 OR ABOVE:   0    0.10 INCH OR MORE:   5
MIN 32 OR BELOW:   0    0.50 INCH OR MORE:   3
MIN  0 OR BELOW:   0    1.00 INCH OR MORE:   1

[HDD (BASE 65) ]
TOTAL THIS MO.    27    CLEAR  (SCALE 0-3)   2
DPTR FM NORMAL   -62    PTCLDY (SCALE 4-7)  19
TOTAL FM JUL 1  9440    CLOUDY (SCALE 8-10)  1
DPTR FM NORMAL   -61

[CDD (BASE 65) ]
TOTAL THIS MO.    80
DPTR FM NORMAL    34    [PRESSURE DATA]
TOTAL FM JAN 1   153    HIGHEST SLP M ON M
DPTR FM NORMAL    90    LOWEST  SLP 29.51 ON 15

[REMARKS]
