000
CXUS54 KSHV 181500
CF6GGG
PRELIMINARY LOCAL CLIMATOLOGICAL DATA (WS FORM: F-6)

                                          STATION:   LONGVIEW
                                          MONTH:     JANUARY
                                          YEAR:      2019
                                          LATITUDE:   32 22 N
                                          LONGITUDE:  94 43 W

  TEMPERATURE IN F:       :PCPN:    SNOW:  WIND      :SUNSHINE: SKY     :PK WND
================================================================================
1   2   3   4   5  6A  6B    7    8   9   10  11  12  13   14  15   16   17  18
                                     12Z  AVG MX 2MIN
DY MAX MIN AVG DEP HDD CDD  WTR  SNW DPTH SPD SPD DIR MIN PSBL S-S WX    SPD DR
================================================================================

 1  55  35  45  -1  20   0 0.00  0.0    0  5.0 13  40   M    M   4 1      17  40
 2  47  43  45  -1  20   0 1.28  0.0    0  7.7 16 110   M    M  10 13     21 130
 3  46  40  43  -3  22   0 0.80  0.0    0  7.3 16 280   M    M  10 1      22 280
 4  56  37  47   1  18   0 0.00  0.0    0  8.6 17 300   M    M   6        24 270
 5  70  33  52   6  13   0 0.00  0.0    0  3.6 12 210   M    M   0        14 220
 6  69  37  53   7  12   0 0.00  0.0    0  8.2 20 200   M    M   0 1      25 190
 7  69  60  65  19   0   0 0.01  0.0    0 10.7 21 210   M    M   7        25 210
 8  72  52  62  16   3   0 0.00  0.0    0  7.2 13  30   M    M   3 1      16 360
 9  61  37  49   3  16   0 0.00  0.0    0  5.8 16  70   M    M   0        22  40
10  51  32  42  -4  23   0 0.00  0.0    0  3.4 12  90   M    M   4        16  80
11  52  46  49   3  16   0 0.08  0.0    0  7.9 13 120   M    M  10        17 130
12  57  43  50   4  15   0 0.24  0.0    0 12.2 24 290   M    M   8 1      32 300
13  45  39  42  -4  23   0 0.00  0.0    0 10.9 21 330   M    M  10        26 350
14  41  34  38  -8  27   0 0.00  0.0    0  3.4 10 350   M    M  10        14  50
15  48  30  39  -7  26   0 0.00  0.0    0  1.4  7 140   M    M   7 1       8 140
16  60  47  54   8  11   0    T  0.0    0  8.2 17 170   M    M  10 1      23 180
17  70  45  58  12   7   0    T  0.0    0  8.8 16 270   M    M   5        20 230
================================================================================
SM  969  690       272   0  2.41     0.0 120.3          M      104
================================================================================
AV 57.0 40.6                               7.1 FASTST   M    M   6    MAX(MPH)
                                 MISC ---->  # 24 290               # 32  300
================================================================================
NOTES:
# LAST OF SEVERAL OCCURRENCES

COLUMN 17 PEAK WIND IN M.P.H.

PRELIMINARY LOCAL CLIMATOLOGICAL DATA (WS FORM: F-6) , PAGE 2

                                          STATION:  LONGVIEW
                                          MONTH:    JANUARY
                                          YEAR:     2019
                                          LATITUDE:   32 22 N
                                          LONGITUDE:  94 43 W

[TEMPERATURE DATA]      [PRECIPITATION DATA]       SYMBOLS USED IN COLUMN 16

AVERAGE MONTHLY: 48.8   TOTAL FOR MONTH:   2.41    1 = FOG OR MIST
DPTR FM NORMAL:   2.8   DPTR FM NORMAL:    0.67    2 = FOG REDUCING VISIBILITY
HIGHEST:    72 ON  8    GRTST 24HR  1.28 ON  2- 2      TO 1/4 MILE OR LESS
LOWEST:     30 ON 15                               3 = THUNDER
                        SNOW, ICE PELLETS, HAIL    4 = ICE PELLETS
                        TOTAL MONTH:   0.0 INCH    5 = HAIL
                        GRTST 24HR     0.0         6 = FREEZING RAIN OR DRIZZLE
                        GRTST DEPTH:   0           7 = DUSTSTORM OR SANDSTORM:
                                                       VSBY 1/2 MILE OR LESS
                                                   8 = SMOKE OR HAZE
[NO. OF DAYS WITH]      [WEATHER - DAYS WITH]      9 = BLOWING SNOW
                                                   X = TORNADO
MAX 32 OR BELOW:   0    0.01 INCH OR MORE:   5
MAX 90 OR ABOVE:   0    0.10 INCH OR MORE:   3
MIN 32 OR BELOW:   2    0.50 INCH OR MORE:   2
MIN  0 OR BELOW:   0    1.00 INCH OR MORE:   1

[HDD (BASE 65) ]
TOTAL THIS MO.   272    CLEAR  (SCALE 0-3)   4
DPTR FM NORMAL   -51    PTCLDY (SCALE 4-7)   6
TOTAL FM JUL 1  1235    CLOUDY (SCALE 8-10)  7
DPTR FM NORMAL     6

[CDD (BASE 65) ]
TOTAL THIS MO.     0
DPTR FM NORMAL     0    [PRESSURE DATA]
TOTAL FM JAN 1     0    HIGHEST SLP M ON M
DPTR FM NORMAL     0    LOWEST  SLP 29.85 ON M

[REMARKS]
