000
CXUS53 KGLD 260800
CF6GLD
PRELIMINARY LOCAL CLIMATOLOGICAL DATA (WS FORM: F-6)

                                          STATION:   GOODLAND KS
                                          MONTH:     MAY
                                          YEAR:      2020
                                          LATITUDE:   39 22 N
                                          LONGITUDE: 101 42 W

  TEMPERATURE IN F:       :PCPN:    SNOW:  WIND      :SUNSHINE: SKY     :PK WND
================================================================================
1   2   3   4   5  6A  6B    7    8   9   10  11  12  13   14  15   16   17  18
                                     12Z  AVG MX 2MIN
DY MAX MIN AVG DEP HDD CDD  WTR  SNW DPTH SPD SPD DIR MIN PSBL S-S WX    SPD DR
================================================================================

 1  90  51  71  17   0   6    T  0.0    0 10.7 32 360   M    M   1        40 360
 2  70  49  60   5   5   0 0.05  0.0    0 13.2 23  50   M    M   6 3      30  40
 3  77  43  60   5   5   0 0.01  0.0    0 15.3 26 120   M    M   2 3      36 120
 4  70  39  55   0  10   0 0.04  0.0    0 16.2 32 350   M    M   6 1      43  10
 5  74  36  55  -1  10   0 0.00  0.0    0 11.6 25 320   M    M   0        34 320
 6  69  32  51  -5  14   0 0.00  0.0    0  7.5 22 150   M    M   0        30 150
 7  73  43  58   2   7   0 0.00  0.0    0 19.0 31 360   M    M   0        42 360
 8  61  36  49  -8  16   0 0.00  0.0    0 14.3 38 360   M    M   3 8      51  10
 9  66  30  48  -9  17   0 0.00  0.0    0 15.4 29  20   M    M   2        38  20
10  62  37  50  -7  15   0 0.00  0.0    0  8.1 17 130   M    M   5        25 130
11  43  35  39 -19  26   0 0.39  0.0    0 15.7 24 120   M    M  10 1      32 110
12  45  35  40 -18  25   0 0.01  0.0    0 15.0 23 160   M    M  10 12     30 140
13  80  43  62   4   3   0    T  0.0    0 13.8 25 160   M    M   6 12     31 160
14  79  50  65   6   0   0 0.00  0.0    0 10.1 22  20   M    M   3 1      28  20
15  75  51  63   4   2   0 1.25  0.0    0 11.5 21 230   M    M   5 138    29 220
16  72  47  60   1   5   0 0.51  0.0    0 11.4 25 360   M    M   5 13     33 360
17  73  40  57  -3   8   0 0.00  0.0    0  7.4 15  10   M    M   0        20 350
18  76  43  60   0   5   0 0.00  0.0    0  9.6 18 160   M    M   0        24 130
19  80  49  65   5   0   0 0.00  0.0    0 13.9 23 150   M    M   1        33 130
20  79  52  66   5   0   1 0.00  0.0    0 21.1 36 160   M    M   3 1      46 150
21  74  56  65   4   0   0 0.00  0.0    0  9.1 22  80   M    M   7 1      30 170
22  78  51  65   4   0   0 0.00  0.0    0  9.3 22 120   M    M   3 12     29 120
23  80  50  65   3   0   0 0.00  0.0    M 14.4 29 160   M    M   2 3      37 190
24  69  49  59  -3   6   0 0.41    M    M 19.9 47 310   M    M   7 13     61 310
25  66  44  55  -7  10   0 0.22    M    M 14.7 25  20   M    M   6 1      35 360
================================================================================
SM 1781 1091       189   7  2.89  0.0    328.2          M       93
================================================================================
AV 71.2 43.6                              13.1 FASTST   M    M   4    MAX(MPH)
                                 MISC ---->    47 310                 61 310
================================================================================
NOTES:
# LAST OF SEVERAL OCCURRENCES

COLUMN 17 PEAK WIND IN M.P.H.

PRELIMINARY LOCAL CLIMATOLOGICAL DATA (WS FORM: F-6) , PAGE 2

                                          STATION:   GOODLAND KS
                                          MONTH:     MAY
                                          YEAR:      2020
                                          LATITUDE:   39 22 N
                                          LONGITUDE: 101 42 W

[TEMPERATURE DATA]      [PRECIPITATION DATA]       SYMBOLS USED IN COLUMN 16

AVERAGE MONTHLY: 57.4   TOTAL FOR MONTH:   2.89    1 = FOG OR MIST
DPTR FM NORMAL:  -0.9   DPTR FM NORMAL:    0.64    2 = FOG REDUCING VISIBILITY
HIGHEST:    90 ON  1    GRTST 24HR  1.76 ON 15-16      TO 1/4 MILE OR LESS
LOWEST:     30 ON  9                               3 = THUNDER
                        SNOW, ICE PELLETS, HAIL    4 = ICE PELLETS
                        TOTAL MONTH:   0.0 INCH    5 = HAIL
                        GRTST 24HR  0.0            6 = FREEZING RAIN OR DRIZZLE
                        GRTST DEPTH:  0            7 = DUSTSTORM OR SANDSTORM:
                                                       VSBY 1/2 MILE OR LESS
                                                   8 = SMOKE OR HAZE
[NO. OF DAYS WITH]      [WEATHER - DAYS WITH]      9 = BLOWING SNOW
                                                   X = TORNADO
MAX 32 OR BELOW:   0    0.01 INCH OR MORE:   9
MAX 90 OR ABOVE:   1    0.10 INCH OR MORE:   5
MIN 32 OR BELOW:   2    0.50 INCH OR MORE:   2
MIN  0 OR BELOW:   0    1.00 INCH OR MORE:   1

[HDD (BASE 65) ]
TOTAL THIS MO.   189    CLEAR  (SCALE 0-3)  12
DPTR FM NORMAL     0    PTCLDY (SCALE 4-7)  11
TOTAL FM JUL 1  5559    CLOUDY (SCALE 8-10)  2
DPTR FM NORMAL  -285

[CDD (BASE 65) ]
TOTAL THIS MO.     7
DPTR FM NORMAL   -20    [PRESSURE DATA]
TOTAL FM JAN 1     7    HIGHEST SLP M ON M
DPTR FM NORMAL   -24    LOWEST  SLP 29.51 ON 23

[REMARKS]
