000
CXUS52 KJAX 210800
CF6GNV
PRELIMINARY LOCAL CLIMATOLOGICAL DATA (WS FORM: F-6)

                                          STATION:   GAINESVILLE FL
                                          MONTH:     JANUARY
                                          YEAR:      2019
                                          LATITUDE:   29 40 N
                                          LONGITUDE:  82 16 W

  TEMPERATURE IN F:       :PCPN:    SNOW:  WIND      :SUNSHINE: SKY     :PK WND
================================================================================
1   2   3   4   5  6A  6B    7    8   9   10  11  12  13   14  15   16   17  18
                                     12Z  AVG MX 2MIN
DY MAX MIN AVG DEP HDD CDD  WTR  SNW DPTH SPD SPD DIR MIN PSBL S-S WX    SPD DR
================================================================================

 1  82  57  70  16   0   5 0.00  0.0    0  2.4 13 220   M    M   3 12     15 220
 2  81  58  70  16   0   5 0.00  0.0    0  1.4 10 220   M    M   7 12     13 220
 3  81  60  71  17   0   6 0.00  0.0    0  4.6 15 250   M    M   4 12     20 200
 4  81  58  70  16   0   5 0.58  0.0    0  9.0 29 280   M    M   8 13     39 280
 5  61  45  53  -1  12   0 0.00  0.0    0  7.5 17 280   M    M   1        22 280
 6  71  41  56   2   9   0 0.00  0.0    0  2.1  9 350   M    M   0        16  10
 7  75  42  59   5   6   0 0.00  0.0    0  2.8 12 140   M    M   1 1      19 140
 8  75  49  62   8   3   0 0.00  0.0    0  4.4 15 290   M    M   1 1      19 280
 9  66  41  54   0  11   0 0.00  0.0    0  8.0 16 340   M    M   0        22 310
10  58  34  46  -8  19   0 0.00  0.0    0  5.5 15 350   M    M   0        21 330
11  67  33  50  -4  15   0 0.00  0.0    0  6.5 16  50   M    M   2        20  70
12  75  47  61   7   4   0 0.00  0.0    0  5.1 20 130   M    M   6        23 130
13  78  53  66  12   0   1 0.11  0.0    0  6.7 20 250   M    M   2 1      27 250
14  62  46  54   0  11   0 0.00  0.0    0  6.0 13 360   M    M   8 1      24 330
15  56  37  47  -7  18   0 0.00  0.0    0  4.8 12  10   M    M   7        16  20
16  63  38  51  -3  14   0 0.00  0.0    0  2.8  9 320   M    M   0 8      12 310
17  71  34  53  -1  12   0 0.00  0.0    0  2.3  9 290   M    M   1 1      14 290
18  76  46  61   7   4   0 0.00  0.0    0  2.0  9 250   M    M   4        13 260
19  80  50  65  11   0   0 0.70  0.0    0  6.6 18 200   M    M   2 1      25 210
20  68  40  54   0  11   0 0.70  0.0    0 12.1 30 290   M    M   5 13     39 290
================================================================================
SM 1427  909       149  22  2.09     0.0 102.6          M       62
================================================================================
AV 71.4 45.5                               5.1 FASTST   M    M   3    MAX(MPH)
                                 MISC ---->  # 30 290               # 39  280
================================================================================
NOTES:
# LAST OF SEVERAL OCCURRENCES

COLUMN 17 PEAK WIND IN M.P.H.

PRELIMINARY LOCAL CLIMATOLOGICAL DATA (WS FORM: F-6) , PAGE 2

                                          STATION:  GAINESVILLE FL
                                          MONTH:    JANUARY
                                          YEAR:     2019
                                          LATITUDE:   29 40 N
                                          LONGITUDE:  82 16 W

[TEMPERATURE DATA]      [PRECIPITATION DATA]       SYMBOLS USED IN COLUMN 16

AVERAGE MONTHLY: 58.4   TOTAL FOR MONTH:   2.09    1 = FOG OR MIST
DPTR FM NORMAL:   4.4   DPTR FM NORMAL:    0.11    2 = FOG REDUCING VISIBILITY
HIGHEST:    82 ON  1    GRTST 24HR  0.70 ON 20-20      TO 1/4 MILE OR LESS
LOWEST:     33 ON 11                               3 = THUNDER
                        SNOW, ICE PELLETS, HAIL    4 = ICE PELLETS
                        TOTAL MONTH:   0.0 INCH    5 = HAIL
                        GRTST 24HR     0.0         6 = FREEZING RAIN OR DRIZZLE
                        GRTST DEPTH:   0           7 = DUSTSTORM OR SANDSTORM:
                                                       VSBY 1/2 MILE OR LESS
                                                   8 = SMOKE OR HAZE
[NO. OF DAYS WITH]      [WEATHER - DAYS WITH]      9 = BLOWING SNOW
                                                   X = TORNADO
MAX 32 OR BELOW:   0    0.01 INCH OR MORE:   4
MAX 90 OR ABOVE:   0    0.10 INCH OR MORE:   4
MIN 32 OR BELOW:   0    0.50 INCH OR MORE:   3
MIN  0 OR BELOW:   0    1.00 INCH OR MORE:   0

[HDD (BASE 65) ]
TOTAL THIS MO.   149    CLEAR  (SCALE 0-3)  12
DPTR FM NORMAL   -79    PTCLDY (SCALE 4-7)   8
TOTAL FM JUL 1   501    CLOUDY (SCALE 8-10)  0
DPTR FM NORMAL  -184

[CDD (BASE 65) ]
TOTAL THIS MO.    22
DPTR FM NORMAL    22    [PRESSURE DATA]
TOTAL FM JAN 1    22    HIGHEST SLP M ON M
DPTR FM NORMAL    22    LOWEST  SLP 29.63 ON 20

[REMARKS]
