000
CXUS52 KJAX 200800
CF6GNV
PRELIMINARY LOCAL CLIMATOLOGICAL DATA (WS FORM: F-6)

                                          STATION:   GAINESVILLE FL
                                          MONTH:     JULY
                                          YEAR:      2018
                                          LATITUDE:   29 40 N
                                          LONGITUDE:  82 16 W

  TEMPERATURE IN F:       :PCPN:    SNOW:  WIND      :SUNSHINE: SKY     :PK WND
================================================================================
1   2   3   4   5  6A  6B    7    8   9   10  11  12  13   14  15   16   17  18
                                     12Z  AVG MX 2MIN
DY MAX MIN AVG DEP HDD CDD  WTR  SNW DPTH SPD SPD DIR MIN PSBL S-S WX    SPD DR
================================================================================

 1  90  74  82   1   0  17 0.05  0.0    0  5.6 15 200   M    M   3        20 210
 2  96  74  85   4   0  20 0.59  0.0    0  2.1 26 130   M    M   3 123    33 120
 3  95  73  84   3   0  19    T  0.0    0  2.4 18 190   M    M   2 13     22 190
 4  90  73  82   1   0  17 0.15  0.0    0  3.7 20  70   M    M   2 138    24 110
 5  89  72  81   0   0  16 0.09  0.0    0  3.8 16  50   M    M   2 138    19  30
 6  92  74  83   2   0  18 0.02  0.0    0  3.8 20 120   M    M   3 123    24  50
 7  91  72  82   1   0  17    T  0.0    0  3.0 16 260   M    M   3        19 270
 8  92  72  82   1   0  17    T  0.0    0  2.6 13 170   M    M   4 13     17  30
 9  91  74  83   2   0  18 0.25  0.0    0  4.2 15  40   M    M   3 13     19  20
10  95  75  85   4   0  20 0.00  0.0    0  3.3 10 230   M    M   5 13     16 330
11  95  74  85   4   0  20 0.00  0.0    0  2.9 10 200   M    M   2 1      13 200
12  93  73  83   2   0  18 0.00  0.0    0  3.5 16 250   M    M   2 1      22 250
13  94  75  85   4   0  20 0.00  0.0    0  3.9 21 250   M    M   2 13     26 260
14  95  75  85   4   0  20 0.03  0.0    0  3.4 18 300   M    M   2 38     21 310
15  93  74  84   3   0  19 0.37  0.0    0  2.3 25 130   M    M   1 138    43 140
16  92  74  83   2   0  18 0.50  0.0    0  2.5 30 220   M    M   2 138    39 210
17  91  76  84   3   0  19 0.48  0.0    0  3.8 22 210   M    M   2 13     31 180
18  89  76  83   2   0  18 0.06  0.0    0  5.5 16 260   M    M   2 13     22 240
19  86  77  82   1   0  17 0.09  0.0    0  6.1 22 210   M    M   4 13     30 210
================================================================================
SM 1749 1407         0 348  2.68     0.0  68.4          M       49
================================================================================
AV 92.1 74.1                               3.6 FASTST   M    M   3    MAX(MPH)
                                 MISC ---->  # 30 220               # 43  140
================================================================================
NOTES:
# LAST OF SEVERAL OCCURRENCES

COLUMN 17 PEAK WIND IN M.P.H.

PRELIMINARY LOCAL CLIMATOLOGICAL DATA (WS FORM: F-6) , PAGE 2

                                          STATION:  GAINESVILLE FL
                                          MONTH:    JULY
                                          YEAR:     2018
                                          LATITUDE:   29 40 N
                                          LONGITUDE:  82 16 W

[TEMPERATURE DATA]      [PRECIPITATION DATA]       SYMBOLS USED IN COLUMN 16

AVERAGE MONTHLY: 83.1   TOTAL FOR MONTH:   2.68    1 = FOG OR MIST
DPTR FM NORMAL:   2.1   DPTR FM NORMAL:   -1.17    2 = FOG REDUCING VISIBILITY
HIGHEST:    96 ON  2    GRTST 24HR  0.61 ON 30- 1      TO 1/4 MILE OR LESS
LOWEST:     72 ON  8, 7                            3 = THUNDER
                        SNOW, ICE PELLETS, HAIL    4 = ICE PELLETS
                        TOTAL MONTH:   0.0 INCH    5 = HAIL
                        GRTST 24HR     0.0         6 = FREEZING RAIN OR DRIZZLE
                        GRTST DEPTH:   0           7 = DUSTSTORM OR SANDSTORM:
                                                       VSBY 1/2 MILE OR LESS
                                                   8 = SMOKE OR HAZE
[NO. OF DAYS WITH]      [WEATHER - DAYS WITH]      9 = BLOWING SNOW
                                                   X = TORNADO
MAX 32 OR BELOW:   0    0.01 INCH OR MORE:  12
MAX 90 OR ABOVE:  16    0.10 INCH OR MORE:   6
MIN 32 OR BELOW:   0    0.50 INCH OR MORE:   2
MIN  0 OR BELOW:   0    1.00 INCH OR MORE:   0

[HDD (BASE 65) ]
TOTAL THIS MO.     0    CLEAR  (SCALE 0-3)  15
DPTR FM NORMAL     0    PTCLDY (SCALE 4-7)   4
TOTAL FM JUL 1     0    CLOUDY (SCALE 8-10)  0
DPTR FM NORMAL     0

[CDD (BASE 65) ]
TOTAL THIS MO.   348
DPTR FM NORMAL    44    [PRESSURE DATA]
TOTAL FM JAN 1  1551    HIGHEST SLP M ON M
DPTR FM NORMAL   298    LOWEST  SLP 29.89 ON 19

[REMARKS]
