000
CXUS54 KOUN 241407
CF6GOK
PRELIMINARY LOCAL CLIMATOLOGICAL DATA (WS FORM: F-6)

                                          STATION:   GUTHRIE MUNICIPAL
                                          MONTH:     JUNE
                                          YEAR:      2018
                                          LATITUDE:   35 50 N
                                          LONGITUDE:  97 25 W

  TEMPERATURE IN F:       :PCPN:    SNOW:  WIND      :SUNSHINE: SKY     :PK WND
================================================================================
1   2   3   4   5  6A  6B    7    8   9   10  11  12  13   14  15   16   17  18
                                     12Z  AVG MX 2MIN
DY MAX MIN AVG DEP HDD CDD  WTR  SNW DPTH SPD SPD DIR MIN PSBL S-S WX    SPD DR
================================================================================

 1  94  75  85  11   0  20 0.00  0.0    0 11.2 20 160   M    M   0        25 170
 2  89  68  79   5   0  14 0.00  0.0    0  8.7 17  40   M    M   0        27  10
 3  85  59  72  -2   0   7 0.00  0.0    0  5.8 15 100   M    M   0        18 110
 4  84  59  72  -3   0   7    T  0.0    0  6.9 16 160   M    M   1        24 140
 5  90  65  78   3   0  13    T  0.0    0  7.5 14 170   M    M   1        17 130
 6  93  72  83   8   0  18 0.00  0.0    0  8.5 16 130   M    M   1        27 150
 7  79  66  73  -2   0   8 0.93  0.0    0  9.4 25  80   M    M   4 13     33  40
 8  86  67  77   1   0  12 0.00  0.0    0  7.5 15 160   M    M   1        24 210
 9  93  72  83   7   0  18 0.00  0.0    0 12.1 22 180   M    M   0        28 170
10  93  74  84   8   0  19 0.00  0.0    0 12.1 20 160   M    M   0        26 170
11  92  75  84   8   0  19 0.00  0.0    0 12.4 20 170   M    M   0        27 170
12  87  68  78   1   0  13    M  0.0    0 11.4 33  90   M    M   1 13     42 100
13  94  72  83   6   0  18 0.00  0.0    0  7.1 16 170   M    M   0 1      33 330
14  95  75  85   8   0  20 0.00  0.0    0 12.1 22 170   M    M   0        28 190
15  93  77  85   7   0  20 0.00  0.0    0 12.7 21 170   M    M   0        28 150
16  93  77  85   7   0  20 0.00  0.0    0 13.0 22 180   M    M   0        27 180
17  92  76  84   6   0  19 0.00  0.0    0 12.3 23 170   M    M   0        31 180
18  90  75  83   5   0  18 0.00  0.0    0 10.3 20 150   M    M   3        26 160
19  87  72  80   2   0  15 0.00  0.0    0 10.2 18 180   M    M   3        23 180
20  88  69  79   0   0  14 0.02  0.0    0  4.3 12 300   M    M   2 1      17 340
21  92  68  80   1   0  15    T  0.0    0  6.6 17 270   M    M   0        21 300
22  85  64  75  -4   0  10 0.48  0.0    0  6.0 32 310   M    M   0 13     51 290
23  89  67  78  -1   0  13 0.06  0.0    0  7.0 21 170   M    M   2 13     31 200
================================================================================
SM 2063 1612         0 350  1.49     0.0 215.1          M       19
================================================================================
AV 89.7 70.1                               9.4 FASTST   M    M   1    MAX(MPH)
                                 MISC ---->  # 33  90               # 51  290
================================================================================
NOTES:
# LAST OF SEVERAL OCCURRENCES

COLUMN 17 PEAK WIND IN M.P.H.

PRELIMINARY LOCAL CLIMATOLOGICAL DATA (WS FORM: F-6) , PAGE 2

                                          STATION:  GUTHRIE MUNICIPAL
                                          MONTH:    JUNE
                                          YEAR:     2018
                                          LATITUDE:   35 50 N
                                          LONGITUDE:  97 25 W

[TEMPERATURE DATA]      [PRECIPITATION DATA]       SYMBOLS USED IN COLUMN 16

AVERAGE MONTHLY: 79.9   TOTAL FOR MONTH:   1.49    1 = FOG OR MIST
DPTR FM NORMAL:   3.2   DPTR FM NORMAL:   -2.42    2 = FOG REDUCING VISIBILITY
HIGHEST:    95 ON 14    GRTST 24HR  1.75 ON 31- 1      TO 1/4 MILE OR LESS
LOWEST:     59 ON  4, 3                            3 = THUNDER
                        SNOW, ICE PELLETS, HAIL    4 = ICE PELLETS
                        TOTAL MONTH:   0.0 INCH    5 = HAIL
                        GRTST 24HR     0.0         6 = FREEZING RAIN OR DRIZZLE
                        GRTST DEPTH:   0           7 = DUSTSTORM OR SANDSTORM:
                                                       VSBY 1/2 MILE OR LESS
                                                   8 = SMOKE OR HAZE
[NO. OF DAYS WITH]      [WEATHER - DAYS WITH]      9 = BLOWING SNOW
                                                   X = TORNADO
MAX 32 OR BELOW:   0    0.01 INCH OR MORE:   4
MAX 90 OR ABOVE:  13    0.10 INCH OR MORE:   2
MIN 32 OR BELOW:   0    0.50 INCH OR MORE:   1
MIN  0 OR BELOW:   0    1.00 INCH OR MORE:   0

[HDD (BASE 65) ]
TOTAL THIS MO.     0    CLEAR  (SCALE 0-3)  20
DPTR FM NORMAL     0    PTCLDY (SCALE 4-7)   3
TOTAL FM JUL 1  3581    CLOUDY (SCALE 8-10)  0
DPTR FM NORMAL    18

[CDD (BASE 65) ]
TOTAL THIS MO.   350
DPTR FM NORMAL    83    [PRESSURE DATA]
TOTAL FM JAN 1   738    HIGHEST SLP M ON M
DPTR FM NORMAL   222    LOWEST  SLP 29.64 ON 23

[REMARKS]
