000
CXUS54 KOUN 210700
CF6GOK
PRELIMINARY LOCAL CLIMATOLOGICAL DATA (WS FORM: F-6)

                                          STATION:   GUTHRIE MUNICIPAL
                                          MONTH:     SEPTEMBER
                                          YEAR:      2018
                                          LATITUDE:   35 50 N
                                          LONGITUDE:  97 25 W

  TEMPERATURE IN F:       :PCPN:    SNOW:  WIND      :SUNSHINE: SKY     :PK WND
================================================================================
1   2   3   4   5  6A  6B    7    8   9   10  11  12  13   14  15   16   17  18
                                     12Z  AVG MX 2MIN
DY MAX MIN AVG DEP HDD CDD  WTR  SNW DPTH SPD SPD DIR MIN PSBL S-S WX    SPD DR
================================================================================

 1  98  73  86   7   0  21 0.00  0.0    0 10.0 17 150   M    M   0        24 150
 2  94  73  84   5   0  19 0.00  0.0    0 10.4 20 160   M    M   0        27 150
 3  86  73  80   1   0  15 0.19  0.0    0  8.8 17 120   M    M   4 18     24 140
 4  81  73  77  -1   0  12 0.72  0.0    0  8.9 17 180   M    M   7 1      23 120
 5  86  72  79   1   0  14 0.24  0.0    0  4.9 17  90   M    M   6 13     23  80
 6  85  71  78   0   0  13 0.05  0.0    0  3.6  9  90   M    M   8 123    13  10
 7  78  71  75  -2   0  10 0.43  0.0    0  4.3  9 360   M    M   8 1      16  40
 8  76  65  71  -6   0   6 0.02  0.0    0  5.9 14  40   M    M  10 1      19  50
 9  78  59  69  -7   0   4 0.03  0.0    0  5.3 13  60   M    M   6 1      18  60
10  76  55  66 -10   0   1    T  0.0    0  2.6  9 180   M    M   4 1      12  70
11  83  63  73  -3   0   8    T  0.0    0  6.4 12 120   M    M   4        17 160
12  82  65  74  -1   0   9 0.00  0.0    0  7.8 15 160   M    M   7        21 170
13  83  70  77   2   0  12 0.00  0.0    0  9.5 16 180   M    M   6        21 180
14  90  69  80   5   0  15 0.00  0.0    0  6.8 14 160   M    M   0        19 160
15  81  70  76   2   0  11 0.12  0.0    0  1.2 13 220   M    M   2 1      18 220
16  91  69  80   6   0  15 0.00  0.0    0  3.1 12 180   M    M   1 1238   15 180
17  92  69  81   8   0  16 0.00  0.0    0  6.1 14 190   M    M   0        31  90
18  93  71  82   9   0  17 0.00  0.0    0  8.1 17 190   M    M   1        23 190
19  93  71  82  10   0  17 0.00  0.0    0  9.9 20 190   M    M   0        28 210
20  92  72  82  10   0  17    T  0.0    0 11.2 21 180   M    M   1        30 190
================================================================================
SM 1718 1374         0 252  1.80     0.0 134.8          M       75
================================================================================
AV 85.9 68.7                               6.7 FASTST   M    M   4    MAX(MPH)
                                 MISC ---->  # 21 180               # 31   90
================================================================================
NOTES:
# LAST OF SEVERAL OCCURRENCES

COLUMN 17 PEAK WIND IN M.P.H.

PRELIMINARY LOCAL CLIMATOLOGICAL DATA (WS FORM: F-6) , PAGE 2

                                          STATION:  GUTHRIE MUNICIPAL
                                          MONTH:    SEPTEMBER
                                          YEAR:     2018
                                          LATITUDE:   35 50 N
                                          LONGITUDE:  97 25 W

[TEMPERATURE DATA]      [PRECIPITATION DATA]       SYMBOLS USED IN COLUMN 16

AVERAGE MONTHLY: 77.3   TOTAL FOR MONTH:   1.80    1 = FOG OR MIST
DPTR FM NORMAL:   1.5   DPTR FM NORMAL:   -0.72    2 = FOG REDUCING VISIBILITY
HIGHEST:    98 ON  1    GRTST 24HR  0.72 ON  4- 4      TO 1/4 MILE OR LESS
LOWEST:     55 ON 10                               3 = THUNDER
                        SNOW, ICE PELLETS, HAIL    4 = ICE PELLETS
                        TOTAL MONTH:   0.0 INCH    5 = HAIL
                        GRTST 24HR     0.0         6 = FREEZING RAIN OR DRIZZLE
                        GRTST DEPTH:   0           7 = DUSTSTORM OR SANDSTORM:
                                                       VSBY 1/2 MILE OR LESS
                                                   8 = SMOKE OR HAZE
[NO. OF DAYS WITH]      [WEATHER - DAYS WITH]      9 = BLOWING SNOW
                                                   X = TORNADO
MAX 32 OR BELOW:   0    0.01 INCH OR MORE:   8
MAX 90 OR ABOVE:   8    0.10 INCH OR MORE:   5
MIN 32 OR BELOW:   0    0.50 INCH OR MORE:   1
MIN  0 OR BELOW:   0    1.00 INCH OR MORE:   0

[HDD (BASE 65) ]
TOTAL THIS MO.     0    CLEAR  (SCALE 0-3)   9
DPTR FM NORMAL    -3    PTCLDY (SCALE 4-7)   9
TOTAL FM JUL 1     0    CLOUDY (SCALE 8-10)  2
DPTR FM NORMAL    -3

[CDD (BASE 65) ]
TOTAL THIS MO.   252
DPTR FM NORMAL    32    [PRESSURE DATA]
TOTAL FM JAN 1  2183    HIGHEST SLP M ON M
DPTR FM NORMAL   247    LOWEST  SLP 29.78 ON 20

[REMARKS]
