854
CXUS54 KFWD 180730
CF6GOP
PRELIMINARY LOCAL CLIMATOLOGICAL DATA (WS FORM: F-6)

                                          STATION:   GATESVILLE
                                          MONTH:     DECEMBER
                                          YEAR:      2018
                                          LATITUDE:   31 25 N
                                          LONGITUDE:  97 48 W

  TEMPERATURE IN F:       :PCPN:    SNOW:  WIND      :SUNSHINE: SKY     :PK WND
================================================================================
1   2   3   4   5  6A  6B    7    8   9   10  11  12  13   14  15   16   17  18
                                     12Z  AVG MX 2MIN
DY MAX MIN AVG DEP HDD CDD  WTR  SNW DPTH SPD SPD DIR MIN PSBL S-S WX    SPD DR
================================================================================

 1  73  54  64  14   1   0 0.00  0.0    0 11.8 21 270   M    M   0        30 260
 2  63  45  54   4  11   0 0.00  0.0    0  4.1  9 230   M    M   0        13  99
 3  55  37  46  -3  19   0 0.00  0.0    0  3.8 10  50   M    M   0         M  M
 4  52  32  42  -7  23   0 0.00  0.0    0  1.6  8  40   M    M   0         M  M
 5  55  32  44  -5  21   0 0.00  0.0    0  1.9  7 150   M    M   2         M  M
 6  52  46  49   1  16   0 0.06    M    0  2.5  9 150   M    M  10 1       M  M
 7  50  43  47  -1  18   0 0.77    M    0  8.2 12 350   M    M  10 1      15 360
 8  43  37  40  -8  25   0 0.01    M    0 11.5 15 320   M    M  10 1      23  10
 9  46  36  41  -7  24   0 0.00  0.0    0  7.2 13 330   M    M   7        15 300
10  59  30  45  -2  20   0 0.00  0.0    0  0.9  5 200   M    M   0         M  M
11  59  32  46  -1  19   0 0.00  0.0    0  6.0 17 170   M    M   0        17 170
12  64  46  55   8  10   0 0.00  0.0    0  6.5 17 190   M    M   1 1      18 190
13  63  39  51   5  14   0 0.00  0.0    0 11.1 21 250   M    M   5 1      30 290
14  52  39  46   0  19   0 0.00  0.0    0 14.7 21 310   M    M  10 1      31 290
15  64  36  50   4  15   0 0.00  0.0    0  6.0 12 320   M    M   0        17 310
16  63  34  49   3  16   0 0.00  0.0    0  2.7  8 220   M    M   0        15 220
17  63  37  50   4  15   0 0.00  0.0    0  1.5  6 310   M    M   0         M  M
================================================================================
SM  976  655       286   0  0.84     0.0 102.0          M       55
================================================================================
AV 57.4 38.5                               6.0 FASTST   M    M   3    MAX(MPH)
                                 MISC ---->  # 21 270               # 31  290
================================================================================
NOTES:
# LAST OF SEVERAL OCCURRENCES

COLUMN 17 PEAK WIND IN M.P.H.

PRELIMINARY LOCAL CLIMATOLOGICAL DATA (WS FORM: F-6) , PAGE 2

                                          STATION:  GATESVILLE
                                          MONTH:    DECEMBER
                                          YEAR:     2018
                                          LATITUDE:   31 25 N
                                          LONGITUDE:  97 48 W

[TEMPERATURE DATA]      [PRECIPITATION DATA]       SYMBOLS USED IN COLUMN 16

AVERAGE MONTHLY: 48.0   TOTAL FOR MONTH:   0.84    1 = FOG OR MIST
DPTR FM NORMAL:   0.3   DPTR FM NORMAL:       M    2 = FOG REDUCING VISIBILITY
HIGHEST:    73 ON  1    GRTST 24HR  0.77 ON  7- 7      TO 1/4 MILE OR LESS
LOWEST:     30 ON 10                               3 = THUNDER
                        SNOW, ICE PELLETS, HAIL    4 = ICE PELLETS
                        TOTAL MONTH:   0.0 INCH    5 = HAIL
                        GRTST 24HR     0.0         6 = FREEZING RAIN OR DRIZZLE
                        GRTST DEPTH:   0           7 = DUSTSTORM OR SANDSTORM:
                                                       VSBY 1/2 MILE OR LESS
                                                   8 = SMOKE OR HAZE
[NO. OF DAYS WITH]      [WEATHER - DAYS WITH]      9 = BLOWING SNOW
                                                   X = TORNADO
MAX 32 OR BELOW:   0    0.01 INCH OR MORE:   3
MAX 90 OR ABOVE:   0    0.10 INCH OR MORE:   1
MIN 32 OR BELOW:   4    0.50 INCH OR MORE:   1
MIN  0 OR BELOW:   0    1.00 INCH OR MORE:   0

[HDD (BASE 65) ]
TOTAL THIS MO.   286    CLEAR  (SCALE 0-3)  11
DPTR FM NORMAL   -10    PTCLDY (SCALE 4-7)   2
TOTAL FM JUL 1   742    CLOUDY (SCALE 8-10)  4
DPTR FM NORMAL    53

[CDD (BASE 65) ]
TOTAL THIS MO.     0
DPTR FM NORMAL     0    [PRESSURE DATA]
TOTAL FM JAN 1  3016    HIGHEST SLP M ON M
DPTR FM NORMAL   702    LOWEST  SLP M ON M

[REMARKS]
