000
CXUS54 KFWD 230658
CF6GOP
PRELIMINARY LOCAL CLIMATOLOGICAL DATA (WS FORM: F-6)

                                          STATION:   GATESVILLE
                                          MONTH:     SEPTEMBER
                                          YEAR:      2018
                                          LATITUDE:   31 25 N
                                          LONGITUDE:  97 48 W

  TEMPERATURE IN F:       :PCPN:    SNOW:  WIND      :SUNSHINE: SKY     :PK WND
================================================================================
1   2   3   4   5  6A  6B    7    8   9   10  11  12  13   14  15   16   17  18
                                     12Z  AVG MX 2MIN
DY MAX MIN AVG DEP HDD CDD  WTR  SNW DPTH SPD SPD DIR MIN PSBL S-S WX    SPD DR
================================================================================

 1  95  73  84   3   0  19 0.01  0.0    0  3.4  8  90   M    M   1        16  90
 2  95  73  84   4   0  19 0.00  0.0    0  3.0  9  60   M    M   1 8      16  60
 3  91  73  82   2   0  17 0.31  0.0    0  1.3  9 190   M    M   4 38     15  90
 4  88  72  80   0   0  15 2.21  0.0    0  4.7 12 180   M    M   6 13     14 120
 5  90  73  82   2   0  17    T  0.0    0  1.9  9  40   M    M   1 1       M  M
 6  90  73  82   3   0  17 0.06  0.0    0  0.6  6 320   M    M   1 13      M  M
 7  90  72  81   2   0  16 0.00  0.0    0  1.9 12 330   M    M   2 1       M  M
 8  82  72  77  -2   0  12 0.12  0.0    0  1.2 13 280   M    M   5        18 290
 9  77  70  74  -4   0   9 0.15  0.0    0  2.4  7  10   M    M   9 1      16  30
10  77  68  73  -5   0   8 0.00  0.0    0  1.7  7 360   M    M   7        12  99
11  81  70  76  -2   0  11 0.66  0.0    0  1.3  9  70   M    M   6 1       M  M
12  84  72  78   0   0  13 0.26  0.0    0  2.1  7  99   M    M   5 1      15  99
13  88  72  80   3   0  15 0.00  0.0    0  1.7  7  80   M    M   4 1      14 100
14  81  70  76  -1   0  11 0.62  0.0    0  2.4  8  80   M    M   4 1      15  50
15  88  72  80   4   0  15 0.00  0.0    0  4.2 10  70   M    M   2 13     18 150
16  90  70  80   4   0  15 0.00  0.0    0  1.3  7 190   M    M   1 1       M  M
17  91  72  82   6   0  17 0.00  0.0    0  2.4  9 200   M    M   0        12 190
18  93  73  83   7   0  18 0.00  0.0    0  3.6  8 160   M    M   0        15 160
19  93  70  82   7   0  17 0.00  0.0    0  4.3 10 140   M    M   0        14 170
20  88  70  79   4   0  14 1.13  0.0    0  3.6  8 170   M    M   2 3      17  99
21  86  73  80   6   0  15 0.08  0.0    0  6.6 15 200   M    M   4 1      16 160
22  73  66  70  -4   0   5 0.34  0.0    0  7.3 12 180   M    M   8 1      18 180
================================================================================
SM 1911 1569         0 315  5.95     0.0  62.9          M       73
================================================================================
AV 86.9 71.3                               2.9 FASTST   M    M   3    MAX(MPH)
                                 MISC ---->  # 15 200               # 18  290
================================================================================
NOTES:
# LAST OF SEVERAL OCCURRENCES

COLUMN 17 PEAK WIND IN M.P.H.

PRELIMINARY LOCAL CLIMATOLOGICAL DATA (WS FORM: F-6) , PAGE 2

                                          STATION:  GATESVILLE
                                          MONTH:    SEPTEMBER
                                          YEAR:     2018
                                          LATITUDE:   31 25 N
                                          LONGITUDE:  97 48 W

[TEMPERATURE DATA]      [PRECIPITATION DATA]       SYMBOLS USED IN COLUMN 16

AVERAGE MONTHLY: 79.1   TOTAL FOR MONTH:   5.95    1 = FOG OR MIST
DPTR FM NORMAL:   1.5   DPTR FM NORMAL:       M    2 = FOG REDUCING VISIBILITY
HIGHEST:    95 ON  2, 1 GRTST 24HR  2.21 ON  4- 4      TO 1/4 MILE OR LESS
LOWEST:     66 ON 22                               3 = THUNDER
                        SNOW, ICE PELLETS, HAIL    4 = ICE PELLETS
                        TOTAL MONTH:   0.0 INCH    5 = HAIL
                        GRTST 24HR     0.0         6 = FREEZING RAIN OR DRIZZLE
                        GRTST DEPTH:   0           7 = DUSTSTORM OR SANDSTORM:
                                                       VSBY 1/2 MILE OR LESS
                                                   8 = SMOKE OR HAZE
[NO. OF DAYS WITH]      [WEATHER - DAYS WITH]      9 = BLOWING SNOW
                                                   X = TORNADO
MAX 32 OR BELOW:   0    0.01 INCH OR MORE:  12
MAX 90 OR ABOVE:  10    0.10 INCH OR MORE:   9
MIN 32 OR BELOW:   0    0.50 INCH OR MORE:   4
MIN  0 OR BELOW:   0    1.00 INCH OR MORE:   2

[HDD (BASE 65) ]
TOTAL THIS MO.     0    CLEAR  (SCALE 0-3)  11
DPTR FM NORMAL     0    PTCLDY (SCALE 4-7)  10
TOTAL FM JUL 1     0    CLOUDY (SCALE 8-10)  1
DPTR FM NORMAL     0

[CDD (BASE 65) ]
TOTAL THIS MO.   315
DPTR FM NORMAL    35    [PRESSURE DATA]
TOTAL FM JAN 1  2774    HIGHEST SLP M ON M
DPTR FM NORMAL   665    LOWEST  SLP M ON M

[REMARKS]
