857
CXUS54 KFWD 270731
CF6GOP
PRELIMINARY LOCAL CLIMATOLOGICAL DATA (WS FORM: F-6)

                                          STATION:   GATESVILLE
                                          MONTH:     MAY
                                          YEAR:      2024
                                          LATITUDE:   31 25 N
                                          LONGITUDE:  97 48 W

  TEMPERATURE IN F:       :PCPN:    SNOW:  WIND      :SUNSHINE: SKY     :PK WND
================================================================================
1   2   3   4   5  6A  6B    7    8   9   10  11  12  13   14  15   16   17  18
                                     12Z  AVG MX 2MIN
DY MAX MIN AVG DEP HDD CDD  WTR  SNW DPTH SPD SPD DIR MIN PSBL S-S WX    SPD DR
================================================================================

 1  81  68  75   7   0  10 0.01    M    M  6.6 12 140   M    M   4        17   M
 2  77  64  71   2   0   6 1.77    M    M  4.9 12 150   M    M   8 3      29  90
 3  75  66  71   2   0   6 0.22    M    M  3.9 12 120   M    M   5 3      22 110
 4  73  66  70   1   0   5 1.59    M    M  7.2 22  10   M    M   8 13     35  10
 5  81  63  72   3   0   7 0.93    M    M  3.8 14 320   M    M   5        20 320
 6  84  70  77   7   0  12 0.00    M    M  9.0 14 150   M    M   5        23 150
 7  91  72  82  12   0  17 0.00    M    M  7.5 12 150   M    M   4        20 180
 8  91  75  83  13   0  18 0.02    M    M  8.4 16 190   M    M   4        23 170
 9  90  70  80  10   0  15 0.06    M    M  5.6 12  30   M    M   8        31   0
10  81  63  72   1   0   7 0.04    M    M  6.3 15  40   M    M   4        24  40
11  81  61  71   0   0   6 0.22    M    M  3.6 10  60   M    M   4 3      18  99
12  68  64  66  -5   0   1 0.62    M    M  3.8  8  80   M    M   8 3      20  80
13  82  64  73   2   0   8 0.00    M    M  2.1  7 340   M    M   3 1       M   M
14  88  59  74   2   0   9 0.00    M    M  3.8  9 310   M    M   0        13  99
15  90  63  77   5   0  12 0.00    M    M  6.4 12 140   M    M   0        21 180
16  75  64  70  -2   0   5 1.31    M    M  7.9 17  50   M    M   8 3      26 360
17  86  59  73   1   0   8 0.00    M    M  3.2  8 220   M    M   2        15   0
18  93  68  81   9   0  16 0.00    M    M  4.8 10 220   M    M   2        15 180
19  90  72  81   8   0  16 0.00    M    M  7.5 14 150   M    M   1        21 150
20  90  68  79   6   0  14 0.00    M    M  8.7 14 150   M    M   1        23 140
21  90  75  83  10   0  18 0.00    M    M  8.1 16 190   M    M   6        23 190
22  90  68  79   5   0  14 0.55    M    M  7.2 26 320   M    M   7 3      43 320
23  82  68  75   1   0  10 2.78    M    M  6.1 16 330   M    M   6 13     35 330
24  88  72  80   6   0  15 0.00    M    M  6.4 13 190   M    M   8        18 190
25  93  75  84  10   0  19 0.00    M    M  7.9 14 150   M    M   4        23 150
26  95  75  85  11   0  20 0.00    M    M  9.0 17 190   M    M   2        24 150
================================================================================
SM 2205 1752         0 294 10.12    M    159.5          M      117
================================================================================
AV 84.8 67.4                               6.1 FASTST   M    M   5    MAX(MPH)
                                 MISC ---->    26 320                 43 320
================================================================================
NOTES:
# LAST OF SEVERAL OCCURRENCES

COLUMN 17 PEAK WIND IN M.P.H.

PRELIMINARY LOCAL CLIMATOLOGICAL DATA (WS FORM: F-6) , PAGE 2

                                          STATION:   GATESVILLE
                                          MONTH:     MAY
                                          YEAR:      2024
                                          LATITUDE:   31 25 N
                                          LONGITUDE:  97 48 W

[TEMPERATURE DATA]      [PRECIPITATION DATA]       SYMBOLS USED IN COLUMN 16

AVERAGE MONTHLY: 76.1   TOTAL FOR MONTH:  10.12    1 = FOG OR MIST
DPTR FM NORMAL:   4.7   DPTR FM NORMAL:   10.12    2 = FOG REDUCING VISIBILITY
HIGHEST:    95 ON 26    GRTST 24HR  2.78 ON 23-23      TO 1/4 MILE OR LESS
LOWEST:     59 ON 17,14                             3 = THUNDER
                        SNOW, ICE PELLETS, HAIL    4 = ICE PELLETS
                        TOTAL MONTH:  M            5 = HAIL
                        GRTST 24HR    M  ON   M    6 = FREEZING RAIN OR DRIZZLE
                        GRTST DEPTH:  M  ON   M    7 = DUSTSTORM OR SANDSTORM:
                                                       VSBY 1/2 MILE OR LESS
                                                   8 = SMOKE OR HAZE
[NO. OF DAYS WITH]      [WEATHER - DAYS WITH]      9 = BLOWING SNOW
                                                   X = TORNADO
MAX 32 OR BELOW:   0    0.01 INCH OR MORE:  13
MAX 90 OR ABOVE:  11    0.10 INCH OR MORE:   9
MIN 32 OR BELOW:   0    0.50 INCH OR MORE:   7
MIN  0 OR BELOW:   0    1.00 INCH OR MORE:   4

[HDD (BASE 65) ]
TOTAL THIS MO.     0    CLEAR  (SCALE 0-3)   7
DPTR FM NORMAL   -10    PTCLDY (SCALE 4-7)  17
TOTAL FM JUL 1  1722    CLOUDY (SCALE 8-10)  2
DPTR FM NORMAL  -732

[CDD (BASE 65) ]
TOTAL THIS MO.   294
DPTR FM NORMAL   113    [PRESSURE DATA]
TOTAL FM JAN 1   558    HIGHEST SLP M ON M
DPTR FM NORMAL   275    LOWEST  SLP M ON M

[REMARKS]