923
CXUS55 KMSO 190900
CF6GPI
PRELIMINARY LOCAL CLIMATOLOGICAL DATA (WS FORM: F-6)

                                          STATION:   KALISPELL MT
                                          MONTH:     JUNE
                                          YEAR:      2018
                                          LATITUDE:   48 17 N
                                          LONGITUDE: 114 16 W

  TEMPERATURE IN F:       :PCPN:    SNOW:  WIND      :SUNSHINE: SKY     :PK WND
================================================================================
1   2   3   4   5  6A  6B    7    8   9   10  11  12  13   14  15   16   17  18
                                     12Z  AVG MX 2MIN
DY MAX MIN AVG DEP HDD CDD  WTR  SNW DPTH SPD SPD DIR MIN PSBL S-S WX    SPD DR
================================================================================

 1  57  44  51  -5  14   0 0.22  0.0    0  6.6 16 140   M    M   9 1      20 140
 2  70  36  53  -3  12   0 0.00  0.0    0  6.7 17 160   M    M   2 1      23 150
 3  81  40  61   5   4   0 0.14  0.0    0  4.5 31 280   M    M   1 3      43 130
 4  72  45  59   3   6   0 0.01    M    0  9.4 21 230   M    M   4 1      28 220
 5  70  35  53  -3  12   0 0.00  0.0    0  5.0 16 170   M    M   0        22 190
 6  76  35  56  -1   9   0 0.00  0.0    0  1.8  9 190   M    M   0        13 110
 7  80  43  62   5   3   0 0.06  0.0    0  4.7 23 110   M    M   1 3      29 120
 8  79  50  65   8   0   0 0.00  0.0    0  6.3 20 150   M    M   2        24 160
 9  73  46  60   3   5   0 0.03  0.0    0  4.8 22 270   M    M   4        28 270
10  58  41  50  -7  15   0 0.30  0.0    0 11.7 23 240   M    M   8 1      33 240
11  61  36  49  -8  16   0 0.01  0.0    0  8.1 17 280   M    M   7        37 280
12  70  36  53  -5  12   0    T  0.0    0  5.9 20 240   M    M   2        25 240
13  73  48  61   3   4   0 0.00  0.0    0  3.4 15 360   M    M   6        20 360
14  67  41  54  -4  11   0 0.00  0.0    0  8.6 23 230   M    M   7        29 230
15  74  35  55  -3  10   0 0.00  0.0    0  4.6 20  20   M    M   0 1      23  30
16  63  51  57  -1   8   0    T  0.0    0 12.7 23  30   M    M   4        30  30
17  71  49  60   2   5   0 0.00  0.0    0 10.2 22  40   M    M   8        29  50
18  67  56  62   3   3   0    T  0.0    0  9.2 18  30   M    M   8        22  30
================================================================================
SM 1262  767       149   0  0.77     0.0 124.2          M       73
================================================================================
AV 70.1 42.6                               6.9 FASTST   M    M   4    MAX(MPH)
                                 MISC ---->  # 31 280               # 43  130
================================================================================
NOTES:
# LAST OF SEVERAL OCCURRENCES

COLUMN 17 PEAK WIND IN M.P.H.

PRELIMINARY LOCAL CLIMATOLOGICAL DATA (WS FORM: F-6) , PAGE 2

                                          STATION:  KALISPELL MT
                                          MONTH:    JUNE
                                          YEAR:     2018
                                          LATITUDE:   48 17 N
                                          LONGITUDE: 114 16 W

[TEMPERATURE DATA]      [PRECIPITATION DATA]       SYMBOLS USED IN COLUMN 16

AVERAGE MONTHLY: 56.4   TOTAL FOR MONTH:   0.77    1 = FOG OR MIST
DPTR FM NORMAL:  -0.8   DPTR FM NORMAL:   -0.82    2 = FOG REDUCING VISIBILITY
HIGHEST:    81 ON  3    GRTST 24HR  0.30 ON 10-10      TO 1/4 MILE OR LESS
LOWEST:     35 ON 15, 6                            3 = THUNDER
                        SNOW, ICE PELLETS, HAIL    4 = ICE PELLETS
                        TOTAL MONTH:   0.0 INCH    5 = HAIL
                        GRTST 24HR     0.0         6 = FREEZING RAIN OR DRIZZLE
                        GRTST DEPTH:   0           7 = DUSTSTORM OR SANDSTORM:
                                                       VSBY 1/2 MILE OR LESS
                                                   8 = SMOKE OR HAZE
[NO. OF DAYS WITH]      [WEATHER - DAYS WITH]      9 = BLOWING SNOW
                                                   X = TORNADO
MAX 32 OR BELOW:   0    0.01 INCH OR MORE:   7
MAX 90 OR ABOVE:   0    0.10 INCH OR MORE:   3
MIN 32 OR BELOW:   0    0.50 INCH OR MORE:   0
MIN  0 OR BELOW:   0    1.00 INCH OR MORE:   0

[HDD (BASE 65) ]
TOTAL THIS MO.   149    CLEAR  (SCALE 0-3)   8
DPTR FM NORMAL     3    PTCLDY (SCALE 4-7)   8
TOTAL FM JUL 1  7732    CLOUDY (SCALE 8-10)  2
DPTR FM NORMAL  -237

[CDD (BASE 65) ]
TOTAL THIS MO.     0
DPTR FM NORMAL     0    [PRESSURE DATA]
TOTAL FM JAN 1     0    HIGHEST SLP M ON M
DPTR FM NORMAL    -3    LOWEST  SLP 29.59 ON  9

[REMARKS]
