000
CXUS53 KGRR 231731
CF6GRR
PRELIMINARY LOCAL CLIMATOLOGICAL DATA (WS FORM: F-6)

                                          STATION:   GRAND RAPIDS
                                          MONTH:     JUNE
                                          YEAR:      2018
                                          LATITUDE:   42 52 N
                                          LONGITUDE:  85 31 W

  TEMPERATURE IN F:       :PCPN:    SNOW:  WIND      :SUNSHINE: SKY     :PK WND
================================================================================
1   2   3   4   5  6A  6B    7    8   9   10  11  12  13   14  15   16   17  18
                                     12Z  AVG MX 2MIN
DY MAX MIN AVG DEP HDD CDD  WTR  SNW DPTH SPD SPD DIR MIN PSBL S-S WX    SPD DR
================================================================================

 1  85  62  74  10   0   9 0.00  0.0    0  8.4 21  80 772   85   4 1      24  70
 2  67  56  62  -2   3   0 0.00  0.0    0 11.6 20  90 358   39   7        23  90
 3  71  57  64  -1   1   0 0.52  0.0    0 11.3 22 280  93   10   9 18     30 280
 4  72  56  64  -1   1   0 0.23  0.0    0 13.9 32 350 813   89   5 13     52 350
 5  72  53  63  -2   2   0 0.06  0.0    0  8.6 16 360 722   79   5 13     21  10
 6  73  48  61  -5   4   0 0.00  0.0    0  4.8 14 170 698   76   4        17 130
 7  84  55  70   4   0   5 0.00  0.0    0  4.2 16 330 773   85   5        21 320
 8  82  60  71   5   0   6    T  0.0    0  8.5 15  70 485   53   7        20  70
 9  71  60  66  -1   0   1 0.92  0.0    0 11.2 17  70   0    0   9 13     21  70
10  69  58  64  -3   1   0    T  0.0    0 12.8 21  80   0    0   9        27  70
11  80  59  70   3   0   5 0.00  0.0    0 13.2 22  90 690   75   4        27  70
12  78  60  69   1   0   4 0.00  0.0    0  7.4 14 110 449   49   6 1      16 110
13  79  61  70   2   0   5    T  0.0    0 11.0 25 320 610   66   5 18     32 290
14  83  57  70   2   0   5 0.00  0.0    0  5.4 14 280 820   89   5        20 280
15  84  57  71   3   0   6 0.00  0.0    0  6.5 17 180 585   64   6        20 180
16  84  69  77   8   0  12 0.17  0.0    0  6.6 22 270 188   20   7 13     29 280
17  92  70  81  12   0  16 0.00  0.0    0 10.9 21 220 826   90   6        26 220
18  90  72  81  12   0  16 0.12  0.0    0 11.8 23 250 201   22   6 18     28 260
19  76  67  72   2   0   7 0.01  0.0    0 10.5 18 100   2    0   9        22 100
20  74  62  68  -2   0   3 0.01  0.0    0  7.6 16  90  46    5   9 1      26 330
21  77  58  68  -2   0   3 0.00  0.0    0  9.3 20 110 155   17   6 1      24  70
22  74  59  67  -3   0   2    T  0.0    0 11.7 18  70 187   20   8        24  90
================================================================================
SM 1717 1316        12 105  2.04     0.0 207.2         9473    141
================================================================================
AV 78.1 59.8                               9.4 FASTST  431  47   6    MAX(MPH)
                                 MISC ---->  # 32 350               # 52  350
================================================================================
NOTES:
# LAST OF SEVERAL OCCURRENCES

COLUMN 17 PEAK WIND IN M.P.H.

PRELIMINARY LOCAL CLIMATOLOGICAL DATA (WS FORM: F-6) , PAGE 2

                                          STATION:  GRAND RAPIDS
                                          MONTH:    JUNE
                                          YEAR:     2018
                                          LATITUDE:   42 52 N
                                          LONGITUDE:  85 31 W

[TEMPERATURE DATA]      [PRECIPITATION DATA]       SYMBOLS USED IN COLUMN 16

AVERAGE MONTHLY: 68.9   TOTAL FOR MONTH:   2.04    1 = FOG OR MIST
DPTR FM NORMAL:   1.6   DPTR FM NORMAL:   -0.75    2 = FOG REDUCING VISIBILITY
HIGHEST:    92 ON 17    GRTST 24HR  0.92 ON  9- 9      TO 1/4 MILE OR LESS
LOWEST:     48 ON  6                               3 = THUNDER
                        SNOW, ICE PELLETS, HAIL    4 = ICE PELLETS
                        TOTAL MONTH:   0.0 INCH    5 = HAIL
                        GRTST 24HR     0.0         6 = FREEZING RAIN OR DRIZZLE
                        GRTST DEPTH:   0           7 = DUSTSTORM OR SANDSTORM:
                                                       VSBY 1/2 MILE OR LESS
                                                   8 = SMOKE OR HAZE
[NO. OF DAYS WITH]      [WEATHER - DAYS WITH]      9 = BLOWING SNOW
                                                   X = TORNADO
MAX 32 OR BELOW:   0    0.01 INCH OR MORE:   8
MAX 90 OR ABOVE:   2    0.10 INCH OR MORE:   5
MIN 32 OR BELOW:   0    0.50 INCH OR MORE:   2
MIN  0 OR BELOW:   0    1.00 INCH OR MORE:   0

[HDD (BASE 65) ]
TOTAL THIS MO.    12    CLEAR  (SCALE 0-3)   0
DPTR FM NORMAL   -29    PTCLDY (SCALE 4-7)  17
TOTAL FM JUL 1  6456    CLOUDY (SCALE 8-10)  5
DPTR FM NORMAL   -25

[CDD (BASE 65) ]
TOTAL THIS MO.   105
DPTR FM NORMAL    12    [PRESSURE DATA]
TOTAL FM JAN 1   213    HIGHEST SLP M ON M
DPTR FM NORMAL    73    LOWEST  SLP 29.72 ON 22

[REMARKS]
