000
CXUS52 KRAH 231345
CF6GSO
PRELIMINARY LOCAL CLIMATOLOGICAL DATA (WS FORM: F-6)

                                          STATION:   PIEDMONT TRIAD INTL AIRPORT NC
                                          MONTH:     JANUARY
                                          YEAR:      2019
                                          LATITUDE:   36  4 N
                                          LONGITUDE:  79 57 W

  TEMPERATURE IN F:       :PCPN:    SNOW:  WIND      :SUNSHINE: SKY     :PK WND
================================================================================
1   2   3   4   5  6A  6B    7    8   9   10  11  12  13   14  15   16   17  18
                                     12Z  AVG MX 2MIN
DY MAX MIN AVG DEP HDD CDD  WTR  SNW DPTH SPD SPD DIR MIN PSBL S-S WX    SPD DR
================================================================================

 1  66  48  57  18   8   0 0.01  0.0    0  8.5 18 230   M    M  10 1      26 210
 2  51  44  48   9  17   0 0.10  0.0    0  5.6 14  70   M    M   9 1      18 120
 3  56  44  50  11  15   0 0.39  0.0    0  3.3 12 210   M    M  10 12     14 210
 4  56  47  52  13  13   0 0.53  0.0    0  5.7 23 150   M    M  10 12     28 150
 5  61  44  53  14  12   0 0.00  0.0    0 14.1 26 300   M    M   2        43 290
 6  66  42  54  15  11   0 0.00  0.0    0  7.0 17 310   M    M   5        21 320
 7  50  40  45   6  20   0 0.00  0.0    0  6.3 14  80   M    M   7        18  80
 8  65  44  55  16  10   0    T  0.0    0  9.3 22 240   M    M   7 1      26 230
 9  56  35  46   8  19   0 0.00  0.0    0 15.0 28 300   M    M   2        34 280
10  39  24  32  -6  33   0 0.00  0.0    0 10.1 22 320   M    M   5        29 290
11  44  19  32  -6  33   0 0.00  0.0    0  2.3  7  90   M    M   3        10  60
12  38  31  35  -4  30   0 0.17    T    0  6.8 13  50   M    M  10 146    16  30
13  34  31  33  -6  32   0 0.86  0.0    0  9.2 17  60   M    M  10 16     21  60
14  38  31  35  -4  30   0    T  0.0    0  4.4 12  30   M    M  10 1      16  50
15  48  30  39   0  26   0 0.00  0.0    0  3.2 10 280   M    M   6 1      14 270
16  52  24  38  -1  27   0 0.00  0.0    0  6.6 17 310   M    M   2        21 310
17  43  29  36  -3  29   0 0.04  0.0    0  4.7 12 130   M    M   8 1      15 150
18  56  36  46   7  19   0    T  0.0    0  4.6 12 230   M    M   8 18     16 320
19  54  42  48   9  17   0 0.66  0.0    0  8.3 21 170   M    M  10 1      26 180
20  57  23  40   1  25   0 0.12  0.0    0 17.6 29 310   M    M   5 1      38 310
21  31  14  23 -16  42   0 0.00  0.0    0  8.8 17 310   M    M   1        24 360
22  37  18  28 -11  37   0    T  0.0    0  4.9 12 170   M    M   4        13 170
================================================================================
SM 1098  740       505   0  2.88    T    166.3          M      144
================================================================================
AV 49.9 33.6                               7.6 FASTST   M    M   7    MAX(MPH)
                                 MISC ---->  # 29 310               # 43  290
================================================================================
NOTES:
# LAST OF SEVERAL OCCURRENCES

COLUMN 17 PEAK WIND IN M.P.H.

PRELIMINARY LOCAL CLIMATOLOGICAL DATA (WS FORM: F-6) , PAGE 2

                                          STATION:  PIEDMONT TRIAD INTL AIRPORT NC
                                          MONTH:    JANUARY
                                          YEAR:     2019
                                          LATITUDE:   36  4 N
                                          LONGITUDE:  79 57 W

[TEMPERATURE DATA]      [PRECIPITATION DATA]       SYMBOLS USED IN COLUMN 16

AVERAGE MONTHLY: 41.8   TOTAL FOR MONTH:   2.88    1 = FOG OR MIST
DPTR FM NORMAL:   2.9   DPTR FM NORMAL:    0.68    2 = FOG REDUCING VISIBILITY
HIGHEST:    66 ON  6, 1 GRTST 24HR  0.86 ON 13-13      TO 1/4 MILE OR LESS
LOWEST:     14 ON 21                               3 = THUNDER
                        SNOW, ICE PELLETS, HAIL    4 = ICE PELLETS
                        TOTAL MONTH:    T          5 = HAIL
                        GRTST 24HR    T  ON 12-12  6 = FREEZING RAIN OR DRIZZLE
                        GRTST DEPTH:   0           7 = DUSTSTORM OR SANDSTORM:
                                                       VSBY 1/2 MILE OR LESS
                                                   8 = SMOKE OR HAZE
[NO. OF DAYS WITH]      [WEATHER - DAYS WITH]      9 = BLOWING SNOW
                                                   X = TORNADO
MAX 32 OR BELOW:   1    0.01 INCH OR MORE:   9
MAX 90 OR ABOVE:   0    0.10 INCH OR MORE:   7
MIN 32 OR BELOW:  11    0.50 INCH OR MORE:   3
MIN  0 OR BELOW:   0    1.00 INCH OR MORE:   0

[HDD (BASE 65) ]
TOTAL THIS MO.   505    CLEAR  (SCALE 0-3)   4
DPTR FM NORMAL   -67    PTCLDY (SCALE 4-7)  10
TOTAL FM JUL 1  1945    CLOUDY (SCALE 8-10)  8
DPTR FM NORMAL   -41

[CDD (BASE 65) ]
TOTAL THIS MO.     0
DPTR FM NORMAL     0    [PRESSURE DATA]
TOTAL FM JAN 1     0    HIGHEST SLP M ON M
DPTR FM NORMAL     0    LOWEST  SLP 29.37 ON 20

[REMARKS]
