000
CXUS56 KTFX 181205
CF6GTF
PRELIMINARY LOCAL CLIMATOLOGICAL DATA (WS FORM: F-6)

                                          STATION:   GREAT FALLS MT
                                          MONTH:     NOVEMBER
                                          YEAR:      2018
                                          LATITUDE:   47 28 N
                                          LONGITUDE: 111 22 W

  TEMPERATURE IN F:       :PCPN:    SNOW:  WIND      :SUNSHINE: SKY     :PK WND
================================================================================
1   2   3   4   5  6A  6B    7    8   9   10  11  12  13   14  15   16   17  18
                                     12Z  AVG MX 2MIN
DY MAX MIN AVG DEP HDD CDD  WTR  SNW DPTH SPD SPD DIR MIN PSBL S-S WX    SPD DR
================================================================================

 1  46  34  40   1  25   0    T  0.0    0  7.7 20  10   M    M   6        25  10
 2  58  37  48   9  17   0 0.04  0.0    0 18.2 33 220   M    M   6        47 230
 3  50  37  44   6  21   0 0.03  0.0    0 12.8 24 220   M    M   7        32 220
 4  56  36  46   8  19   0    T  0.0    0 20.3 33 220   M    M   6        45 220
 5  38  25  32  -6  33   0 0.03  0.3    0  5.5 13 360   M    M   9 1      15 360
 6  25  17  21 -16  44   0 0.07  1.3    1  6.0 13 350   M    M   8 1      16 350
 7  20   5  13 -24  52   0 0.11  1.6    2  6.7 14 220   M    M   8 128    17 210
 8  35   5  20 -16  45   0 0.00  0.0    2 10.0 21 250   M    M   0        27 260
 9  39   5  22 -14  43   0    T    T    1 16.1 29 220   M    M   5        40 230
10  35  17  26 -10  39   0 0.17  1.9    3 11.5 23 310   M    M   8 1      29 310
11  29  11  20 -15  45   0 0.04  0.7    2  7.3 16  20   M    M   7 1      20  30
12  35  12  24 -11  41   0 0.00  0.0    3 16.9 25 220   M    M   1        33 220
13  49  29  39   5  26   0 0.00  0.0    1 20.7 28 220   M    M   0        36 230
14  55  39  47  13  18   0 0.00  0.0    0 21.8 40 230   M    M   0        55 230
15  53  33  43   9  22   0 0.00  0.0    0 15.7 26 230   M    M   1        36 230
16  47   5  26  -7  39   0 0.16  4.2    0 14.6 41 320   M    M   9 129    57 320
17  27  -1  13 -20  52   0    T    T    4  9.4 20 210   M    M   2 12     25 210
================================================================================
SM  697  346       581   0  0.65    10.0 221.2          M       83
================================================================================
AV 41.0 20.4                              13.0 FASTST   M    M   5    MAX(MPH)
                                 MISC ---->  # 41 320               # 57  320
================================================================================
NOTES:
# LAST OF SEVERAL OCCURRENCES

COLUMN 17 PEAK WIND IN M.P.H.

PRELIMINARY LOCAL CLIMATOLOGICAL DATA (WS FORM: F-6) , PAGE 2

                                          STATION:  GREAT FALLS MT
                                          MONTH:    NOVEMBER
                                          YEAR:     2018
                                          LATITUDE:   47 28 N
                                          LONGITUDE: 111 22 W

[TEMPERATURE DATA]      [PRECIPITATION DATA]       SYMBOLS USED IN COLUMN 16

AVERAGE MONTHLY: 30.7   TOTAL FOR MONTH:   0.65    1 = FOG OR MIST
DPTR FM NORMAL:  -5.3   DPTR FM NORMAL:    0.31    2 = FOG REDUCING VISIBILITY
HIGHEST:    58 ON  2    GRTST 24HR  0.17 ON 10-10      TO 1/4 MILE OR LESS
LOWEST:     -1 ON 17                               3 = THUNDER
                        SNOW, ICE PELLETS, HAIL    4 = ICE PELLETS
                        TOTAL MONTH:  10.0 INCHES  5 = HAIL
                        GRTST 24HR   4.2 ON 16-16  6 = FREEZING RAIN OR DRIZZLE
                        GRTST DEPTH:   4 ON 17     7 = DUSTSTORM OR SANDSTORM:
                                                       VSBY 1/2 MILE OR LESS
                                                   8 = SMOKE OR HAZE
[NO. OF DAYS WITH]      [WEATHER - DAYS WITH]      9 = BLOWING SNOW
                                                   X = TORNADO
MAX 32 OR BELOW:   4    0.01 INCH OR MORE:   8
MAX 90 OR ABOVE:   0    0.10 INCH OR MORE:   3
MIN 32 OR BELOW:  11    0.50 INCH OR MORE:   0
MIN  0 OR BELOW:   1    1.00 INCH OR MORE:   0

[HDD (BASE 65) ]
TOTAL THIS MO.   581    CLEAR  (SCALE 0-3)   6
DPTR FM NORMAL    88    PTCLDY (SCALE 4-7)   9
TOTAL FM JUL 1  1675    CLOUDY (SCALE 8-10)  2
DPTR FM NORMAL   162

[CDD (BASE 65) ]
TOTAL THIS MO.     0
DPTR FM NORMAL     0    [PRESSURE DATA]
TOTAL FM JAN 1   324    HIGHEST SLP M ON M
DPTR FM NORMAL    26    LOWEST  SLP 29.60 ON  4

[REMARKS]
