000
CXUS56 KTFX 231205
CF6GTF
PRELIMINARY LOCAL CLIMATOLOGICAL DATA (WS FORM: F-6)

                                          STATION:   GREAT FALLS MT
                                          MONTH:     FEBRUARY
                                          YEAR:      2019
                                          LATITUDE:   47 28 N
                                          LONGITUDE: 111 22 W

  TEMPERATURE IN F:       :PCPN:    SNOW:  WIND      :SUNSHINE: SKY     :PK WND
================================================================================
1   2   3   4   5  6A  6B    7    8   9   10  11  12  13   14  15   16   17  18
                                     12Z  AVG MX 2MIN
DY MAX MIN AVG DEP HDD CDD  WTR  SNW DPTH SPD SPD DIR MIN PSBL S-S WX    SPD DR
================================================================================

 1  49  39  44  18  21   0 0.00  0.0    T 15.4 28 220   M    M   1        37 220
 2  55   2  29   3  36   0 0.02  0.2    T 17.6 30 220   M    M   5 1      39 220
 3   2 -11  -4 -30  69   0 0.40  4.2    1  9.2 16 360   M    M   9 128    21 350
 4  -9 -14 -11 -37  76   0 0.15  1.7    4  5.3 10  20   M    M  10 18     13  10
 5  -6 -11  -8 -34  73   0 0.06  1.2    6  4.8  8  20   M    M  10 18     12  90
 6  -2 -16  -9 -35  74   0 0.06  0.7    7  2.5  7 210   M    M   7 18      7 220
 7  14 -22  -4 -30  69   0 0.00  0.0    6 13.5 21 220   M    M   1 1      27 220
 8  18  -7   6 -20  59   0 0.16  1.0    5 11.4 21 350   M    M   9 19     25 350
 9  -7 -14 -10 -36  75   0 0.08  0.8    5  8.5 16 340   M    M  10 18     20 330
10  -8 -21 -14 -41  79   0 0.03  0.2    5  3.5  9  70   M    M   7 18     11  70
11  -4 -19 -11 -38  76   0 0.00  0.0    5  3.5  7 290   M    M   3 18     10 320
12   0  -9  -4 -31  69   0 0.00  0.0    5  5.2 14  60   M    M   1        17  60
13   1  -8  -3 -30  68   0 0.02  0.4    5  5.4 13  50   M    M   8 18     15  50
14   3 -11  -4 -31  69   0 0.15  1.3    6  3.3 12  30   M    M   5 128    14  30
15  10  -2   4 -23  61   0 0.27  3.9    8  4.4 10 310   M    M   7 1      12 300
16   6   1   4 -23  61   0 0.35  5.5   14  7.1 14 330   M    M  10 18     18 310
17   2 -19  -8 -35  73   0 0.01    T   14  5.4 12 310   M    M   7 18     14 300
18   0 -19  -9 -37  74   0 0.03  0.1   12  5.6 16 200   M    M   6 1      19 200
19  18  -7   6 -22  59   0 0.00  0.0   11 13.1 18 200   M    M   0        22 200
20  21  -1  10 -18  55   0 0.07  1.6   11  9.8 18 340   M    M   8 1      23 350
21  16 -11   3 -25  62   0 0.07  1.9   11  8.9 28 340   M    M   6 18     33 340
22  23   3  13 -15  52   0 0.00  0.0   11 18.1 25 230   M    M   0        33 220
================================================================================
SM  202 -177      1410   0  1.93    24.7 181.5          M      130
================================================================================
AV  9.2 -8.0                               8.3 FASTST   M    M   6    MAX(MPH)
                                 MISC ---->  # 30 220               # 39  220
================================================================================
NOTES:
# LAST OF SEVERAL OCCURRENCES

COLUMN 17 PEAK WIND IN M.P.H.

PRELIMINARY LOCAL CLIMATOLOGICAL DATA (WS FORM: F-6) , PAGE 2

                                          STATION:  GREAT FALLS MT
                                          MONTH:    FEBRUARY
                                          YEAR:     2019
                                          LATITUDE:   47 28 N
                                          LONGITUDE: 111 22 W

[TEMPERATURE DATA]      [PRECIPITATION DATA]       SYMBOLS USED IN COLUMN 16

AVERAGE MONTHLY:  0.6   TOTAL FOR MONTH:   1.93    1 = FOG OR MIST
DPTR FM NORMAL: -26.2   DPTR FM NORMAL:    1.57    2 = FOG REDUCING VISIBILITY
HIGHEST:    55 ON  2    GRTST 24HR  0.40 ON  3- 3      TO 1/4 MILE OR LESS
LOWEST:    -22 ON  7                               3 = THUNDER
                        SNOW, ICE PELLETS, HAIL    4 = ICE PELLETS
                        TOTAL MONTH:  24.7 INCHES  5 = HAIL
                        GRTST 24HR   5.5 ON 16-16  6 = FREEZING RAIN OR DRIZZLE
                        GRTST DEPTH:  14 ON 17,16  7 = DUSTSTORM OR SANDSTORM:
                                                       VSBY 1/2 MILE OR LESS
                                                   8 = SMOKE OR HAZE
[NO. OF DAYS WITH]      [WEATHER - DAYS WITH]      9 = BLOWING SNOW
                                                   X = TORNADO
MAX 32 OR BELOW:  20    0.01 INCH OR MORE:  16
MAX 90 OR ABOVE:   0    0.10 INCH OR MORE:   6
MIN 32 OR BELOW:  21    0.50 INCH OR MORE:   0
MIN  0 OR BELOW:  18    1.00 INCH OR MORE:   0

[HDD (BASE 65) ]
TOTAL THIS MO.  1410    CLEAR  (SCALE 0-3)   6
DPTR FM NORMAL   571    PTCLDY (SCALE 4-7)  10
TOTAL FM JUL 1  5625    CLOUDY (SCALE 8-10)  6
DPTR FM NORMAL   335

[CDD (BASE 65) ]
TOTAL THIS MO.     0
DPTR FM NORMAL     0    [PRESSURE DATA]
TOTAL FM JAN 1     0    HIGHEST SLP M ON M
DPTR FM NORMAL     0    LOWEST  SLP 29.36 ON  3

[REMARKS]
