000
CXUS56 KTFX 181050
CF6GTF
PRELIMINARY LOCAL CLIMATOLOGICAL DATA (WS FORM: F-6)

                                          STATION:   GREAT FALLS MT
                                          MONTH:     OCTOBER
                                          YEAR:      2019
                                          LATITUDE:   47 28 N
                                          LONGITUDE: 111 22 W

  TEMPERATURE IN F:       :PCPN:    SNOW:  WIND      :SUNSHINE: SKY     :PK WND
================================================================================
1   2   3   4   5  6A  6B    7    8   9   10  11  12  13   14  15   16   17  18
                                     12Z  AVG MX 2MIN
DY MAX MIN AVG DEP HDD CDD  WTR  SNW DPTH SPD SPD DIR MIN PSBL S-S WX    SPD DR
================================================================================

 1  34   9  22 -28  43   0 0.00  0.0    5  2.6  8 110   M    M   1 128    10 120
 2  45  17  31 -19  34   0 0.00  0.0    3  5.4 12 200   M    M   3 12     14 210
 3  54  28  41  -9  24   0 0.00  0.0    2  8.3 21 200   M    M   1        24 200
 4  56  31  44  -6  21   0 0.00  0.0    T  5.9 15 230   M    M   4        20 230
 5  52  34  43  -6  22   0 0.00  0.0    0 14.9 29 240   M    M   2        38 240
 6  60  35  48  -1  17   0 0.00  0.0    0 15.4 26 230   M    M   0        38 230
 7  70  46  58  10   7   0 0.00  0.0    0 23.0 38 230   M    M   2        50 230
 8  59  22  41  -7  24   0 0.43  4.8    0 15.5 32 330   M    M   6 12     43 330
 9  25   9  17 -31  48   0 0.10  2.9    7 10.3 21  20   M    M  10 1      28  10
10  28   0  14 -33  51   0 0.00  0.0    5  5.3 14 210   M    M   1 12     15 220
11  42  17  30 -17  35   0 0.00  0.0    4  8.9 16 210   M    M   0        19 210
12  52  23  38  -9  27   0 0.00  0.0    2 10.1 16 200   M    M   0        21 210
13  62  33  48   2  17   0 0.00  0.0    T  8.4 14 200   M    M   1        16 230
14  53  37  45  -1  20   0    T  0.0    0 10.3 23 270   M    M   8        30 250
15  59  29  44  -2  21   0 0.00  0.0    0  7.8 21 220   M    M   1        25 220
16  72  49  61  16   4   0 0.00  0.0    0 13.6 24 220   M    M   0        33 220
17  64  40  52   7  13   0 0.00  0.0    0 13.0 22 220   M    M   3        28 230
================================================================================
SM  887  459       428   0  0.53  7.7    178.7          M       43
================================================================================
AV 52.2 27.0                              10.5 FASTST   M    M   3    MAX(MPH)
                                 MISC ---->    38 230                 50 230
================================================================================
NOTES:
# LAST OF SEVERAL OCCURRENCES

COLUMN 17 PEAK WIND IN M.P.H.

PRELIMINARY LOCAL CLIMATOLOGICAL DATA (WS FORM: F-6) , PAGE 2

                                          STATION:   GREAT FALLS MT
                                          MONTH:     OCTOBER
                                          YEAR:      2019
                                          LATITUDE:   47 28 N
                                          LONGITUDE: 111 22 W

[TEMPERATURE DATA]      [PRECIPITATION DATA]       SYMBOLS USED IN COLUMN 16

AVERAGE MONTHLY: 39.6   TOTAL FOR MONTH:   0.53    1 = FOG OR MIST
DPTR FM NORMAL:  -8.1   DPTR FM NORMAL:   -0.01    2 = FOG REDUCING VISIBILITY
HIGHEST:    72 ON 16    GRTST 24HR  2.18 ON  8- 9      TO 1/4 MILE OR LESS
LOWEST:      0 ON 10                               3 = THUNDER
                        SNOW, ICE PELLETS, HAIL    4 = ICE PELLETS
                        TOTAL MONTH:   7.7 INCHES  5 = HAIL
                        GRTST 24HR   4.8 ON  8- 8  6 = FREEZING RAIN OR DRIZZLE
                        GRTST DEPTH:   7 ON  9     7 = DUSTSTORM OR SANDSTORM:
                                                       VSBY 1/2 MILE OR LESS
                                                   8 = SMOKE OR HAZE
[NO. OF DAYS WITH]      [WEATHER - DAYS WITH]      9 = BLOWING SNOW
                                                   X = TORNADO
MAX 32 OR BELOW:   2    0.01 INCH OR MORE:   2
MAX 90 OR ABOVE:   0    0.10 INCH OR MORE:   2
MIN 32 OR BELOW:  10    0.50 INCH OR MORE:   0
MIN  0 OR BELOW:   1    1.00 INCH OR MORE:   0

[HDD (BASE 65) ]
TOTAL THIS MO.   428    CLEAR  (SCALE 0-3)  13
DPTR FM NORMAL   133    PTCLDY (SCALE 4-7)   3
TOTAL FM JUL 1   815    CLOUDY (SCALE 8-10)  1
DPTR FM NORMAL   113

[CDD (BASE 65) ]
TOTAL THIS MO.     0
DPTR FM NORMAL     0    [PRESSURE DATA]
TOTAL FM JAN 1   252    HIGHEST SLP M ON M
DPTR FM NORMAL   -45    LOWEST  SLP 29.43 ON 17

[REMARKS]
