000
CXUS54 KEWX 281010
CF6GTU
PRELIMINARY LOCAL CLIMATOLOGICAL DATA (WS FORM: F-6)

                                          STATION:   GEORGETOWN
                                          MONTH:     MAY
                                          YEAR:      2020
                                          LATITUDE:   30 40 N
                                          LONGITUDE:  97 41 W

  TEMPERATURE IN F:       :PCPN:    SNOW:  WIND      :SUNSHINE: SKY     :PK WND
================================================================================
1   2   3   4   5  6A  6B    7    8   9   10  11  12  13   14  15   16   17  18
                                     12Z  AVG MX 2MIN
DY MAX MIN AVG DEP HDD CDD  WTR  SNW DPTH SPD SPD DIR MIN PSBL S-S WX    SPD DR
================================================================================

 1  86  60  73   M   0   8 0.00    M    M 11.4 20 190   M    M   0        23 190
 2  89  68  79   M   0  14 0.00    M    M 14.0 23 190   M    M   4        30 190
 3  92  69  81   M   0  16 0.00    M    M 13.5 20 180   M    M   2        24 180
 4  94  71  83   M   0  18 0.00    M    M 13.4 17 180   M    M   3        23 180
 5  82  67  75   M   0  10 0.00    M    M 10.9 20  10   M    M   9        31  10
 6  84  58  71   M   0   6 0.00    M    M  6.5 13  70   M    M   2        16  70
 7  81  53  67   M   0   2 0.00    M    M 10.2 24 180   M    M   4        33 170
 8  83  58  71   M   0   6 0.00    M    M 16.3 29 190   M    M   6        41 190
 9  77  57  67   M   0   2 0.00    M    M  6.5 12 100   M    M   2        20  70
10  79  50  65   M   0   0 0.00    M    M  5.0 13  60   M    M   0         M  M
11  82  52  67   M   0   2 0.00    M    M  6.5 12 160   M    M   3        24 160
12  75  65  70   M   0   5 0.91    M    M  7.2 14 160   M    M   9 138    22 160
13  86  66  76   M   0  11 0.16    M    M  8.8 15 200   M    M   7        21 180
14  90  71  81   M   0  16 0.00    M    M 10.1 15 190   M    M   5        21 170
15  90  66  78   M   0  13 0.83    M    M  9.7 15 130   M    M   7 13     28 130
16  77  62  70   M   0   5 0.54    M    M 11.6 20 330   M    M   4 3      31 290
17  89  65  77   M   0  12 0.00    M    M  6.3 14 340   M    M   0         M  M
18  94  62  78   M   0  13 0.00    M    M  4.8 16 190   M    M   0        20 190
19  96  69  83   M   0  18 0.00    M    M  8.4 13 160   M    M   0        20 150
20  93  73  83   M   0  18 0.00    M    M  8.3 13 170   M    M   3 128    16 180
21  91  72  82   M   0  17 0.00    M    M  9.0 14 150   M    M   4        21 150
22  93  68  81   M   0  16 0.05    M    M 12.0 16 180   M    M   5 3      23 190
23  92  76  84   M   0  19 0.00    M    M  9.8 14 170   M    M   6        24 170
24  92  66  79   M   0  14 0.73    M    M 10.5 16  90   M    M   7 13     22  70
25  81  65  73   M   0   8 0.33    M    M  6.4 14  50   M    M   8 3      16  99
26  83  63  73   M   0   8 0.35    M    M  6.4 13 320   M    M   4 13     18 320
27   M   M   M   M   M   M 0.53    M    0  5.7 16  50   M    M   3 138    27  50
================================================================================
SM 2251 1672         0 277  4.43    M    249.2          M      107
================================================================================
AV 86.6 64.3                               9.2 FASTST   M    M   4    MAX(MPH)
                                 MISC ---->  # 29 190               # 41  190
================================================================================
NOTES:
# LAST OF SEVERAL OCCURRENCES

COLUMN 17 PEAK WIND IN M.P.H.

PRELIMINARY LOCAL CLIMATOLOGICAL DATA (WS FORM: F-6) , PAGE 2

                                          STATION:  GEORGETOWN
                                          MONTH:    MAY
                                          YEAR:     2020
                                          LATITUDE:   30 40 N
                                          LONGITUDE:  97 41 W

[TEMPERATURE DATA]      [PRECIPITATION DATA]       SYMBOLS USED IN COLUMN 16

AVERAGE MONTHLY: 75.4   TOTAL FOR MONTH:   4.43    1 = FOG OR MIST
DPTR FM NORMAL:     M   DPTR FM NORMAL:       M    2 = FOG REDUCING VISIBILITY
HIGHEST:    96 ON 19    GRTST 24HR  0.91 ON 12-12      TO 1/4 MILE OR LESS
LOWEST:     50 ON 10                               3 = THUNDER
                        SNOW, ICE PELLETS, HAIL    4 = ICE PELLETS
                        TOTAL MONTH:    M          5 = HAIL
                        GRTST 24HR    M  ON   M    6 = FREEZING RAIN OR DRIZZLE
                        GRTST DEPTH:   0           7 = DUSTSTORM OR SANDSTORM:
                                                       VSBY 1/2 MILE OR LESS
                                                   8 = SMOKE OR HAZE
[NO. OF DAYS WITH]      [WEATHER - DAYS WITH]      9 = BLOWING SNOW
                                                   X = TORNADO
MAX 32 OR BELOW:   0    0.01 INCH OR MORE:   9
MAX 90 OR ABOVE:  11    0.10 INCH OR MORE:   8
MIN 32 OR BELOW:   0    0.50 INCH OR MORE:   5
MIN  0 OR BELOW:   0    1.00 INCH OR MORE:   0

[HDD (BASE 65) ]
TOTAL THIS MO.     0    CLEAR  (SCALE 0-3)  11
DPTR FM NORMAL     M    PTCLDY (SCALE 4-7)  14
TOTAL FM JUL 1  1782    CLOUDY (SCALE 8-10)  2
DPTR FM NORMAL     M

[CDD (BASE 65) ]
TOTAL THIS MO.   277
DPTR FM NORMAL     M    [PRESSURE DATA]
TOTAL FM JAN 1   544    HIGHEST SLP M ON M
DPTR FM NORMAL     M    LOWEST  SLP M ON M

[REMARKS]
