000
CXUS52 KFFC 181110
CF6GVL
PRELIMINARY LOCAL CLIMATOLOGICAL DATA (WS FORM: F-6)

                                          STATION:   GAINESVILLE
                                          MONTH:     JANUARY
                                          YEAR:      2019
                                          LATITUDE:   34 16 N
                                          LONGITUDE:  83 50 W

  TEMPERATURE IN F:       :PCPN:    SNOW:  WIND      :SUNSHINE: SKY     :PK WND
================================================================================
1   2   3   4   5  6A  6B    7    8   9   10  11  12  13   14  15   16   17  18
                                     12Z  AVG MX 2MIN
DY MAX MIN AVG DEP HDD CDD  WTR  SNW DPTH SPD SPD DIR MIN PSBL S-S WX    SPD DR
================================================================================

 1  63  52  58  17   7   0 0.06  0.0    0  6.0  9 260   M    M   4 1      13 310
 2  60  46  53  12  12   0 0.44  0.0    0  3.2 10  90   M    M   7 12     13 100
 3  56  48  52  11  13   0 0.55  0.0    0  2.8  9 320   M    M   8 1      11 310
 4  61  43  52  11  13   0 1.11    M    0 11.9 22 260   M    M   9 123    31 260
 5  56  42  49   8  16   0 0.00  0.0    0 11.7 23 270   M    M   3        28 270
 6  68  39  54  13  11   0 0.00  0.0    0  4.9 12 280   M    M   0        14 280
 7  65  43  54  13  11   0 0.00  0.0    0  4.3 12 140   M    M   0        19 190
 8  62  48  55  14  10   0    T    M    0  7.8 21 260   M    M   4 1      27 310
 9  54  36  45   4  20   0 0.00  0.0    0 14.0 25 290   M    M   0        34 320
10  46  28  37  -4  28   0 0.00  0.0    0  9.1 17 300   M    M   0        25 320
11  50  28  39  -2  26   0 0.00  0.0    0  3.7  9 110   M    M   1        13 140
12  40  32  36  -5  29   0 0.45    M    0 11.7 22  80   M    M   9 1      28  80
13  42  32  37  -4  28   0 0.13    M    0  7.5 17  80   M    M   9 1      22  80
14  47  36  42   1  23   0 0.00  0.0    0  8.2 14 300   M    M   6 1      18 310
15  48  30  39  -2  26   0 0.00  0.0    0  7.9 13 260   M    M   2        17 270
16  53  27  40  -2  25   0 0.00  0.0    0  7.7 13 270   M    M   0        16 260
17  45  32  39  -3  26   0 0.15    M    0  3.5 14  90   M    M   6 1      25  70
================================================================================
SM  916  642       324   0  2.89     0.0 125.9          M       68
================================================================================
AV 53.9 37.8                               7.4 FASTST   M    M   4    MAX(MPH)
                                 MISC ---->  # 25 290               # 34  320
================================================================================
NOTES:
# LAST OF SEVERAL OCCURRENCES

COLUMN 17 PEAK WIND IN M.P.H.

PRELIMINARY LOCAL CLIMATOLOGICAL DATA (WS FORM: F-6) , PAGE 2

                                          STATION:  GAINESVILLE
                                          MONTH:    JANUARY
                                          YEAR:     2019
                                          LATITUDE:   34 16 N
                                          LONGITUDE:  83 50 W

[TEMPERATURE DATA]      [PRECIPITATION DATA]       SYMBOLS USED IN COLUMN 16

AVERAGE MONTHLY: 45.8   TOTAL FOR MONTH:   2.89    1 = FOG OR MIST
DPTR FM NORMAL:   4.7   DPTR FM NORMAL:    0.51    2 = FOG REDUCING VISIBILITY
HIGHEST:    68 ON  6    GRTST 24HR  1.11 ON  4- 4      TO 1/4 MILE OR LESS
LOWEST:     27 ON 16                               3 = THUNDER
                        SNOW, ICE PELLETS, HAIL    4 = ICE PELLETS
                        TOTAL MONTH:   0.0 INCH    5 = HAIL
                        GRTST 24HR     0.0         6 = FREEZING RAIN OR DRIZZLE
                        GRTST DEPTH:   0           7 = DUSTSTORM OR SANDSTORM:
                                                       VSBY 1/2 MILE OR LESS
                                                   8 = SMOKE OR HAZE
[NO. OF DAYS WITH]      [WEATHER - DAYS WITH]      9 = BLOWING SNOW
                                                   X = TORNADO
MAX 32 OR BELOW:   0    0.01 INCH OR MORE:   7
MAX 90 OR ABOVE:   0    0.10 INCH OR MORE:   6
MIN 32 OR BELOW:   7    0.50 INCH OR MORE:   2
MIN  0 OR BELOW:   0    1.00 INCH OR MORE:   1

[HDD (BASE 65) ]
TOTAL THIS MO.   324    CLEAR  (SCALE 0-3)   8
DPTR FM NORMAL   -83    PTCLDY (SCALE 4-7)   6
TOTAL FM JUL 1  1568    CLOUDY (SCALE 8-10)  3
DPTR FM NORMAL   -35

[CDD (BASE 65) ]
TOTAL THIS MO.     0
DPTR FM NORMAL     0    [PRESSURE DATA]
TOTAL FM JAN 1     0    HIGHEST SLP M ON M
DPTR FM NORMAL     0    LOWEST  SLP 29.62 ON  4

[REMARKS]
