000
CXUS52 KFFC 261110
CF6GVL
PRELIMINARY LOCAL CLIMATOLOGICAL DATA (WS FORM: F-6)

                                          STATION:   GAINESVILLE
                                          MONTH:     APRIL
                                          YEAR:      2018
                                          LATITUDE:   34 16 N
                                          LONGITUDE:  83 50 W

  TEMPERATURE IN F:       :PCPN:    SNOW:  WIND      :SUNSHINE: SKY     :PK WND
================================================================================
1   2   3   4   5  6A  6B    7    8   9   10  11  12  13   14  15   16   17  18
                                     12Z  AVG MX 2MIN
DY MAX MIN AVG DEP HDD CDD  WTR  SNW DPTH SPD SPD DIR MIN PSBL S-S WX    SPD DR
================================================================================

 1  75  41  58   1   7   0 0.00  0.0    0  5.2 15 260   M    M   0 8      18 250
 2  80  53  67  10   0   2 0.00  0.0    0  7.4 16 250   M    M   0        22 240
 3  77  56  67  10   0   2 0.00  0.0    0  5.2 14 270   M    M   4        20 240
 4  70  45  58   0   7   0 0.06    M    0 12.3 26 280   M    M   2        35 240
 5  66  36  51  -7  14   0 0.00  0.0    0  3.2 10 240   M    M   0        13 230
 6  72  47  60   2   5   0    T    M    0  5.4 14 170   M    M   6        22 210
 7  63  41  52  -6  13   0 0.17    M    0  7.5 20 250   M    M   9 1      24 250
 8  49  38  44 -15  21   0    T    M    0  6.2 13 310   M    M   7 1      15 310
 9  56  43  50  -9  15   0 0.05    M    0  4.8 10  70   M    M  10 1      13  70
10  69  48  59   0   6   0 0.00  0.0    0  5.1 17 260   M    M   3        23 250
11  70  43  57  -2   8   0 0.00  0.0    0  6.2 15 310   M    M   0        20 330
12  76  46  61   1   4   0 0.00  0.0    0  4.5 14 240   M    M   0        20 270
13  78  51  65   5   0   0 0.00  0.0    0  5.4 14 170   M    M   2        21 180
14  80  58  69   9   0   4 0.00  0.0    0  7.7 15 180   M    M   6        25 140
15  69  43  56  -4   9   0 1.01    M    0 12.1 23 290   M    M  10 13     35 260
16  50  37  44 -17  21   0    T    M    0 14.3 25 290   M    M   7        36 290
17  71  36  54  -7  11   0 0.00  0.0    0 13.1 23 260   M    M   0        34 250
18  83  56  70   9   0   5 0.00  0.0    0 13.7 23 260   M    M   0        30 240
19  69  47  58  -3   7   0 0.00  0.0    0 12.8 21 260   M    M   0        29 260
20  67  39  53  -9  12   0 0.00  0.0    0  6.1 17  90   M    M   0        23  90
21  69  43  56  -6   9   0 0.00  0.0    0  6.6 17 100   M    M   1        24 100
22  60  55  58  -4   7   0 0.46  0.0    0 11.6 22  90   M    M  10 1      32 100
23  58  54  56  -6   9   0 3.39  0.0    0 13.3 22 100   M    M  10 13     32  80
24  68  56  62  -1   3   0 0.42  0.0    M  7.7 18 240   M    M   8 123    23 230
25  69  53  61  -2   4   0 0.00  0.0    0 10.7 20 320   M    M   4        27 300
================================================================================
SM 1714 1165       192  13  5.56     0.0 208.1          M       99
================================================================================
AV 68.6 46.6                               8.3 FASTST   M    M   4    MAX(MPH)
                                 MISC ---->  # 26 280               # 36  290
================================================================================
NOTES:
# LAST OF SEVERAL OCCURRENCES

COLUMN 17 PEAK WIND IN M.P.H.

PRELIMINARY LOCAL CLIMATOLOGICAL DATA (WS FORM: F-6) , PAGE 2

                                          STATION:  GAINESVILLE
                                          MONTH:    APRIL
                                          YEAR:     2018
                                          LATITUDE:   34 16 N
                                          LONGITUDE:  83 50 W

[TEMPERATURE DATA]      [PRECIPITATION DATA]       SYMBOLS USED IN COLUMN 16

AVERAGE MONTHLY: 57.6   TOTAL FOR MONTH:   5.56    1 = FOG OR MIST
DPTR FM NORMAL:  -2.3   DPTR FM NORMAL:    2.60    2 = FOG REDUCING VISIBILITY
HIGHEST:    83 ON 18    GRTST 24HR  3.39 ON 23-23      TO 1/4 MILE OR LESS
LOWEST:     36 ON 17, 5                            3 = THUNDER
                        SNOW, ICE PELLETS, HAIL    4 = ICE PELLETS
                        TOTAL MONTH:   0.0 INCH    5 = HAIL
                        GRTST 24HR     0.0         6 = FREEZING RAIN OR DRIZZLE
                        GRTST DEPTH:   0           7 = DUSTSTORM OR SANDSTORM:
                                                       VSBY 1/2 MILE OR LESS
                                                   8 = SMOKE OR HAZE
[NO. OF DAYS WITH]      [WEATHER - DAYS WITH]      9 = BLOWING SNOW
                                                   X = TORNADO
MAX 32 OR BELOW:   0    0.01 INCH OR MORE:   7
MAX 90 OR ABOVE:   0    0.10 INCH OR MORE:   5
MIN 32 OR BELOW:   0    0.50 INCH OR MORE:   2
MIN  0 OR BELOW:   0    1.00 INCH OR MORE:   2

[HDD (BASE 65) ]
TOTAL THIS MO.   192    CLEAR  (SCALE 0-3)  12
DPTR FM NORMAL    34    PTCLDY (SCALE 4-7)   7
TOTAL FM JUL 1  2843    CLOUDY (SCALE 8-10)  6
DPTR FM NORMAL  -167

[CDD (BASE 65) ]
TOTAL THIS MO.    13
DPTR FM NORMAL   -11    [PRESSURE DATA]
TOTAL FM JAN 1    28    HIGHEST SLP M ON M
DPTR FM NORMAL    -1    LOWEST  SLP 29.62 ON 15

[REMARKS]
