000
CXUS52 KFFC 201110
CF6GVL
PRELIMINARY LOCAL CLIMATOLOGICAL DATA (WS FORM: F-6)

                                          STATION:   GAINESVILLE
                                          MONTH:     OCTOBER
                                          YEAR:      2019
                                          LATITUDE:   34 16 N
                                          LONGITUDE:  83 50 W

  TEMPERATURE IN F:       :PCPN:    SNOW:  WIND      :SUNSHINE: SKY     :PK WND
================================================================================
1   2   3   4   5  6A  6B    7    8   9   10  11  12  13   14  15   16   17  18
                                     12Z  AVG MX 2MIN
DY MAX MIN AVG DEP HDD CDD  WTR  SNW DPTH SPD SPD DIR MIN PSBL S-S WX    SPD DR
================================================================================

 1  92  72  82  16   0  17 0.00  0.0    0  4.3 16  30   M    M   2 3      22  30
 2  95  70  83  17   0  18 0.00  0.0    0  3.3 12 340   M    M   1 1      16 320
 3  96  70  83  17   0  18 0.00  0.0    0  4.1 13  20   M    M   0        16  20
 4  96  67  82  17   0  17 0.00  0.0    0  3.7 12  10   M    M   1        14 310
 5  78  59  69   4   0   4    T  0.0    0 13.4 21  90   M    M   7 1      29  80
 6  73  58  66   1   0   1 0.01  0.0    0  8.3 14  80   M    M   8 1      19 100
 7  81  64  73   9   0   8 0.00  0.0    0  4.9 10 110   M    M   7        13  90
 8  79  64  72   8   0   7 0.19  0.0    0  6.8 16  80   M    M   6 1      21 100
 9  70  61  66   2   0   1 0.00  0.0    M  7.2 14  80   M    M   7        21  90
10  77  59  68   5   0   3 0.00  0.0    0  5.9 15  70   M    M   4 1      19  50
11  78  57  68   5   0   3 0.00  0.0    0  3.7  9 130   M    M   0        12 120
12  81  59  70   7   0   5 0.00  0.0    0  4.9 16 250   M    M   6        20 250
13  66  58  62   0   3   0 0.54  0.0    0  5.2 10 290   M    M   9 1      14 250
14  77  50  64   2   1   0 0.00  0.0    0  4.2 10 270   M    M   0        13 280
15  71  59  65   3   0   0 0.02  0.0    0  5.4 10  90   M    M   8 1      14  90
16  69  51  60  -2   5   0 0.33  0.0    0 10.4 21 280   M    M   5 1      29 280
17  67  44  56  -5   9   0 0.00  0.0    0  8.6 16 300   M    M   0        20 290
18  66  41  54  -7  11   0 0.00  0.0    0  4.3 13  80   M    M   0        16  90
19  56  50  53  -8  12   0 0.78  0.0    0 12.6 20  60   M    M   8 1      29  50
================================================================================
SM 1468 1113        41 102  1.87     0.0 121.2          M       79
================================================================================
AV 77.3 58.6                               6.4 FASTST   M    M   4    MAX(MPH)
                                 MISC ---->  # 21  90               # 29   80
================================================================================
NOTES:
# LAST OF SEVERAL OCCURRENCES

COLUMN 17 PEAK WIND IN M.P.H.

PRELIMINARY LOCAL CLIMATOLOGICAL DATA (WS FORM: F-6) , PAGE 2

                                          STATION:  GAINESVILLE
                                          MONTH:    OCTOBER
                                          YEAR:     2019
                                          LATITUDE:   34 16 N
                                          LONGITUDE:  83 50 W

[TEMPERATURE DATA]      [PRECIPITATION DATA]       SYMBOLS USED IN COLUMN 16

AVERAGE MONTHLY: 67.9   TOTAL FOR MONTH:   1.87    1 = FOG OR MIST
DPTR FM NORMAL:   4.5   DPTR FM NORMAL:   -0.87    2 = FOG REDUCING VISIBILITY
HIGHEST:    96 ON  4, 3 GRTST 24HR  0.78 ON 19-19      TO 1/4 MILE OR LESS
LOWEST:     41 ON 18                               3 = THUNDER
                        SNOW, ICE PELLETS, HAIL    4 = ICE PELLETS
                        TOTAL MONTH:   0.0 INCH    5 = HAIL
                        GRTST 24HR     0.0         6 = FREEZING RAIN OR DRIZZLE
                        GRTST DEPTH:   0           7 = DUSTSTORM OR SANDSTORM:
                                                       VSBY 1/2 MILE OR LESS
                                                   8 = SMOKE OR HAZE
[NO. OF DAYS WITH]      [WEATHER - DAYS WITH]      9 = BLOWING SNOW
                                                   X = TORNADO
MAX 32 OR BELOW:   0    0.01 INCH OR MORE:   6
MAX 90 OR ABOVE:   4    0.10 INCH OR MORE:   4
MIN 32 OR BELOW:   0    0.50 INCH OR MORE:   2
MIN  0 OR BELOW:   0    1.00 INCH OR MORE:   0

[HDD (BASE 65) ]
TOTAL THIS MO.    41    CLEAR  (SCALE 0-3)   8
DPTR FM NORMAL   -23    PTCLDY (SCALE 4-7)   9
TOTAL FM JUL 1    41    CLOUDY (SCALE 8-10)  2
DPTR FM NORMAL   -36

[CDD (BASE 65) ]
TOTAL THIS MO.   102
DPTR FM NORMAL    70    [PRESSURE DATA]
TOTAL FM JAN 1  2031    HIGHEST SLP M ON M
DPTR FM NORMAL   458    LOWEST  SLP 29.72 ON 19

[REMARKS]
