000
CXUS52 KFFC 261010
CF6GVL
PRELIMINARY LOCAL CLIMATOLOGICAL DATA (WS FORM: F-6)

                                          STATION:   GAINESVILLE
                                          MONTH:     MAY
                                          YEAR:      2020
                                          LATITUDE:   34 16 N
                                          LONGITUDE:  83 50 W

  TEMPERATURE IN F:       :PCPN:    SNOW:  WIND      :SUNSHINE: SKY     :PK WND
================================================================================
1   2   3   4   5  6A  6B    7    8   9   10  11  12  13   14  15   16   17  18
                                     12Z  AVG MX 2MIN
DY MAX MIN AVG DEP HDD CDD  WTR  SNW DPTH SPD SPD DIR MIN PSBL S-S WX    SPD DR
================================================================================

 1  73  47  60  -4   5   0 0.00  0.0    0  9.2 20 290   M    M   1        27 320
 2  80  48  64  -1   1   0 0.00  0.0    0  4.0 14 240   M    M   0        20 250
 3  83  55  69   4   0   4 0.00  0.0    0  9.1 17 270   M    M   0        24 260
 4  83  59  71   6   0   6 0.00  0.0    0  7.5 16 270   M    M   2 3      25 260
 5  81  61  71   6   0   6 0.13  0.0    0  9.4 22 240   M    M   4 138    30 340
 6  69  43  56 -10   9   0    T    M    0 12.6 28 290   M    M   3        36 280
 7  68  41  55 -11  10   0 0.00  0.0    0  8.2 17 280   M    M   0        24 290
 8  61  47  54 -12  11   0 0.24    M    0  5.7 30 240   M    M   7 1      37 240
 9  64  38  51 -15  14   0 0.00  0.0    0  5.4 15 280   M    M   0        20 340
10  70  41  56 -11   9   0 0.00  0.0    0  6.6 15 250   M    M   0        22 240
11  67  48  58  -9   7   0 0.00  0.0    0 10.1 21 280   M    M   0        29 300
12  68  44  56 -11   9   0 0.00    M    0  3.5 15 240   M    M   2        19 280
13  73  53  63  -4   2   0    T  0.0    0  5.8 13 130   M    M   2        16 120
14  78  59  69   1   0   4 0.00  0.0    0  4.9 12 150   M    M   5        15  90
15  80  58  69   1   0   4 0.00  0.0    0  4.1 12 150   M    M   2        15 150
16  82  58  70   2   0   5 0.00  0.0    0  3.1 12  90   M    M   1        16 110
17  84  62  73   5   0   8 0.26  0.0    0  6.1 14 100   M    M   2 1      19 110
18  75  63  69   0   0   4 1.46  0.0    0  6.4 17 260   M    M   9 1      25 250
19  73  56  65  -4   0   0 0.26  0.0    0  8.5 17  80   M    M   5 12     24  90
20  58  52  55 -14  10   0 0.88  0.0    0 11.0 20  70   M    M  10 1      25  70
21  71  53  62  -8   3   0    T  0.0    0  4.4  9  90   M    M   9 1      13 130
22  78  59  69  -1   0   4 0.99  0.0    0  4.2 28 300   M    M   6 13     37 300
23  84  63  74   4   0   9 0.00  0.0    0  4.5 13 260   M    M   2 1      19 320
24  88  66  77   7   0  12 0.00  0.0    0  5.2 15 100   M    M   2 3      20 130
25  81  65  73   2   0   8 0.15    M    M  8.7 21  90   M    M   5 1      29  90
================================================================================
SM 1872 1339        90  74  4.37  0.0    168.2          M       79
================================================================================
AV 74.9 53.6                               6.7 FASTST   M    M   3    MAX(MPH)
                                 MISC ---->    30 240               # 37 240
================================================================================
NOTES:
# LAST OF SEVERAL OCCURRENCES

COLUMN 17 PEAK WIND IN M.P.H.

PRELIMINARY LOCAL CLIMATOLOGICAL DATA (WS FORM: F-6) , PAGE 2

                                          STATION:   GAINESVILLE
                                          MONTH:     MAY
                                          YEAR:      2020
                                          LATITUDE:   34 16 N
                                          LONGITUDE:  83 50 W

[TEMPERATURE DATA]      [PRECIPITATION DATA]       SYMBOLS USED IN COLUMN 16

AVERAGE MONTHLY: 64.2   TOTAL FOR MONTH:   4.37    1 = FOG OR MIST
DPTR FM NORMAL:  -3.2   DPTR FM NORMAL:    1.18    2 = FOG REDUCING VISIBILITY
HIGHEST:    88 ON 24    GRTST 24HR  1.46 ON 18-18      TO 1/4 MILE OR LESS
LOWEST:     38 ON  9                               3 = THUNDER
                        SNOW, ICE PELLETS, HAIL    4 = ICE PELLETS
                        TOTAL MONTH:   0.0 INCH    5 = HAIL
                        GRTST 24HR  0.0            6 = FREEZING RAIN OR DRIZZLE
                        GRTST DEPTH:  0            7 = DUSTSTORM OR SANDSTORM:
                                                       VSBY 1/2 MILE OR LESS
                                                   8 = SMOKE OR HAZE
[NO. OF DAYS WITH]      [WEATHER - DAYS WITH]      9 = BLOWING SNOW
                                                   X = TORNADO
MAX 32 OR BELOW:   0    0.01 INCH OR MORE:   8
MAX 90 OR ABOVE:   0    0.10 INCH OR MORE:   8
MIN 32 OR BELOW:   0    0.50 INCH OR MORE:   3
MIN  0 OR BELOW:   0    1.00 INCH OR MORE:   1

[HDD (BASE 65) ]
TOTAL THIS MO.    90    CLEAR  (SCALE 0-3)  16
DPTR FM NORMAL    53    PTCLDY (SCALE 4-7)   6
TOTAL FM JUL 1  2642    CLOUDY (SCALE 8-10)  3
DPTR FM NORMAL  -420

[CDD (BASE 65) ]
TOTAL THIS MO.    74
DPTR FM NORMAL   -20    [PRESSURE DATA]
TOTAL FM JAN 1   120    HIGHEST SLP M ON M
DPTR FM NORMAL   -13    LOWEST  SLP 29.70 ON 19

[REMARKS]
