000
CXUS54 KFWD 200730
CF6GVT
PRELIMINARY LOCAL CLIMATOLOGICAL DATA (WS FORM: F-6)

                                          STATION:   GREENVILLE
                                          MONTH:     JUNE
                                          YEAR:      2018
                                          LATITUDE:   33  4 N
                                          LONGITUDE:  96  4 W

  TEMPERATURE IN F:       :PCPN:    SNOW:  WIND      :SUNSHINE: SKY     :PK WND
================================================================================
1   2   3   4   5  6A  6B    7    8   9   10  11  12  13   14  15   16   17  18
                                     12Z  AVG MX 2MIN
DY MAX MIN AVG DEP HDD CDD  WTR  SNW DPTH SPD SPD DIR MIN PSBL S-S WX    SPD DR
================================================================================

 1  97  79  88  11   0  23 0.00  0.0    0  9.8 14 170   M    M   2        20 170
 2  99  79  89  11   0  24 0.00  0.0    0  7.3 14 170   M    M   2        17 210
 3  95  72  84   6   0  19 0.00  0.0    0  7.0 10 360   M    M   4 8      17 360
 4  86  66  76  -2   0  11 0.20  0.0    0  3.7  9 120   M    M   4 3      16 270
 5  95  70  83   5   0  18 0.00  0.0    0  4.5 10 120   M    M   4 3       M  M
 6  97  75  86   7   0  21 0.00  0.0    0  7.4 12 100   M    M   2         M  M
 7  95  72  84   5   0  19 0.23  0.0    0  8.3 33 350   M    M   2 3      40 350
 8  95  72  84   5   0  19 0.00  0.0    0  6.5 14 180   M    M   1        18 190
 9  97  75  86   7   0  21 0.00  0.0    0  6.5 13 170   M    M   0        21 180
10  97  73  85   5   0  20 0.00  0.0    0  8.8 16 190   M    M   3        23 190
11  97  81  89   9   0  24 0.00  0.0    0 10.9 18 190   M    M   2        30 210
12  95  79  87   7   0  22 0.19  0.0    0  6.9 13 180   M    M   3        17 180
13  99  79  89   9   0  24 0.00  0.0    0  7.4 14 230   M    M   2        20 230
14  99  75  87   7   0  22 0.00  0.0    0  6.3 12 200   M    M   1        18 190
15  97  77  87   6   0  22 0.00  0.0    0  8.7 15 170   M    M   2        20 180
16  97  77  87   6   0  22 0.00  0.0    0  9.8 16 130   M    M   2        21 130
17  97  75  86   5   0  21 0.00  0.0    0  8.0 14 120   M    M   5         M  M
18  93  77  85   4   0  20 0.00  0.0    0  9.6 16 130   M    M   7        25 130
19  91  77  84   3   0  19 0.00  0.0    0 10.0 16 150   M    M  10        22 150
================================================================================
SM 1818 1430         0 391  0.62     0.0 147.4          M       58
================================================================================
AV 95.7 75.3                               7.8 FASTST   M    M   3    MAX(MPH)
                                 MISC ---->  # 33 350               # 40  350
================================================================================
NOTES:
# LAST OF SEVERAL OCCURRENCES

COLUMN 17 PEAK WIND IN M.P.H.

PRELIMINARY LOCAL CLIMATOLOGICAL DATA (WS FORM: F-6) , PAGE 2

                                          STATION:  GREENVILLE
                                          MONTH:    JUNE
                                          YEAR:     2018
                                          LATITUDE:   33  4 N
                                          LONGITUDE:  96  4 W

[TEMPERATURE DATA]      [PRECIPITATION DATA]       SYMBOLS USED IN COLUMN 16

AVERAGE MONTHLY: 85.5   TOTAL FOR MONTH:   0.62    1 = FOG OR MIST
DPTR FM NORMAL:   6.0   DPTR FM NORMAL:   -2.28    2 = FOG REDUCING VISIBILITY
HIGHEST:    99 ON 14,13 GRTST 24HR  0.23 ON  7- 7      TO 1/4 MILE OR LESS
LOWEST:     66 ON  4                               3 = THUNDER
                        SNOW, ICE PELLETS, HAIL    4 = ICE PELLETS
                        TOTAL MONTH:   0.0 INCH    5 = HAIL
                        GRTST 24HR     0.0         6 = FREEZING RAIN OR DRIZZLE
                        GRTST DEPTH:   0           7 = DUSTSTORM OR SANDSTORM:
                                                       VSBY 1/2 MILE OR LESS
                                                   8 = SMOKE OR HAZE
[NO. OF DAYS WITH]      [WEATHER - DAYS WITH]      9 = BLOWING SNOW
                                                   X = TORNADO
MAX 32 OR BELOW:   0    0.01 INCH OR MORE:   3
MAX 90 OR ABOVE:  18    0.10 INCH OR MORE:   3
MIN 32 OR BELOW:   0    0.50 INCH OR MORE:   0
MIN  0 OR BELOW:   0    1.00 INCH OR MORE:   0

[HDD (BASE 65) ]
TOTAL THIS MO.     0    CLEAR  (SCALE 0-3)  12
DPTR FM NORMAL     0    PTCLDY (SCALE 4-7)   6
TOTAL FM JUL 1  2109    CLOUDY (SCALE 8-10)  1
DPTR FM NORMAL  -294

[CDD (BASE 65) ]
TOTAL THIS MO.   391
DPTR FM NORMAL   116    [PRESSURE DATA]
TOTAL FM JAN 1   953    HIGHEST SLP M ON M
DPTR FM NORMAL   293    LOWEST  SLP M ON M

[REMARKS]
