000
CXUS54 KJAN 181414
CF6GWO
PRELIMINARY LOCAL CLIMATOLOGICAL DATA (WS FORM: F-6)

                                          STATION:   GREENWOOD
                                          MONTH:     OCTOBER
                                          YEAR:      2019
                                          LATITUDE:   33 30 N
                                          LONGITUDE:  90  5 W

  TEMPERATURE IN F:       :PCPN:    SNOW:  WIND      :SUNSHINE: SKY     :PK WND
================================================================================
1   2   3   4   5  6A  6B    7    8   9   10  11  12  13   14  15   16   17  18
                                     12Z  AVG MX 2MIN
DY MAX MIN AVG DEP HDD CDD  WTR  SNW DPTH SPD SPD DIR MIN PSBL S-S WX    SPD DR
================================================================================

 1  97  68  83  14   0  18 0.00  0.0    0  2.6 13 210   M    M   0 18     16 210
 2  99  70  85  16   0  20 0.00  0.0    0  1.9  9  20   M    M   0 18     13  20
 3 100  72  86  17   0  21 0.00  0.0    0  3.3 15 360   M    M   1 18     21 360
 4  93  69  81  13   0  16 0.00  0.0    0  6.3 16  30   M    M   1        19  20
 5  96  62  79  11   0  14 0.00  0.0    0  2.6 14 120   M    M   1        18 110
 6  93  72  83  15   0  18 0.00  0.0    0  6.5 15 200   M    M   2        19 180
 7  75  60  68   1   0   3 1.40  0.0    0  7.7 18  50   M    M   9 13     24  20
 8  75  55  65  -2   0   0 0.00  0.0    0  4.6 10  60   M    M   3 1      14  30
 9  88  57  73   7   0   8 0.00  0.0    0  4.3 10 110   M    M   4 1      13 110
10  91  66  79  13   0  14 0.00  0.0    0  7.4 16 150   M    M   3        22 190
11  89  54  72   6   0   7 0.03  0.0    0  8.5 20 170   M    M   6 3      25 200
12  69  47  58  -7   7   0    T  0.0    0  6.7 20  20   M    M   3        26  40
13  57  44  51 -14  14   0 0.53  0.0    0  1.3  7  80   M    M   6 1       8  80
14  72  56  64  -1   1   0 0.04  0.0    0  4.4 10 350   M    M   8 1      13 360
15  72  64  68   3   0   3 0.88  0.0    0  3.6 10 150   M    M   8 18     14 150
16  70  46  58  -6   7   0 0.02  0.0    0  6.5 17  20   M    M   2 18     25 330
17  69  40  55  -9  10   0 0.00  0.0    0  2.4  8  20   M    M   0 1      12 360
================================================================================
SM 1405 1002        39 142  2.90     0.0  80.6          M       57
================================================================================
AV 82.7 58.9                               4.7 FASTST   M    M   3    MAX(MPH)
                                 MISC ---->  # 20 170               # 26   40
================================================================================
NOTES:
# LAST OF SEVERAL OCCURRENCES

COLUMN 17 PEAK WIND IN M.P.H.

PRELIMINARY LOCAL CLIMATOLOGICAL DATA (WS FORM: F-6) , PAGE 2

                                          STATION:  GREENWOOD
                                          MONTH:    OCTOBER
                                          YEAR:     2019
                                          LATITUDE:   33 30 N
                                          LONGITUDE:  90  5 W

[TEMPERATURE DATA]      [PRECIPITATION DATA]       SYMBOLS USED IN COLUMN 16

AVERAGE MONTHLY: 70.8   TOTAL FOR MONTH:   2.90    1 = FOG OR MIST
DPTR FM NORMAL:   4.3   DPTR FM NORMAL:    0.79    2 = FOG REDUCING VISIBILITY
HIGHEST:   100 ON  3    GRTST 24HR  1.40 ON  7- 7      TO 1/4 MILE OR LESS
LOWEST:     40 ON 17                               3 = THUNDER
                        SNOW, ICE PELLETS, HAIL    4 = ICE PELLETS
                        TOTAL MONTH:   0.0 INCH    5 = HAIL
                        GRTST 24HR     0.0         6 = FREEZING RAIN OR DRIZZLE
                        GRTST DEPTH:   0           7 = DUSTSTORM OR SANDSTORM:
                                                       VSBY 1/2 MILE OR LESS
                                                   8 = SMOKE OR HAZE
[NO. OF DAYS WITH]      [WEATHER - DAYS WITH]      9 = BLOWING SNOW
                                                   X = TORNADO
MAX 32 OR BELOW:   0    0.01 INCH OR MORE:   6
MAX 90 OR ABOVE:   7    0.10 INCH OR MORE:   3
MIN 32 OR BELOW:   0    0.50 INCH OR MORE:   3
MIN  0 OR BELOW:   0    1.00 INCH OR MORE:   1

[HDD (BASE 65) ]
TOTAL THIS MO.    39    CLEAR  (SCALE 0-3)  10
DPTR FM NORMAL    -4    PTCLDY (SCALE 4-7)   5
TOTAL FM JUL 1    39    CLOUDY (SCALE 8-10)  2
DPTR FM NORMAL   -16

[CDD (BASE 65) ]
TOTAL THIS MO.   142
DPTR FM NORMAL    74    [PRESSURE DATA]
TOTAL FM JAN 1  2540    HIGHEST SLP M ON M
DPTR FM NORMAL   425    LOWEST  SLP 29.85 ON M

[REMARKS]
