000
CXUS54 KFWD 270731
CF6GYI
PRELIMINARY LOCAL CLIMATOLOGICAL DATA (WS FORM: F-6)

                                          STATION:   SHERMAN DENISON
                                          MONTH:     MAY
                                          YEAR:      2020
                                          LATITUDE:   33 42 N
                                          LONGITUDE:  96 40 W

  TEMPERATURE IN F:       :PCPN:    SNOW:  WIND      :SUNSHINE: SKY     :PK WND
================================================================================
1   2   3   4   5  6A  6B    7    8   9   10  11  12  13   14  15   16   17  18
                                     12Z  AVG MX 2MIN
DY MAX MIN AVG DEP HDD CDD  WTR  SNW DPTH SPD SPD DIR MIN PSBL S-S WX    SPD DR
================================================================================

 1  89  62  76  10   0  11 0.00  0.0    0 15.6 27 190   M    M   0        35 190
 2  89  65  77  10   0  12 0.00  0.0    0 15.3 22 170   M    M   0        30 160
 3  91  70  81  14   0  16 0.00  0.0    0 12.3 20 190   M    M   1        25 180
 4  94  70  82  15   0  17 0.00  0.0    0 14.0 23 180   M    M   1 3      29 160
 5  78  57  68   0   0   3 0.00  0.0    0 12.0 20  20   M    M   4        31  10
 6  76  51  64  -4   1   0 0.00  0.0    0  3.7 10  30   M    M   2 8       M  M
 7  84  53  69   1   0   4 0.00  0.0    0 14.0 28 170   M    M   2 38     39 170
 8  73  51  62  -6   3   0 1.00  0.0    0 15.2 27 350   M    M   5 3      38 340
 9  72  45  59 -10   6   0 0.00  0.0    0  6.7 12 100   M    M   1        21 100
10  76  51  64  -5   1   0 0.00  0.0    0  4.3  8  60   M    M   1         M  M
11  77  49  63  -6   2   0 0.00  0.0    0  9.2 17  90   M    M   1        20 100
12  66  57  62  -7   3   0    M  0.0    0 10.1 16  90   M    M  10 13     17 120
13  82  63  73   3   0   8 0.00  0.0    0 12.0 17 170   M    M   7 1      24 150
14  87  65  76   6   0  11 0.18  0.0    0 12.4 21 160   M    M   4        28 160
15  84  64  74   4   0   9 0.10  0.0    0 13.7 22  50   M    M   6 3      40  50
16  68  63  66  -4   0   1 0.20  0.0    0  8.9 16 340   M    M   8 3      24 350
17  81  64  73   2   0   8 0.00  0.0    0  8.6 16 340   M    M   1        22 320
18  85  59  72   1   0   7 0.00  0.0    0  3.4  6  90   M    M   2         M  M
19  83  65  74   3   0   9 0.00  0.0    0  7.8 14  70   M    M   2 8      18  80
20  75  66  71  -1   0   6 0.00  0.0    0  9.3 15  90   M    M  10        23  90
21  83  67  75   3   0  10 0.00  0.0    0  7.8 12 120   M    M   8 18     18  90
22  90  64  77   5   0  12    M  0.0    0 11.0 33 270   M    M   4 38     45 270
23  88  65  77   5   0  12 0.53  0.0    0 12.6 24 190   M    M   4 3      30 190
24  85  64  75   2   0  10 0.58  0.0    0  9.7 20 110   M    M   5 3      32 110
25  69  64  67  -6   0   2    M  0.0    0  7.3 12 320   M    M   9 1      20 290
26  70  61  66  -7   0   1 0.00  0.0    0  3.8 10 250   M    M   7         M  M
================================================================================
SM 2095 1575        16 169  2.59     0.0 260.7          M      105
================================================================================
AV 80.6 60.6                              10.0 FASTST   M    M   4    MAX(MPH)
                                 MISC ---->  # 33 270               # 45  270
================================================================================
NOTES:
# LAST OF SEVERAL OCCURRENCES

COLUMN 17 PEAK WIND IN M.P.H.

PRELIMINARY LOCAL CLIMATOLOGICAL DATA (WS FORM: F-6) , PAGE 2

                                          STATION:  SHERMAN DENISON
                                          MONTH:    MAY
                                          YEAR:     2020
                                          LATITUDE:   33 42 N
                                          LONGITUDE:  96 40 W

[TEMPERATURE DATA]      [PRECIPITATION DATA]       SYMBOLS USED IN COLUMN 16

AVERAGE MONTHLY: 70.6   TOTAL FOR MONTH:   2.59    1 = FOG OR MIST
DPTR FM NORMAL:   0.8   DPTR FM NORMAL:   -1.85    2 = FOG REDUCING VISIBILITY
HIGHEST:    94 ON  4    GRTST 24HR  1.00 ON  8- 8      TO 1/4 MILE OR LESS
LOWEST:     45 ON  9                               3 = THUNDER
                        SNOW, ICE PELLETS, HAIL    4 = ICE PELLETS
                        TOTAL MONTH:   0.0 INCH    5 = HAIL
                        GRTST 24HR     0.0         6 = FREEZING RAIN OR DRIZZLE
                        GRTST DEPTH:   0           7 = DUSTSTORM OR SANDSTORM:
                                                       VSBY 1/2 MILE OR LESS
                                                   8 = SMOKE OR HAZE
[NO. OF DAYS WITH]      [WEATHER - DAYS WITH]      9 = BLOWING SNOW
                                                   X = TORNADO
MAX 32 OR BELOW:   0    0.01 INCH OR MORE:   6
MAX 90 OR ABOVE:   3    0.10 INCH OR MORE:   6
MIN 32 OR BELOW:   0    0.50 INCH OR MORE:   3
MIN  0 OR BELOW:   0    1.00 INCH OR MORE:   1

[HDD (BASE 65) ]
TOTAL THIS MO.    16    CLEAR  (SCALE 0-3)  12
DPTR FM NORMAL    -6    PTCLDY (SCALE 4-7)  10
TOTAL FM JUL 1  2285    CLOUDY (SCALE 8-10)  4
DPTR FM NORMAL  -585

[CDD (BASE 65) ]
TOTAL THIS MO.   169
DPTR FM NORMAL    22    [PRESSURE DATA]
TOTAL FM JAN 1   299    HIGHEST SLP M ON M
DPTR FM NORMAL    78    LOWEST  SLP M ON M

[REMARKS]
