000
CXUS54 KJAN 251200
CF6HBG
PRELIMINARY LOCAL CLIMATOLOGICAL DATA (WS FORM: F-6)

                                          STATION:   HATTIESBURG
                                          MONTH:     APRIL
                                          YEAR:      2018
                                          LATITUDE:   31 16 N
                                          LONGITUDE:  89 15 W

  TEMPERATURE IN F:       :PCPN:    SNOW:  WIND      :SUNSHINE: SKY     :PK WND
================================================================================
1   2   3   4   5  6A  6B    7    8   9   10  11  12  13   14  15   16   17  18
                                     12Z  AVG MX 2MIN
DY MAX MIN AVG DEP HDD CDD  WTR  SNW DPTH SPD SPD DIR MIN PSBL S-S WX    SPD DR
================================================================================

 1  80  45  63   1   2   0 0.00  0.0    0  4.0 14 180   M    M   0        17 160
 2  82  55  69   7   0   4 0.00  0.0    0  3.7 14 180   M    M   5 12     19 180
 3  85  65  75  13   0  10 0.64  0.0    0  9.2 23 190   M    M   4 13     30 190
 4  69  49  59  -4   6   0 0.20  0.0    0  8.2 23 320   M    M   3 13     34 300
 5  73  42  58  -5   7   0 0.00  0.0    0  3.0 12  90   M    M   0        13 110
 6  75  47  61  -2   4   0 0.10  0.0    0  7.1 18 150   M    M   5 13     24 150
 7  68  44  56  -7   9   0 0.83  0.0    0  7.7 18 360   M    M  10 13     24 360
 8  66  39  53 -10  12   0 0.00  0.0    0  5.3 14 360   M    M   8 1      18  30
 9  72  54  63  -1   2   0 0.01  0.0    0  3.1  9  20   M    M   9 1      12  70
10  75  54  65   1   0   0 0.00  0.0    0  8.4 17  20   M    M   2        24  30
11  77  44  61  -3   4   0 0.00  0.0    0  2.6  8 110   M    M   0 18     13  60
12  80  46  63  -1   2   0 0.00  0.0    0  6.8 20 140   M    M   0        24 150
13  83  53  68   4   0   3    T  0.0    0  9.9 23 190   M    M   5 12     30 190
14  76  52  64  -1   1   0 4.03  0.0    0  9.5 35 320   M    M   9 13     50 320
15  57  41  49 -16  16   0    T    M    0  8.5 21 310   M    M   3        29 320
16  71  36  54 -11  11   0 0.00  0.0    0  5.8 20 300   M    M   0        25 280
17  82  41  62  -4   3   0 0.00  0.0    0  6.6 20 230   M    M   0        26 230
18  82  58  70   4   0   5 0.00  0.0    0  6.9 18 250   M    M   3        25 230
19  72  51  62  -4   3   0 0.00  0.0    0  8.5 16 300   M    M   0        22 360
20  70  44  57  -9   8   0 0.00  0.0    0  4.6 14  30   M    M   0        19  30
21  78  45  62  -5   3   0 0.00  0.0    0  4.6 16 150   M    M   2        19 150
22  76  59  68   1   0   3 0.34  0.0    0  7.3 23 250   M    M   7 1      32 280
23  64  51  58  -9   7   0 0.00  0.0    0  5.4 15 270   M    M   6        20 290
24  75  52  64  -4   1   0 0.00  0.0    0  5.4 16 350   M    M   3        22 300
================================================================================
SM 1788 1167       101  25  6.15     0.0 152.1          M       84
================================================================================
AV 74.5 48.6                               6.3 FASTST   M    M   4    MAX(MPH)
                                 MISC ---->  # 35 320               # 50  320
================================================================================
NOTES:
# LAST OF SEVERAL OCCURRENCES

COLUMN 17 PEAK WIND IN M.P.H.

PRELIMINARY LOCAL CLIMATOLOGICAL DATA (WS FORM: F-6) , PAGE 2

                                          STATION:  HATTIESBURG
                                          MONTH:    APRIL
                                          YEAR:     2018
                                          LATITUDE:   31 16 N
                                          LONGITUDE:  89 15 W

[TEMPERATURE DATA]      [PRECIPITATION DATA]       SYMBOLS USED IN COLUMN 16

AVERAGE MONTHLY: 61.6   TOTAL FOR MONTH:   6.15    1 = FOG OR MIST
DPTR FM NORMAL:  -3.0   DPTR FM NORMAL:    2.00    2 = FOG REDUCING VISIBILITY
HIGHEST:    85 ON  3    GRTST 24HR  4.03 ON 14-14      TO 1/4 MILE OR LESS
LOWEST:     36 ON 16                               3 = THUNDER
                        SNOW, ICE PELLETS, HAIL    4 = ICE PELLETS
                        TOTAL MONTH:   0.0 INCH    5 = HAIL
                        GRTST 24HR     0.0         6 = FREEZING RAIN OR DRIZZLE
                        GRTST DEPTH:   0           7 = DUSTSTORM OR SANDSTORM:
                                                       VSBY 1/2 MILE OR LESS
                                                   8 = SMOKE OR HAZE
[NO. OF DAYS WITH]      [WEATHER - DAYS WITH]      9 = BLOWING SNOW
                                                   X = TORNADO
MAX 32 OR BELOW:   0    0.01 INCH OR MORE:   7
MAX 90 OR ABOVE:   0    0.10 INCH OR MORE:   6
MIN 32 OR BELOW:   0    0.50 INCH OR MORE:   3
MIN  0 OR BELOW:   0    1.00 INCH OR MORE:   1

[HDD (BASE 65) ]
TOTAL THIS MO.   101    CLEAR  (SCALE 0-3)  13
DPTR FM NORMAL    24    PTCLDY (SCALE 4-7)   8
TOTAL FM JUL 1  1884    CLOUDY (SCALE 8-10)  3
DPTR FM NORMAL   -88

[CDD (BASE 65) ]
TOTAL THIS MO.    25
DPTR FM NORMAL   -40    [PRESSURE DATA]
TOTAL FM JAN 1   154    HIGHEST SLP M ON M
DPTR FM NORMAL    41    LOWEST  SLP 29.69 ON  6

[REMARKS]
