000
CXUS53 KGID 210730
CF6HDE
PRELIMINARY LOCAL CLIMATOLOGICAL DATA (WS FORM: F-6)

                                          STATION:   HOLDREGE
                                          MONTH:     SEPTEMBER
                                          YEAR:      2018
                                          LATITUDE:   40 27 N
                                          LONGITUDE:  99 20 W

  TEMPERATURE IN F:       :PCPN:    SNOW:  WIND      :SUNSHINE: SKY     :PK WND
================================================================================
1   2   3   4   5  6A  6B    7    8   9   10  11  12  13   14  15   16   17  18
                                     12Z  AVG MX 2MIN
DY MAX MIN AVG DEP HDD CDD  WTR  SNW DPTH SPD SPD DIR MIN PSBL S-S WX    SPD DR
================================================================================

 1  82  64  73   3   0   8 0.67    M    M  9.7 31 290   M    M   6 3      48 290
 2  80  65  73   3   0   8 0.04    M    M  8.6 20 180   M    M   5 3      28 180
 3  73  65  69   0   0   4 0.46    M    M  6.8 12 140   M    M  10        17 140
 4  83  64  74   5   0   9 2.65    M    M  5.3 13 320   M    M   8 13      M  M
 5  72  63  68  -1   0   3 0.06    M    M 10.6 17  30   M    M  10 1      21  10
 6  71  58  65  -3   0   0 0.07    M    M  6.9 10  40   M    M   8 1       M  M
 7  74  61  68   0   0   3 0.11    M    M  8.8 14  30   M    M   9 1      22  30
 8  71  58  65  -3   0   0 0.01    M    M  7.7 14 110   M    M   8 1       M  M
 9  73  60  67   0   0   2 0.00    M    M  8.8 13 160   M    M   9        18 170
10  78  57  68   1   0   3 0.00    M    M 10.6 17 190   M    M   2        25 180
11  82  58  70   4   0   5 0.00    M    M 14.5 25 160   M    M   0        32 160
12  79  60  70   4   0   5 0.00    M    M 14.6 22 160   M    M   2        32 160
13  88  67  78  12   0  13 0.00    M    M 17.0 24 170   M    M   6        31 180
14  89  66  78  13   0  13 0.00    M    M 12.9 22 170   M    M   2        29 170
15  87  65  76  11   0  11 0.00    M    M 11.1 20 160   M    M   0        28 160
16  87  63  75  11   0  10 0.00    M    M 10.1 20 190   M    M   1        29 170
17  91  64  78  14   0  13 0.00    M    M  7.9 15 180   M    M   0        22 210
18  87  66  77  13   0  12 0.00    M    M  9.6 15  90   M    M   0        23  80
19  92  65  79  16   0  14 0.00    M    M 11.2 22 150   M    M   1        29 150
20  81  59  70   7   0   5 0.02    M    M 10.7 20 170   M    M   3        27 220
================================================================================
SM 1620 1248         0 141  4.09    M    203.4          M       90
================================================================================
AV 81.0 62.4                              10.2 FASTST   M    M   5    MAX(MPH)
                                 MISC ---->  # 31 290               # 48  290
================================================================================
NOTES:
# LAST OF SEVERAL OCCURRENCES

COLUMN 17 PEAK WIND IN M.P.H.

PRELIMINARY LOCAL CLIMATOLOGICAL DATA (WS FORM: F-6) , PAGE 2

                                          STATION:  HOLDREGE
                                          MONTH:    SEPTEMBER
                                          YEAR:     2018
                                          LATITUDE:   40 27 N
                                          LONGITUDE:  99 20 W

[TEMPERATURE DATA]      [PRECIPITATION DATA]       SYMBOLS USED IN COLUMN 16

AVERAGE MONTHLY: 71.7   TOTAL FOR MONTH:   4.09    1 = FOG OR MIST
DPTR FM NORMAL:   5.1   DPTR FM NORMAL:    2.71    2 = FOG REDUCING VISIBILITY
HIGHEST:    92 ON 19    GRTST 24HR  2.65 ON  4- 4      TO 1/4 MILE OR LESS
LOWEST:     57 ON 10                               3 = THUNDER
                        SNOW, ICE PELLETS, HAIL    4 = ICE PELLETS
                        TOTAL MONTH:    M          5 = HAIL
                        GRTST 24HR    M  ON   M    6 = FREEZING RAIN OR DRIZZLE
                        GRTST DEPTH:  M  ON   M    7 = DUSTSTORM OR SANDSTORM:
                                                       VSBY 1/2 MILE OR LESS
                                                   8 = SMOKE OR HAZE
[NO. OF DAYS WITH]      [WEATHER - DAYS WITH]      9 = BLOWING SNOW
                                                   X = TORNADO
MAX 32 OR BELOW:   0    0.01 INCH OR MORE:   9
MAX 90 OR ABOVE:   2    0.10 INCH OR MORE:   4
MIN 32 OR BELOW:   0    0.50 INCH OR MORE:   2
MIN  0 OR BELOW:   0    1.00 INCH OR MORE:   1

[HDD (BASE 65) ]
TOTAL THIS MO.     0    CLEAR  (SCALE 0-3)   9
DPTR FM NORMAL   -49    PTCLDY (SCALE 4-7)   4
TOTAL FM JUL 1    14    CLOUDY (SCALE 8-10)  7
DPTR FM NORMAL   -47

[CDD (BASE 65) ]
TOTAL THIS MO.   141
DPTR FM NORMAL    61    [PRESSURE DATA]
TOTAL FM JAN 1  1029    HIGHEST SLP M ON M
DPTR FM NORMAL   137    LOWEST  SLP M ON M

[REMARKS]
