000
CXUS53 KGID 210730
CF6HDE
PRELIMINARY LOCAL CLIMATOLOGICAL DATA (WS FORM: F-6)

                                          STATION:   HOLDREGE
                                          MONTH:     OCTOBER
                                          YEAR:      2019
                                          LATITUDE:   40 27 N
                                          LONGITUDE:  99 20 W

  TEMPERATURE IN F:       :PCPN:    SNOW:  WIND      :SUNSHINE: SKY     :PK WND
================================================================================
1   2   3   4   5  6A  6B    7    8   9   10  11  12  13   14  15   16   17  18
                                     12Z  AVG MX 2MIN
DY MAX MIN AVG DEP HDD CDD  WTR  SNW DPTH SPD SPD DIR MIN PSBL S-S WX    SPD DR
================================================================================

 1  63  48  56  -2   9   0 0.27    M    M 11.4 17  40   M    M  10 1      23 360
 2  54  42  48 -10  17   0 0.04    M    M  7.4 13  40   M    M   9 1      22  30
 3  63  37  50  -7  15   0 0.00    M    M  3.7 10 110   M    M   3 128     M  M
 4  58  49  54  -3  11   0 0.02    M    M 14.4 21 140   M    M  10 1      29 150
 5  67  41  54  -2  11   0 0.00    M    M 11.5 22 310   M    M   2 13     36 310
 6  64  39  52  -4  13   0    T    M    M  4.4 13 320   M    M   3        18 230
 7  72  39  56   1   9   0 0.00    M    M  9.4 17 180   M    M   0        24 210
 8  74  43  59   4   6   0 0.00    M    M 14.2 22 180   M    M   0        29 180
 9  69  45  57   2   8   0    T    M    M 12.7 20  20   M    M   5        27 150
10  46  30  38 -16  27   0 0.04    M    M 19.5 25 330   M    M  10 1      38 350
11  45  24  35 -19  30   0 0.00    M    M 11.7 20 320   M    M   2        24 310
12  63  28  46  -8  19   0 0.00    M    M  8.4 16 310   M    M   0        27 300
13  67  28  48  -5  17   0 0.00    M    M  2.9  8 300   M    M   0         M  M
14  76  33  55   2  10   0 0.00    M    M  6.4 15 190   M    M   0        23 190
15  60  34  47  -5  18   0 0.00    M    M 13.7 21 340   M    M   0        31 340
16  63  28  46  -6  19   0 0.00    M    M  6.0 14 190   M    M   0        21 190
17  79  34  57   5   8   0 0.00    M    M  8.5 16 150   M    M   0        22 170
18  77  50  64  13   1   0 0.03    M    M 11.8 18 200   M    M   2 3      27 220
19  68  40  54   3  11   0 0.00    M    M  6.0 14 290   M    M   0        20 290
20  64  43  54   4  11   0 0.00    M    M 13.9 23 180   M    M   2        29 160
================================================================================
SM 1292  755       270   0  0.40    M    197.9          M       58
================================================================================
AV 64.6 37.8                               9.9 FASTST   M    M   3    MAX(MPH)
                                 MISC ---->  # 25 330               # 38  350
================================================================================
NOTES:
# LAST OF SEVERAL OCCURRENCES

COLUMN 17 PEAK WIND IN M.P.H.

PRELIMINARY LOCAL CLIMATOLOGICAL DATA (WS FORM: F-6) , PAGE 2

                                          STATION:  HOLDREGE
                                          MONTH:    OCTOBER
                                          YEAR:     2019
                                          LATITUDE:   40 27 N
                                          LONGITUDE:  99 20 W

[TEMPERATURE DATA]      [PRECIPITATION DATA]       SYMBOLS USED IN COLUMN 16

AVERAGE MONTHLY: 51.2   TOTAL FOR MONTH:   0.40    1 = FOG OR MIST
DPTR FM NORMAL:  -3.0   DPTR FM NORMAL:   -1.00    2 = FOG REDUCING VISIBILITY
HIGHEST:    79 ON 17    GRTST 24HR  0.27 ON  1- 1      TO 1/4 MILE OR LESS
LOWEST:     24 ON 11                               3 = THUNDER
                        SNOW, ICE PELLETS, HAIL    4 = ICE PELLETS
                        TOTAL MONTH:    M          5 = HAIL
                        GRTST 24HR    M  ON   M    6 = FREEZING RAIN OR DRIZZLE
                        GRTST DEPTH:  M  ON   M    7 = DUSTSTORM OR SANDSTORM:
                                                       VSBY 1/2 MILE OR LESS
                                                   8 = SMOKE OR HAZE
[NO. OF DAYS WITH]      [WEATHER - DAYS WITH]      9 = BLOWING SNOW
                                                   X = TORNADO
MAX 32 OR BELOW:   0    0.01 INCH OR MORE:   5
MAX 90 OR ABOVE:   0    0.10 INCH OR MORE:   1
MIN 32 OR BELOW:   5    0.50 INCH OR MORE:   0
MIN  0 OR BELOW:   0    1.00 INCH OR MORE:   0

[HDD (BASE 65) ]
TOTAL THIS MO.   270    CLEAR  (SCALE 0-3)  14
DPTR FM NORMAL    44    PTCLDY (SCALE 4-7)   2
TOTAL FM JUL 1   289    CLOUDY (SCALE 8-10)  4
DPTR FM NORMAL   -60

[CDD (BASE 65) ]
TOTAL THIS MO.     0
DPTR FM NORMAL    -7    [PRESSURE DATA]
TOTAL FM JAN 1  1029    HIGHEST SLP M ON M
DPTR FM NORMAL   116    LOWEST  SLP M ON M

[REMARKS]
