000
CXUS53 KGID 210730
CF6HDE
PRELIMINARY LOCAL CLIMATOLOGICAL DATA (WS FORM: F-6)

                                          STATION:   HOLDREGE
                                          MONTH:     JANUARY
                                          YEAR:      2020
                                          LATITUDE:   40 27 N
                                          LONGITUDE:  99 20 W

  TEMPERATURE IN F:       :PCPN:    SNOW:  WIND      :SUNSHINE: SKY     :PK WND
================================================================================
1   2   3   4   5  6A  6B    7    8   9   10  11  12  13   14  15   16   17  18
                                     12Z  AVG MX 2MIN
DY MAX MIN AVG DEP HDD CDD  WTR  SNW DPTH SPD SPD DIR MIN PSBL S-S WX    SPD DR
================================================================================

 1  42  20  31   5  34   0 0.00    M    M  6.5 14 260   M    M   3         M  M
 2  40  29  35   9  30   0 0.00    M    M  7.0 12 330   M    M   2        17 350
 3  38  24  31   5  34   0 0.00    M    M  8.4 14 310   M    M   5        20 310
 4  46  22  34   8  31   0 0.00    M    M  8.1 13 210   M    M   1        18 220
 5  45  26  36  10  29   0 0.00    M    M  7.9 18 310   M    M   0        25 320
 6  44  25  35   9  30   0 0.00    M    M  9.4 21 310   M    M   2        27 310
 7  50  24  37  11  28   0 0.00    M    M  7.2 14 250   M    M   0        21 250
 8  42  25  34   8  31   0 0.00    M    M 13.6 20 120   M    M   1        25 140
 9  46  27  37  11  28   0 0.00    M    M  7.4 14 310   M    M   1         M  M
10  31  11  21  -5  44   0    T    M    M 16.3 25 360   M    M   8 1      33 360
11  27   5  16 -10  49   0 0.00    M    M  6.9 15 360   M    M   0        21 350
12  32  19  26   0  39   0    M    M    M  6.5 13 180   M    M   4         M  M
13  36  18  27   1  38   0 0.00    M    M  5.5 12 150   M    M   0        18 130
14  35  15  25  -1  40   0 0.00    M    M  8.0 14 110   M    M   3 1       M  M
15  30   9  20  -6  45   0 0.00    M    M 11.0 20 350   M    M   3 1      24 340
16  23   4  14 -12  51   0 0.00    M    M  6.1 15 140   M    M   2         M  M
17  34  20  27   1  38   0    M    M    M 12.5 22 130   M    M  10 1      29 140
18  35  19  27   1  38   0 0.00    M    M 10.8 24 310   M    M   1        29 320
19  26  13  20  -6  45   0 0.00    M    M  3.6  7 110   M    M   0         M  M
20  20   8  14 -12  51   0 0.00    M    M  6.8 12  70   M    M   0         M  M
================================================================================
SM  722  363       753   0    T     M    169.5          M       46
================================================================================
AV 36.1 18.2                               8.5 FASTST   M    M   2    MAX(MPH)
                                 MISC ---->  # 25 360               # 33  360
================================================================================
NOTES:
# LAST OF SEVERAL OCCURRENCES

COLUMN 17 PEAK WIND IN M.P.H.

PRELIMINARY LOCAL CLIMATOLOGICAL DATA (WS FORM: F-6) , PAGE 2

                                          STATION:  HOLDREGE
                                          MONTH:    JANUARY
                                          YEAR:     2020
                                          LATITUDE:   40 27 N
                                          LONGITUDE:  99 20 W

[TEMPERATURE DATA]      [PRECIPITATION DATA]       SYMBOLS USED IN COLUMN 16

AVERAGE MONTHLY: 27.1   TOTAL FOR MONTH:      T    1 = FOG OR MIST
DPTR FM NORMAL:   1.1   DPTR FM NORMAL:   -0.31    2 = FOG REDUCING VISIBILITY
HIGHEST:    50 ON  7    GRTST 24HR    T  ON 10-10      TO 1/4 MILE OR LESS
LOWEST:      4 ON 16                               3 = THUNDER
                        SNOW, ICE PELLETS, HAIL    4 = ICE PELLETS
                        TOTAL MONTH:    M          5 = HAIL
                        GRTST 24HR    M  ON   M    6 = FREEZING RAIN OR DRIZZLE
                        GRTST DEPTH:  M  ON   M    7 = DUSTSTORM OR SANDSTORM:
                                                       VSBY 1/2 MILE OR LESS
                                                   8 = SMOKE OR HAZE
[NO. OF DAYS WITH]      [WEATHER - DAYS WITH]      9 = BLOWING SNOW
                                                   X = TORNADO
MAX 32 OR BELOW:   7    0.01 INCH OR MORE:   0
MAX 90 OR ABOVE:   0    0.10 INCH OR MORE:   0
MIN 32 OR BELOW:  20    0.50 INCH OR MORE:   0
MIN  0 OR BELOW:   0    1.00 INCH OR MORE:   0

[HDD (BASE 65) ]
TOTAL THIS MO.   753    CLEAR  (SCALE 0-3)  15
DPTR FM NORMAL   -40    PTCLDY (SCALE 4-7)   4
TOTAL FM JUL 1  3156    CLOUDY (SCALE 8-10)  1
DPTR FM NORMAL  -159

[CDD (BASE 65) ]
TOTAL THIS MO.     0
DPTR FM NORMAL     0    [PRESSURE DATA]
TOTAL FM JAN 1     0    HIGHEST SLP M ON M
DPTR FM NORMAL     0    LOWEST  SLP M ON M

[REMARKS]
