000
CXUS56 KPQR 191200
CF6HIO
PRELIMINARY LOCAL CLIMATOLOGICAL DATA (WS FORM: F-6)

                                          STATION:   HILLSBORO OR
                                          MONTH:     OCTOBER
                                          YEAR:      2019
                                          LATITUDE:   45 32 N
                                          LONGITUDE: 122 57 W

  TEMPERATURE IN F:       :PCPN:    SNOW:  WIND      :SUNSHINE: SKY     :PK WND
================================================================================
1   2   3   4   5  6A  6B    7    8   9   10  11  12  13   14  15   16   17  18
                                     12Z  AVG MX 2MIN
DY MAX MIN AVG DEP HDD CDD  WTR  SNW DPTH SPD SPD DIR MIN PSBL S-S WX    SPD DR
================================================================================

 1  63  32  48  -8  17   0 0.00    M    M  2.8 14  70   M    M   0        19  70
 2  60  34  47  -9  18   0    T    M    M  3.5 14 170   M    M   4        18 180
 3  56  43  50  -5  15   0 0.10    M    M  3.3 14 190   M    M   9 12     17 180
 4  63  46  55   0  10   0 0.03    M    M  2.2 14 290   M    M   8 18     19 290
 5  63  42  53  -2  12   0 0.00    M    M  0.8  7 290   M    M   6 128     8 290
 6  71  39  55   1  10   0 0.00    M    M  2.0  9  70   M    M   3 12     11  10
 7  68  40  54   0  11   0 0.00    M    M  3.4 14 320   M    M   6 1      16 310
 8  58  35  47  -7  18   0 0.06    M    M  7.5 23 330   M    M   6 18     29 320
 9  57  30  44  -9  21   0 0.00    M    M  3.0 12  70   M    M   1 12     16  50
10  61  28  45  -8  20   0 0.00    M    M  6.2 18  70   M    M   0        23  70
11  66  31  49  -4  16   0 0.00    M    M  6.5 18  90   M    M   0        23  80
12  62  33  48  -4  17   0    T    M    M  1.4  8 300   M    M   4        10 300
13  65  37  51  -1  14   0 0.00    M    M  2.8 13 330   M    M   8 18     16 330
14  64  33  49  -3  16   0 0.00    M    M  1.0  6 290   M    M   1 12      8 320
15  60  36  48  -4  17   0 0.00    M    M  1.3 10 170   M    M   4 18     13 200
16  56  46  51   0  14   0 0.30    M    M  6.9 18 170   M    M   8 18     26 170
17  58  43  51   0  14   0 0.33    M    M  8.1 21 180   M    M   8 18     27 170
18  57  43  50  -1  15   0 0.06    M    M  8.5 17 170   M    M   9 18     22 180
================================================================================
SM 1108  671       275   0  0.88    M     71.2          M       85
================================================================================
AV 61.6 37.3                               4.0 FASTST   M    M   5    MAX(MPH)
                                 MISC ---->  # 23 330               # 29  320
================================================================================
NOTES:
# LAST OF SEVERAL OCCURRENCES

COLUMN 17 PEAK WIND IN M.P.H.

PRELIMINARY LOCAL CLIMATOLOGICAL DATA (WS FORM: F-6) , PAGE 2

                                          STATION:  HILLSBORO OR
                                          MONTH:    OCTOBER
                                          YEAR:     2019
                                          LATITUDE:   45 32 N
                                          LONGITUDE: 122 57 W

[TEMPERATURE DATA]      [PRECIPITATION DATA]       SYMBOLS USED IN COLUMN 16

AVERAGE MONTHLY: 49.4   TOTAL FOR MONTH:   0.88    1 = FOG OR MIST
DPTR FM NORMAL:  -3.9   DPTR FM NORMAL:   -0.63    2 = FOG REDUCING VISIBILITY
HIGHEST:    71 ON  6    GRTST 24HR  0.33 ON 17-17      TO 1/4 MILE OR LESS
LOWEST:     28 ON 10                               3 = THUNDER
                        SNOW, ICE PELLETS, HAIL    4 = ICE PELLETS
                        TOTAL MONTH:    M          5 = HAIL
                        GRTST 24HR    M  ON   M    6 = FREEZING RAIN OR DRIZZLE
                        GRTST DEPTH:  M  ON   M    7 = DUSTSTORM OR SANDSTORM:
                                                       VSBY 1/2 MILE OR LESS
                                                   8 = SMOKE OR HAZE
[NO. OF DAYS WITH]      [WEATHER - DAYS WITH]      9 = BLOWING SNOW
                                                   X = TORNADO
MAX 32 OR BELOW:   0    0.01 INCH OR MORE:   6
MAX 90 OR ABOVE:   0    0.10 INCH OR MORE:   3
MIN 32 OR BELOW:   4    0.50 INCH OR MORE:   0
MIN  0 OR BELOW:   0    1.00 INCH OR MORE:   0

[HDD (BASE 65) ]
TOTAL THIS MO.   275    CLEAR  (SCALE 0-3)   6
DPTR FM NORMAL    64    PTCLDY (SCALE 4-7)  10
TOTAL FM JUL 1   435    CLOUDY (SCALE 8-10)  2
DPTR FM NORMAL   -38

[CDD (BASE 65) ]
TOTAL THIS MO.     0
DPTR FM NORMAL     0    [PRESSURE DATA]
TOTAL FM JAN 1   275    HIGHEST SLP M ON M
DPTR FM NORMAL    78    LOWEST  SLP 29.71 ON 16

[REMARKS]
