000
CXUS56 KPQR 271200
CF6HIO
PRELIMINARY LOCAL CLIMATOLOGICAL DATA (WS FORM: F-6)

                                          STATION:   HILLSBORO OR
                                          MONTH:     MAY
                                          YEAR:      2020
                                          LATITUDE:   45 32 N
                                          LONGITUDE: 122 57 W

  TEMPERATURE IN F:       :PCPN:    SNOW:  WIND      :SUNSHINE: SKY     :PK WND
================================================================================
1   2   3   4   5  6A  6B    7    8   9   10  11  12  13   14  15   16   17  18
                                     12Z  AVG MX 2MIN
DY MAX MIN AVG DEP HDD CDD  WTR  SNW DPTH SPD SPD DIR MIN PSBL S-S WX    SPD DR
================================================================================

 1  62  35  49  -4  16   0 0.05    M    M  4.6 22 170   M    M   5 1      27 160
 2  58  46  52  -1  13   0 0.20    M    M  7.0 18 260   M    M   8 1      24 250
 3  60  41  51  -2  14   0 0.10    M    M  4.3 13 330   M    M   5 1      16 180
 4  68  35  52  -2  13   0 0.08    M    M  3.9 22 190   M    M   5 12     31 200
 5  73  44  59   5   6   0    T    M    M  5.6 17 200   M    M   5 128    24 220
 6  64  42  53  -1  12   0 0.09    M    M  8.1 18 230   M    M   5        23 230
 7  74  37  56   2   9   0 0.00    M    M  7.3 17  50   M    M   0        23  70
 8  80  44  62   8   3   0 0.00    M    M 12.3 24  80   M    M   0        31  60
 9  86  58  72  17   0   7 0.00    M    M  8.7 17  50   M    M   0        23  80
10  86  52  69  14   0   4 0.00    M    M  4.9 14  60   M    M   0        18  60
11  68  49  59   4   6   0 0.06    M    M  3.8 16 300   M    M   5 12     19 300
12  61  46  54  -1  11   0 0.13    M    M  8.0 22 170   M    M   9 12     28 220
13  63  50  57   1   8   0 0.14    M    M  8.8 17 190   M    M   9 1      23 180
14  57  50  54  -2  11   0 0.20    M    M  4.0 10 160   M    M  10 1      13 170
15  67  50  59   3   6   0    T    M    M  2.9  8 170   M    M   8 1      10  50
16  66  52  59   3   6   0 0.32    M    M  3.6 12 150   M    M  10 1      15 250
17  67  47  57   1   8   0    T    M    M  4.7 16 300   M    M   6 12     20 270
18  61  48  55  -1  10   0 0.18    M    M  3.5 13 270   M    M   9 1      15 260
19  65  50  58   1   7   0    T    M    M  4.6 15 280   M    M  10        20 270
20  62  50  56  -1   9   0 0.02    M    M  6.2 18 260   M    M  10 1      23 250
21  61  46  54  -3  11   0 0.02    M    M  5.5 20 300   M    M   9 1      25 310
22  62  42  52  -5  13   0    T    M    M  5.3 20 320   M    M   8        24 310
23  63  44  54  -3  11   0 0.00    M    M  3.1 10  60   M    M   7        15  60
24  74  46  60   2   5   0 0.00    M    M  2.6  9 300   M    M   2        14 240
25  67  50  59   1   6   0 0.05    M    M  1.9  8 360   M    M   8 1      10 200
26  73  51  62   4   3   0    T    M    M  3.9 12  60   M    M   7        15  30
================================================================================
SM 1748 1205       217  11  1.64    M    139.1          M      160
================================================================================
AV 67.2 46.4                               5.3 FASTST   M    M   6    MAX(MPH)
                                 MISC ---->  # 24  80               # 31  200
================================================================================
NOTES:
# LAST OF SEVERAL OCCURRENCES

COLUMN 17 PEAK WIND IN M.P.H.

PRELIMINARY LOCAL CLIMATOLOGICAL DATA (WS FORM: F-6) , PAGE 2

                                          STATION:  HILLSBORO OR
                                          MONTH:    MAY
                                          YEAR:     2020
                                          LATITUDE:   45 32 N
                                          LONGITUDE: 122 57 W

[TEMPERATURE DATA]      [PRECIPITATION DATA]       SYMBOLS USED IN COLUMN 16

AVERAGE MONTHLY: 56.8   TOTAL FOR MONTH:   1.64    1 = FOG OR MIST
DPTR FM NORMAL:   1.2   DPTR FM NORMAL:   -0.34    2 = FOG REDUCING VISIBILITY
HIGHEST:    86 ON 10, 9 GRTST 24HR  0.32 ON 16-16      TO 1/4 MILE OR LESS
LOWEST:     35 ON  4, 1                            3 = THUNDER
                        SNOW, ICE PELLETS, HAIL    4 = ICE PELLETS
                        TOTAL MONTH:    M          5 = HAIL
                        GRTST 24HR    M  ON   M    6 = FREEZING RAIN OR DRIZZLE
                        GRTST DEPTH:  M  ON   M    7 = DUSTSTORM OR SANDSTORM:
                                                       VSBY 1/2 MILE OR LESS
                                                   8 = SMOKE OR HAZE
[NO. OF DAYS WITH]      [WEATHER - DAYS WITH]      9 = BLOWING SNOW
                                                   X = TORNADO
MAX 32 OR BELOW:   0    0.01 INCH OR MORE:  14
MAX 90 OR ABOVE:   0    0.10 INCH OR MORE:   7
MIN 32 OR BELOW:   0    0.50 INCH OR MORE:   0
MIN  0 OR BELOW:   0    1.00 INCH OR MORE:   0

[HDD (BASE 65) ]
TOTAL THIS MO.   217    CLEAR  (SCALE 0-3)   5
DPTR FM NORMAL   -35    PTCLDY (SCALE 4-7)  12
TOTAL FM JUL 1  4560    CLOUDY (SCALE 8-10)  9
DPTR FM NORMAL  -254

[CDD (BASE 65) ]
TOTAL THIS MO.    11
DPTR FM NORMAL    11    [PRESSURE DATA]
TOTAL FM JAN 1    11    HIGHEST SLP  0.00 ON 22
DPTR FM NORMAL    11    LOWEST  SLP 29.68 ON M

[REMARKS]
