000
CXUS56 KPQR 181200
CF6HIO
PRELIMINARY LOCAL CLIMATOLOGICAL DATA (WS FORM: F-6)

                                          STATION:   HILLSBORO OR
                                          MONTH:     DECEMBER
                                          YEAR:      2018
                                          LATITUDE:   45 32 N
                                          LONGITUDE: 122 57 W

  TEMPERATURE IN F:       :PCPN:    SNOW:  WIND      :SUNSHINE: SKY     :PK WND
================================================================================
1   2   3   4   5  6A  6B    7    8   9   10  11  12  13   14  15   16   17  18
                                     12Z  AVG MX 2MIN
DY MAX MIN AVG DEP HDD CDD  WTR  SNW DPTH SPD SPD DIR MIN PSBL S-S WX    SPD DR
================================================================================

 1  44  37  41   0  24   0 0.02    M    M  2.4  7 120   M    M   9 1       9 110
 2  46  35  41   1  24   0    T    M    M  2.2  8 270   M    M  10 12      9 240
 3  48  27  38  -2  27   0 0.00    M    M  4.8 14  80   M    M   2 12     17  60
 4  47  28  38  -2  27   0 0.00    M    M 11.4 23  90   M    M   0        31  90
 5  45  25  35  -5  30   0 0.00    M    M 11.7 23  90   M    M   0        32  90
 6  45  26  36  -4  29   0 0.00    M    M  8.8 23  90   M    M   0        31  90
 7  42  23  33  -6  32   0 0.02    M    M  3.2  9 100   M    M   3        11  90
 8  43  34  39   0  26   0 0.02    M    M  4.8 13 100   M    M   8 18     17 100
 9  41  37  39   0  26   0 0.35    M    M  4.2 14 110   M    M  10 1      18 100
10  43  38  41   2  24   0 0.02    M    M  1.6  7 150   M    M  10 12      7 150
11  51  42  47   8  18   0 0.51    M    M 10.9 21 180   M    M  10 1      28 190
12  49  35  42   4  23   0 0.03  0.0    M  5.3 14 170   M    M   6 1      16 160
13  54  34  44   6  21   0 0.00    M    M  5.7 15 160   M    M   4 1      18 160
14  50  32  41   3  24   0 0.08    M    M  5.0 29 170   M    M   5 1      36 160
15  47  33  40   2  25   0 0.08    M    M  3.0 13 360   M    M   8 1      15 360
16  50  42  46   8  19   0 0.37    M    M  3.1 14 170   M    M   9 1      14 170
17  51  43  47   9  18   0 0.42    M    M 12.3 22 180   M    M   9 1      30 180
================================================================================
SM  796  571       417   0  1.92     0.0 100.4          M      103
================================================================================
AV 46.8 33.6                               5.9 FASTST   M    M   6    MAX(MPH)
                                 MISC ---->  # 29 170               # 36  160
================================================================================
NOTES:
# LAST OF SEVERAL OCCURRENCES

COLUMN 17 PEAK WIND IN M.P.H.

PRELIMINARY LOCAL CLIMATOLOGICAL DATA (WS FORM: F-6) , PAGE 2

                                          STATION:  HILLSBORO OR
                                          MONTH:    DECEMBER
                                          YEAR:     2018
                                          LATITUDE:   45 32 N
                                          LONGITUDE: 122 57 W

[TEMPERATURE DATA]      [PRECIPITATION DATA]       SYMBOLS USED IN COLUMN 16

AVERAGE MONTHLY: 40.2   TOTAL FOR MONTH:   1.92    1 = FOG OR MIST
DPTR FM NORMAL:   1.1   DPTR FM NORMAL:   -1.63    2 = FOG REDUCING VISIBILITY
HIGHEST:    54 ON 13    GRTST 24HR  0.51 ON 11-11      TO 1/4 MILE OR LESS
LOWEST:     23 ON  7                               3 = THUNDER
                        SNOW, ICE PELLETS, HAIL    4 = ICE PELLETS
                        TOTAL MONTH:   0.0 INCH    5 = HAIL
                        GRTST 24HR     0.0         6 = FREEZING RAIN OR DRIZZLE
                        GRTST DEPTH:  M  ON   M    7 = DUSTSTORM OR SANDSTORM:
                                                       VSBY 1/2 MILE OR LESS
                                                   8 = SMOKE OR HAZE
[NO. OF DAYS WITH]      [WEATHER - DAYS WITH]      9 = BLOWING SNOW
                                                   X = TORNADO
MAX 32 OR BELOW:   0    0.01 INCH OR MORE:  11
MAX 90 OR ABOVE:   0    0.10 INCH OR MORE:   4
MIN 32 OR BELOW:   6    0.50 INCH OR MORE:   1
MIN  0 OR BELOW:   0    1.00 INCH OR MORE:   0

[HDD (BASE 65) ]
TOTAL THIS MO.   417    CLEAR  (SCALE 0-3)   5
DPTR FM NORMAL   -24    PTCLDY (SCALE 4-7)   5
TOTAL FM JUL 1  1526    CLOUDY (SCALE 8-10)  7
DPTR FM NORMAL  -216

[CDD (BASE 65) ]
TOTAL THIS MO.     0
DPTR FM NORMAL     0    [PRESSURE DATA]
TOTAL FM JAN 1   399    HIGHEST SLP M ON M
DPTR FM NORMAL   201    LOWEST  SLP 29.56 ON 14

[REMARKS]
