478
CXUS53 KGID 190730
CF6HJH
PRELIMINARY LOCAL CLIMATOLOGICAL DATA (WS FORM: F-6)

                                          STATION:   HEBRON
                                          MONTH:     OCTOBER
                                          YEAR:      2019
                                          LATITUDE:   40  9 N
                                          LONGITUDE:  97 35 W

  TEMPERATURE IN F:       :PCPN:    SNOW:  WIND      :SUNSHINE: SKY     :PK WND
================================================================================
1   2   3   4   5  6A  6B    7    8   9   10  11  12  13   14  15   16   17  18
                                     12Z  AVG MX 2MIN
DY MAX MIN AVG DEP HDD CDD  WTR  SNW DPTH SPD SPD DIR MIN PSBL S-S WX    SPD DR
================================================================================

 1  78  53  66   7   0   1 4.25    M    M  6.8 13 340   M    M   9 3      22 190
 2  57  49  53  -6  12   0 0.10    M    M  7.9 13 340   M    M  10 1      23 350
 3  64  42  53  -5  12   0 0.00    M    M  3.4  9 360   M    M   2 18      M  M
 4  55  49  52  -6  13   0 0.36    M    M  8.0 13 130   M    M  10 3      17 130
 5  69  44  57   0   8   0 0.01    M    M  9.5 17 320   M    M   3 3      28 290
 6  67  41  54  -3  11   0 0.00    M    M  2.5 13 290   M    M   2        20 290
 7  73  37  55  -2  10   0 0.00    M    M  4.8 13 180   M    M   0        17 200
 8  75  48  62   6   3   0 0.00    M    M 12.0 22 160   M    M   0        29 190
 9  67  57  62   6   3   0    T    M    M 12.1 21 150   M    M   8 3      28 160
10  64  36  50  -6  15   0 0.07    M    M 13.9 22 330   M    M  10 13     33 330
11  46  28  37 -18  28   0 0.00    M    M 11.1 20 300   M    M   4        32 300
12  66  26  46  -9  19   0 0.00    M    M  5.3 12 270   M    M   0        22 280
13  64  29  47  -7  18   0 0.00    M    M  2.4  8 300   M    M   0         M  M
14  78  33  56   2   9   0 0.00    M    M  5.3 17 160   M    M   0        23 160
15  62  38  50  -4  15   0 0.00    M    M 11.8 22 350   M    M   0        31 360
16  61  32  47  -6  18   0 0.00    M    M  4.1  8 190   M    M   0         M  M
17  77  38  58   5   7   0 0.00    M    M  6.9 13 160   M    M   0        18 160
18  79  53  66  13   0   1 0.26    M    M 15.2 28 180   M    M   2        40 190
================================================================================
SM 1202  733       201   2  5.05    M    143.0          M       60
================================================================================
AV 66.8 40.7                               7.9 FASTST   M    M   3    MAX(MPH)
                                 MISC ---->  # 28 180               # 40  190
================================================================================
NOTES:
# LAST OF SEVERAL OCCURRENCES

COLUMN 17 PEAK WIND IN M.P.H.

PRELIMINARY LOCAL CLIMATOLOGICAL DATA (WS FORM: F-6) , PAGE 2

                                          STATION:  HEBRON
                                          MONTH:    OCTOBER
                                          YEAR:     2019
                                          LATITUDE:   40  9 N
                                          LONGITUDE:  97 35 W

[TEMPERATURE DATA]      [PRECIPITATION DATA]       SYMBOLS USED IN COLUMN 16

AVERAGE MONTHLY: 53.8   TOTAL FOR MONTH:   5.05    1 = FOG OR MIST
DPTR FM NORMAL:  -2.0   DPTR FM NORMAL:    3.61    2 = FOG REDUCING VISIBILITY
HIGHEST:    79 ON 18    GRTST 24HR  4.25 ON  1- 1      TO 1/4 MILE OR LESS
LOWEST:     26 ON 12                               3 = THUNDER
                        SNOW, ICE PELLETS, HAIL    4 = ICE PELLETS
                        TOTAL MONTH:    M          5 = HAIL
                        GRTST 24HR    M  ON   M    6 = FREEZING RAIN OR DRIZZLE
                        GRTST DEPTH:  M  ON   M    7 = DUSTSTORM OR SANDSTORM:
                                                       VSBY 1/2 MILE OR LESS
                                                   8 = SMOKE OR HAZE
[NO. OF DAYS WITH]      [WEATHER - DAYS WITH]      9 = BLOWING SNOW
                                                   X = TORNADO
MAX 32 OR BELOW:   0    0.01 INCH OR MORE:   6
MAX 90 OR ABOVE:   0    0.10 INCH OR MORE:   4
MIN 32 OR BELOW:   4    0.50 INCH OR MORE:   1
MIN  0 OR BELOW:   0    1.00 INCH OR MORE:   1

[HDD (BASE 65) ]
TOTAL THIS MO.   201    CLEAR  (SCALE 0-3)  11
DPTR FM NORMAL    22    PTCLDY (SCALE 4-7)   3
TOTAL FM JUL 1   210    CLOUDY (SCALE 8-10)  4
DPTR FM NORMAL   -73

[CDD (BASE 65) ]
TOTAL THIS MO.     2
DPTR FM NORMAL    -9    [PRESSURE DATA]
TOTAL FM JAN 1  1325    HIGHEST SLP M ON M
DPTR FM NORMAL   190    LOWEST  SLP M ON M

[REMARKS]
