000
CXUS53 KGID 270730
CF6HJH
PRELIMINARY LOCAL CLIMATOLOGICAL DATA (WS FORM: F-6)

                                          STATION:   HEBRON
                                          MONTH:     MAY
                                          YEAR:      2020
                                          LATITUDE:   40  9 N
                                          LONGITUDE:  97 35 W

  TEMPERATURE IN F:       :PCPN:    SNOW:  WIND      :SUNSHINE: SKY     :PK WND
================================================================================
1   2   3   4   5  6A  6B    7    8   9   10  11  12  13   14  15   16   17  18
                                     12Z  AVG MX 2MIN
DY MAX MIN AVG DEP HDD CDD  WTR  SNW DPTH SPD SPD DIR MIN PSBL S-S WX    SPD DR
================================================================================

 1  89  56  73  16   0   8 0.00    M    M  7.0 16 200   M    M   0        27 200
 2  76  57  67  10   0   2 0.00    M    M 12.1 25  60   M    M   4        32  60
 3  79  53  66   9   0   1    T    M    M  6.2 12  90   M    M   2        20  90
 4  65  50  58   0   7   0 0.18    M    M 10.9 22 100   M    M   8 3      33 100
 5  72  42  57  -1   8   0 0.00    M    M 12.8 31 350   M    M   1        41 350
 6  65  42  54  -4  11   0 0.00    M    M  7.2 15 350   M    M   2        22 360
 7  61  37  49 -10  16   0 0.22    M    M  7.2 20 150   M    M   7        27 150
 8  60  37  49 -10  16   0    T    M    M 10.4 21 360   M    M   2        31 360
 9  65  32  49 -10  16   0    T    M    M  7.3 16 240   M    M   4        23 330
10  60  33  47 -13  18   0 0.00    M    M 10.3 17 340   M    M   2        27 340
11  48  39  44 -16  21   0    T    M    M  2.3  9  40   M    M  10         M  M
12  59  41  50 -10  15   0 0.00    M    M  6.0 13 170   M    M  10        21 130
13  58  48  53  -8  12   0 0.11    M    M  6.9 14 150   M    M  10 1      18 150
14  76  56  66   5   0   1 0.01    M    M  4.0 10  20   M    M   7 12      M  M
15  79  53  66   5   0   1    T    M    M  7.0 16  80   M    M   0 1      21  80
16  73  54  64   2   1   0 0.07    M    M  3.9 12 350   M    M   8         M  M
17  69  52  61  -1   4   0 0.00    M    M 12.7 21  10   M    M   9        28 350
18  75  48  62   0   3   0 0.00    M    M  9.3 14  10   M    M   4        21  10
19  75  45  60  -3   5   0 0.00    M    M  5.0 12  90   M    M   5         M  M
20  78  47  63   0   2   0 0.00    M    M  8.1 17 130   M    M   5 1      22 140
21  71  55  63   0   2   0 0.03    M    M  7.5 15 140   M    M   9 1      23 110
22  68  59  64   0   1   0 0.84    M    M  7.0 12 130   M    M   9 13     17 110
23  82  60  71   7   0   6 0.00    M    M  8.1 15 140   M    M   5 1      22 130
24  83  63  73   9   0   8 0.17    M    M  8.1 14 100   M    M   3 3      25 360
25  64  58  61  -4   4   0 0.72    M    M  9.7 17 360   M    M  10 1      22 360
26  72  56  64  -1   1   0 0.24    M    M  8.9 15 360   M    M   8        23 340
================================================================================
SM 1822 1273       163  27  2.59    M    205.9          M      144
================================================================================
AV 70.1 49.0                               7.9 FASTST   M    M   6    MAX(MPH)
                                 MISC ---->  # 31 350               # 41  350
================================================================================
NOTES:
# LAST OF SEVERAL OCCURRENCES

COLUMN 17 PEAK WIND IN M.P.H.

PRELIMINARY LOCAL CLIMATOLOGICAL DATA (WS FORM: F-6) , PAGE 2

                                          STATION:  HEBRON
                                          MONTH:    MAY
                                          YEAR:     2020
                                          LATITUDE:   40  9 N
                                          LONGITUDE:  97 35 W

[TEMPERATURE DATA]      [PRECIPITATION DATA]       SYMBOLS USED IN COLUMN 16

AVERAGE MONTHLY: 59.5   TOTAL FOR MONTH:   2.59    1 = FOG OR MIST
DPTR FM NORMAL:  -1.3   DPTR FM NORMAL:   -1.43    2 = FOG REDUCING VISIBILITY
HIGHEST:    89 ON  1    GRTST 24HR  0.84 ON 22-22      TO 1/4 MILE OR LESS
LOWEST:     32 ON  9                               3 = THUNDER
                        SNOW, ICE PELLETS, HAIL    4 = ICE PELLETS
                        TOTAL MONTH:    M          5 = HAIL
                        GRTST 24HR    M  ON   M    6 = FREEZING RAIN OR DRIZZLE
                        GRTST DEPTH:  M  ON   M    7 = DUSTSTORM OR SANDSTORM:
                                                       VSBY 1/2 MILE OR LESS
                                                   8 = SMOKE OR HAZE
[NO. OF DAYS WITH]      [WEATHER - DAYS WITH]      9 = BLOWING SNOW
                                                   X = TORNADO
MAX 32 OR BELOW:   0    0.01 INCH OR MORE:  10
MAX 90 OR ABOVE:   0    0.10 INCH OR MORE:   7
MIN 32 OR BELOW:   1    0.50 INCH OR MORE:   2
MIN  0 OR BELOW:   0    1.00 INCH OR MORE:   0

[HDD (BASE 65) ]
TOTAL THIS MO.   163    CLEAR  (SCALE 0-3)   7
DPTR FM NORMAL    12    PTCLDY (SCALE 4-7)  12
TOTAL FM JUL 1  5446    CLOUDY (SCALE 8-10)  7
DPTR FM NORMAL  -519

[CDD (BASE 65) ]
TOTAL THIS MO.    27
DPTR FM NORMAL   -15    [PRESSURE DATA]
TOTAL FM JAN 1    37    HIGHEST SLP M ON M
DPTR FM NORMAL   -18    LOWEST  SLP M ON M

[REMARKS]
