000
CXUS53 KGID 190730
CF6HJH
PRELIMINARY LOCAL CLIMATOLOGICAL DATA (WS FORM: F-6)

                                          STATION:   HEBRON
                                          MONTH:     SEPTEMBER
                                          YEAR:      2018
                                          LATITUDE:   40  9 N
                                          LONGITUDE:  97 35 W

  TEMPERATURE IN F:       :PCPN:    SNOW:  WIND      :SUNSHINE: SKY     :PK WND
================================================================================
1   2   3   4   5  6A  6B    7    8   9   10  11  12  13   14  15   16   17  18
                                     12Z  AVG MX 2MIN
DY MAX MIN AVG DEP HDD CDD  WTR  SNW DPTH SPD SPD DIR MIN PSBL S-S WX    SPD DR
================================================================================

 1  91  68  80   8   0  15 1.23    M    M  5.9 33 220   M    M   3 3      39 220
 2  80  66  73   1   0   8 2.17    M    M  6.3 14 200   M    M   8 3      20 180
 3  81  68  75   4   0  10 0.41    M    M  3.5  8 120   M    M   8 3       M  M
 4  83  71  77   6   0  12 1.25    M    M  5.2 10 160   M    M   8 1       M  M
 5  74  68  71   1   0   6 0.33    M    M  8.3 16  50   M    M   9 1      20  50
 6  72  63  68  -2   0   3    T    M    M  7.7 10  50   M    M  10 1      18  30
 7  68  64  66  -4   0   1 0.01    M    M  7.1 13  60   M    M  10 1       M  M
 8  73  61  67  -2   0   2 0.00    M    M  5.7 12  40   M    M   9 1      17  40
 9  75  56  66  -3   0   1 0.00    M    M  3.1  7 150   M    M   3 1       M  M
10  79  56  68   0   0   3 0.00    M    M  5.7 12 190   M    M   0 3      20 180
11  81  56  69   1   0   4 0.00    M    M  8.3 21 170   M    M   0        27 170
12  82  61  72   4   0   7 0.00    M    M  9.8 17 170   M    M   2        27 170
13  85  68  77  10   0  12 0.00    M    M 14.0 22 180   M    M   6        29 180
14  89  69  79  12   0  14 0.00    M    M  9.6 16 180   M    M   0 1      23 180
15  89  66  78  12   0  13 0.00    M    M  6.3 12 180   M    M   1        18 170
16  88  68  78  12   0  13 0.00    M    M  7.2 14 180   M    M   2        20 180
17  93  67  80  15   0  15 0.00    M    M  7.7 13 170   M    M   1        17 170
18  95  70  83  18   0  18 0.00    M    M  7.5 16  80   M    M   1        25  60
================================================================================
SM 1478 1166         0 157  5.40    M    128.9          M       81
================================================================================
AV 82.1 64.8                               7.2 FASTST   M    M   5    MAX(MPH)
                                 MISC ---->  # 33 220               # 39  220
================================================================================
NOTES:
# LAST OF SEVERAL OCCURRENCES

COLUMN 17 PEAK WIND IN M.P.H.

PRELIMINARY LOCAL CLIMATOLOGICAL DATA (WS FORM: F-6) , PAGE 2

                                          STATION:  HEBRON
                                          MONTH:    SEPTEMBER
                                          YEAR:     2018
                                          LATITUDE:   40  9 N
                                          LONGITUDE:  97 35 W

[TEMPERATURE DATA]      [PRECIPITATION DATA]       SYMBOLS USED IN COLUMN 16

AVERAGE MONTHLY: 73.4   TOTAL FOR MONTH:   5.40    1 = FOG OR MIST
DPTR FM NORMAL:   4.9   DPTR FM NORMAL:    3.66    2 = FOG REDUCING VISIBILITY
HIGHEST:    95 ON 18    GRTST 24HR  2.17 ON  2- 2      TO 1/4 MILE OR LESS
LOWEST:     56 ON 11,10                            3 = THUNDER
                        SNOW, ICE PELLETS, HAIL    4 = ICE PELLETS
                        TOTAL MONTH:    M          5 = HAIL
                        GRTST 24HR    M  ON   M    6 = FREEZING RAIN OR DRIZZLE
                        GRTST DEPTH:  M  ON   M    7 = DUSTSTORM OR SANDSTORM:
                                                       VSBY 1/2 MILE OR LESS
                                                   8 = SMOKE OR HAZE
[NO. OF DAYS WITH]      [WEATHER - DAYS WITH]      9 = BLOWING SNOW
                                                   X = TORNADO
MAX 32 OR BELOW:   0    0.01 INCH OR MORE:   6
MAX 90 OR ABOVE:   3    0.10 INCH OR MORE:   5
MIN 32 OR BELOW:   0    0.50 INCH OR MORE:   3
MIN  0 OR BELOW:   0    1.00 INCH OR MORE:   3

[HDD (BASE 65) ]
TOTAL THIS MO.     0    CLEAR  (SCALE 0-3)  10
DPTR FM NORMAL   -33    PTCLDY (SCALE 4-7)   4
TOTAL FM JUL 1     0    CLOUDY (SCALE 8-10)  4
DPTR FM NORMAL   -41

[CDD (BASE 65) ]
TOTAL THIS MO.   157
DPTR FM NORMAL    60    [PRESSURE DATA]
TOTAL FM JAN 1  1483    HIGHEST SLP M ON M
DPTR FM NORMAL   385    LOWEST  SLP M ON M

[REMARKS]
