000
CXUS56 KHNX 211146
CF6HJO
PRELIMINARY LOCAL CLIMATOLOGICAL DATA (WS FORM: F-6)

                                          STATION:   HANFORD CA AIRPORT
                                          MONTH:     JULY
                                          YEAR:      2018
                                          LATITUDE:   36 19 N
                                          LONGITUDE: 119 38 W

  TEMPERATURE IN F:       :PCPN:    SNOW:  WIND      :SUNSHINE: SKY     :PK WND
================================================================================
1   2   3   4   5  6A  6B    7    8   9   10  11  12  13   14  15   16   17  18
                                     12Z  AVG MX 2MIN
DY MAX MIN AVG DEP HDD CDD  WTR  SNW DPTH SPD SPD DIR MIN PSBL S-S WX    SPD DR
================================================================================

 1 104  65  85   7   0  20 0.00  0.0    0  7.0 17 330   M    M   0        21 320
 2  99  67  83   5   0  18 0.00  0.0    0  6.5 15 320   M    M   0        19 320
 3  98  64  81   3   0  16 0.00  0.0    0  5.7 14 330   M    M   0 8      18 340
 4  95  62  79   1   0  14 0.00  0.0    0  6.0 14 310   M    M   0 8      18 310
 5  96  63  80   2   0  15 0.00  0.0    0  6.8 14 300   M    M   0        18 290
 6 102  69  86   8   0  21 0.00  0.0    0  7.7 15 310   M    M   0        20 320
 7 102  70  86   7   0  21 0.00  0.0    0  7.6 15 330   M    M   0        19 320
 8 104  64  84   5   0  19 0.00  0.0    0  8.9 18 330   M    M   0        22 320
 9  99  68  84   5   0  19 0.00  0.0    0  8.6 16 320   M    M   0        21 330
10 101  66  84   5   0  19 0.00  0.0    0  8.9 17 310   M    M   0        22 310
11 103  65  84   5   0  19 0.00  0.0    0  4.7 13 320   M    M   0        16 320
12 101  73  87   8   0  22 0.00  0.0    0  4.7 10 270   M    M   0        14 270
13 103  75  89  10   0  24 0.00  0.0    0  7.8 16 310   M    M   0        23 320
14 103  71  87   8   0  22 0.00  0.0    0  9.3 15 310   M    M   0        20 310
15 103  72  88   8   0  23 0.00  0.0    0  9.3 16 320   M    M   0        20 320
16 104  67  86   6   0  21 0.00  0.0    0  7.7 15 320   M    M   0        19 330
17 106  70  88   8   0  23 0.00  0.0    0  8.1 15 320   M    M   0 8      20 320
18 106  67  87   7   0  22 0.00  0.0    0  4.2 13 320   M    M   0        15 310
19 107  66  87   7   0  22 0.00  0.0    0  5.4 14 310   M    M   0 8      18 310
20 105  69  87   7   0  22 0.00  0.0    0  5.6 17 310   M    M   0 8      22 310
================================================================================
SM 2041 1353         0 402  0.00     0.0 140.5          M        0
================================================================================
AV102.1 67.7                               7.0 FASTST   M    M   0    MAX(MPH)
                                 MISC ---->  # 18 330               # 23  320
================================================================================
NOTES:
# LAST OF SEVERAL OCCURRENCES

COLUMN 17 PEAK WIND IN M.P.H.

PRELIMINARY LOCAL CLIMATOLOGICAL DATA (WS FORM: F-6) , PAGE 2

                                          STATION:  HANFORD CA AIRPORT
                                          MONTH:    JULY
                                          YEAR:     2018
                                          LATITUDE:   36 19 N
                                          LONGITUDE: 119 38 W

[TEMPERATURE DATA]      [PRECIPITATION DATA]       SYMBOLS USED IN COLUMN 16

AVERAGE MONTHLY: 84.9   TOTAL FOR MONTH:   0.00    1 = FOG OR MIST
DPTR FM NORMAL:   5.9   DPTR FM NORMAL:   -0.02    2 = FOG REDUCING VISIBILITY
HIGHEST:   107 ON 19    GRTST 24HR  0.00 ON 20-20      TO 1/4 MILE OR LESS
LOWEST:     62 ON  4                               3 = THUNDER
                        SNOW, ICE PELLETS, HAIL    4 = ICE PELLETS
                        TOTAL MONTH:   0.0 INCH    5 = HAIL
                        GRTST 24HR     0.0         6 = FREEZING RAIN OR DRIZZLE
                        GRTST DEPTH:   0           7 = DUSTSTORM OR SANDSTORM:
                                                       VSBY 1/2 MILE OR LESS
                                                   8 = SMOKE OR HAZE
[NO. OF DAYS WITH]      [WEATHER - DAYS WITH]      9 = BLOWING SNOW
                                                   X = TORNADO
MAX 32 OR BELOW:   0    0.01 INCH OR MORE:   0
MAX 90 OR ABOVE:  20    0.10 INCH OR MORE:   0
MIN 32 OR BELOW:   0    0.50 INCH OR MORE:   0
MIN  0 OR BELOW:   0    1.00 INCH OR MORE:   0

[HDD (BASE 65) ]
TOTAL THIS MO.     0    CLEAR  (SCALE 0-3)  20
DPTR FM NORMAL     0    PTCLDY (SCALE 4-7)   0
TOTAL FM JUL 1     0    CLOUDY (SCALE 8-10)  0
DPTR FM NORMAL     0

[CDD (BASE 65) ]
TOTAL THIS MO.   402
DPTR FM NORMAL   123    [PRESSURE DATA]
TOTAL FM JAN 1  1018    HIGHEST SLP M ON M
DPTR FM NORMAL   259    LOWEST  SLP 29.70 ON 11

[REMARKS]
