000
CXUS56 KHNX 181148
CF6HJO
PRELIMINARY LOCAL CLIMATOLOGICAL DATA (WS FORM: F-6)
STATION: HANFORD CA AIRPORT
MONTH: APRIL
YEAR: 2024
LATITUDE: 36 19 N
LONGITUDE: 119 38 W
TEMPERATURE IN F: :PCPN: SNOW: WIND :SUNSHINE: SKY :PK WND
================================================================================
1 2 3 4 5 6A 6B 7 8 9 10 11 12 13 14 15 16 17 18
12Z AVG MX 2MIN
DY MAX MIN AVG DEP HDD CDD WTR SNW DPTH SPD SPD DIR MIN PSBL S-S WX SPD DR
================================================================================
1 72 45 59 0 6 0 0.00 0.0 0 2.4 10 330 M M 2 1 21 340
2 78 46 62 3 3 0 0.00 0.0 0 2.8 8 170 M M 0 1 13 170
3 81 49 65 6 0 0 0.00 0.0 0 3.8 16 310 M M 0 1 22 300
4 61 44 53 -6 12 0 0.01 0.0 0 9.0 22 270 M M 8 8 36 270
5 56 41 49 -11 16 0 0.10 0.0 0 4.6 18 320 M M 6 25 250
6 63 36 50 -10 15 0 0.00 0.0 0 2.0 8 330 M M 2 1 10 340
7 67 43 55 -5 10 0 0.00 0.0 0 9.6 18 320 M M 1 26 300
8 71 38 55 -5 10 0 0.00 0.0 0 2.5 14 330 M M 0 19 320
9 78 42 60 0 5 0 0.00 0.0 0 2.7 8 300 M M 0 1 11 20
10 85 45 65 5 0 0 0.00 0.0 0 3.8 12 320 M M 0 1 14 310
11 88 51 70 9 0 5 0.00 0.0 0 1.6 8 20 M M 0 18 13 60
12 87 53 70 9 0 5 0.00 0.0 0 6.9 20 200 M M 0 18 30 220
13 74 44 59 -2 6 0 0.60 0.0 0 8.7 23 270 M M 4 18 35 280
14 62 42 52 -9 13 0 0.37 0.0 0 4.2 12 320 M M 6 1 17 120
15 68 44 56 -5 9 0 0.00 0.0 0 3.1 12 320 M M 3 1 15 320
16 75 51 63 1 2 0 0.00 0.0 0 3.3 13 320 M M 3 22 340
17 82 51 67 5 0 2 0.00 0.0 0 1.8 8 290 M M 0 18 12 330
================================================================================
SM 1248 765 107 12 1.08 0.0 72.8 M 35
================================================================================
AV 73.4 45.0 4.3 FASTST M M 2 MAX(MPH)
MISC ----> 23 270 36 270
================================================================================
NOTES:
# LAST OF SEVERAL OCCURRENCES
COLUMN 17 PEAK WIND IN M.P.H.
PRELIMINARY LOCAL CLIMATOLOGICAL DATA (WS FORM: F-6) , PAGE 2
STATION: HANFORD CA AIRPORT
MONTH: APRIL
YEAR: 2024
LATITUDE: 36 19 N
LONGITUDE: 119 38 W
[TEMPERATURE DATA] [PRECIPITATION DATA] SYMBOLS USED IN COLUMN 16
AVERAGE MONTHLY: 59.2 TOTAL FOR MONTH: 1.08 1 = FOG OR MIST
DPTR FM NORMAL: -1.1 DPTR FM NORMAL: 0.59 2 = FOG REDUCING VISIBILITY
HIGHEST: 88 ON 11 GRTST 24HR 0.97 ON 13-14 TO 1/4 MILE OR LESS
LOWEST: 36 ON 6 3 = THUNDER
SNOW, ICE PELLETS, HAIL 4 = ICE PELLETS
TOTAL MONTH: 0.0 INCH 5 = HAIL
GRTST 24HR 0.0 6 = FREEZING RAIN OR DRIZZLE
GRTST DEPTH: 0 7 = DUSTSTORM OR SANDSTORM:
VSBY 1/2 MILE OR LESS
8 = SMOKE OR HAZE
[NO. OF DAYS WITH] [WEATHER - DAYS WITH] 9 = BLOWING SNOW
X = TORNADO
MAX 32 OR BELOW: 0 0.01 INCH OR MORE: 4
MAX 90 OR ABOVE: 0 0.10 INCH OR MORE: 3
MIN 32 OR BELOW: 0 0.50 INCH OR MORE: 1
MIN 0 OR BELOW: 0 1.00 INCH OR MORE: 0
[HDD (BASE 65) ]
TOTAL THIS MO. 107 CLEAR (SCALE 0-3) 12
DPTR FM NORMAL 15 PTCLDY (SCALE 4-7) 5
TOTAL FM JUL 1 1818 CLOUDY (SCALE 8-10) 0
DPTR FM NORMAL -524
[CDD (BASE 65) ]
TOTAL THIS MO. 12
DPTR FM NORMAL -2 [PRESSURE DATA]
TOTAL FM JAN 1 12 HIGHEST SLP M ON M
DPTR FM NORMAL -8 LOWEST SLP 29.70 ON 12
[REMARKS]