000
CXUS56 KHNX 231146
CF6HJO
PRELIMINARY LOCAL CLIMATOLOGICAL DATA (WS FORM: F-6)

                                          STATION:   HANFORD CA AIRPORT
                                          MONTH:     JANUARY
                                          YEAR:      2019
                                          LATITUDE:   36 19 N
                                          LONGITUDE: 119 38 W

  TEMPERATURE IN F:       :PCPN:    SNOW:  WIND      :SUNSHINE: SKY     :PK WND
================================================================================
1   2   3   4   5  6A  6B    7    8   9   10  11  12  13   14  15   16   17  18
                                     12Z  AVG MX 2MIN
DY MAX MIN AVG DEP HDD CDD  WTR  SNW DPTH SPD SPD DIR MIN PSBL S-S WX    SPD DR
================================================================================

 1  52  26  39  -5  26   0 0.00  0.0    0  2.4  9 110   M    M   4 128    13 110
 2  55  27  41  -3  24   0 0.00  0.0    0  1.4  7  70   M    M   1 128     8  80
 3  58  27  43  -1  22   0 0.00  0.0    0  1.7  8  50   M    M   0 18      9  60
 4  64  29  47   3  18   0 0.00  0.0    0  2.6  7 150   M    M   0 18      8 130
 5  57  33  45   1  20   0 0.23  0.0    0  3.8 13 100   M    M   4 18     20 120
 6  58  37  48   4  17   0 0.25  0.0    0  6.7 16 110   M    M   7 12     25 120
 7  65  45  55  11  10   0 0.04  0.0    0  3.9 13 110   M    M   3 1      18 120
 8  65  45  55  11  10   0 0.00  0.0    0  2.2  9  60   M    M   0 12     11  60
 9  60  46  53   9  12   0 0.21  0.0    0  2.8  9  60   M    M   8 1      13 120
10  52  47  50   6  15   0 0.00  0.0    0  1.6  8 250   M    M  10 12     11 250
11  58  47  53   8  12   0 0.00  0.0    0  3.5  9 160   M    M   6 128    12 120
12  63  44  54   9  11   0 0.01  0.0    0  3.6 12 200   M    M   3 1      15 190
13  63  38  51   6  14   0 0.00  0.0    0  2.4  7 130   M    M   0 1       9 240
14  55  39  47   2  18   0 0.09  0.0    0  2.8  8 240   M    M   3 12     12 160
15  61  39  50   5  15   0 0.06  0.0    0  5.1 20 160   M    M  10 12     26 160
16  62  48  55  10  10   0 0.02  0.0    0  5.2 14 150   M    M   5        18 140
17  63  52  58  13   7   0 0.54  0.0    0  6.5 14 200   M    M   6 1      19 180
18  66  47  57  12   8   0 0.00  0.0    0  2.9  8 200   M    M   2 1      10 210
19  63  43  53   7  12   0 0.00  0.0    0  1.2  7 120   M    M   4 12      9 120
20  62  44  53   7  12   0 0.01  0.0    0  5.5 31 310   M    M   5 128    38 310
21  57  38  48   2  17   0    T    M    0  3.9 18 300   M    M   5        22 300
22  56  34  45  -1  20   0 0.00  0.0    0  1.6  7 130   M    M   1 1      10 120
================================================================================
SM 1315  875       330   0  1.46     0.0  73.3          M       87
================================================================================
AV 59.8 39.8                               3.3 FASTST   M    M   4    MAX(MPH)
                                 MISC ---->  # 31 310               # 38  310
================================================================================
NOTES:
# LAST OF SEVERAL OCCURRENCES

COLUMN 17 PEAK WIND IN M.P.H.

PRELIMINARY LOCAL CLIMATOLOGICAL DATA (WS FORM: F-6) , PAGE 2

                                          STATION:  HANFORD CA AIRPORT
                                          MONTH:    JANUARY
                                          YEAR:     2019
                                          LATITUDE:   36 19 N
                                          LONGITUDE: 119 38 W

[TEMPERATURE DATA]      [PRECIPITATION DATA]       SYMBOLS USED IN COLUMN 16

AVERAGE MONTHLY: 49.8   TOTAL FOR MONTH:   1.46    1 = FOG OR MIST
DPTR FM NORMAL:   5.0   DPTR FM NORMAL:   -0.26    2 = FOG REDUCING VISIBILITY
HIGHEST:    66 ON 18    GRTST 24HR  0.54 ON 17-17      TO 1/4 MILE OR LESS
LOWEST:     26 ON  1                               3 = THUNDER
                        SNOW, ICE PELLETS, HAIL    4 = ICE PELLETS
                        TOTAL MONTH:   0.0 INCH    5 = HAIL
                        GRTST 24HR     0.0         6 = FREEZING RAIN OR DRIZZLE
                        GRTST DEPTH:   0           7 = DUSTSTORM OR SANDSTORM:
                                                       VSBY 1/2 MILE OR LESS
                                                   8 = SMOKE OR HAZE
[NO. OF DAYS WITH]      [WEATHER - DAYS WITH]      9 = BLOWING SNOW
                                                   X = TORNADO
MAX 32 OR BELOW:   0    0.01 INCH OR MORE:  10
MAX 90 OR ABOVE:   0    0.10 INCH OR MORE:   4
MIN 32 OR BELOW:   4    0.50 INCH OR MORE:   1
MIN  0 OR BELOW:   0    1.00 INCH OR MORE:   0

[HDD (BASE 65) ]
TOTAL THIS MO.   330    CLEAR  (SCALE 0-3)   9
DPTR FM NORMAL  -116    PTCLDY (SCALE 4-7)  11
TOTAL FM JUL 1  1153    CLOUDY (SCALE 8-10)  2
DPTR FM NORMAL  -425

[CDD (BASE 65) ]
TOTAL THIS MO.     0
DPTR FM NORMAL     0    [PRESSURE DATA]
TOTAL FM JAN 1     0    HIGHEST SLP M ON M
DPTR FM NORMAL     0    LOWEST  SLP 29.80 ON  5

[REMARKS]
