000
CXUS54 KJAN 271414
CF6HKS
PRELIMINARY LOCAL CLIMATOLOGICAL DATA (WS FORM: F-6)

                                          STATION:   JACKSON HAWKINS
                                          MONTH:     MAY
                                          YEAR:      2020
                                          LATITUDE:   32 20 N
                                          LONGITUDE:  90 14 W

  TEMPERATURE IN F:       :PCPN:    SNOW:  WIND      :SUNSHINE: SKY     :PK WND
================================================================================
1   2   3   4   5  6A  6B    7    8   9   10  11  12  13   14  15   16   17  18
                                     12Z  AVG MX 2MIN
DY MAX MIN AVG DEP HDD CDD  WTR  SNW DPTH SPD SPD DIR MIN PSBL S-S WX    SPD DR
================================================================================

 1  81  50  66  -3   0   1 0.00  0.0    0  3.5 13 270   M    M   0        18  30
 2  84  55  70   1   0   5 0.00  0.0    0  6.5 16 170   M    M   0 1      25 170
 3  86  59  73   3   0   8 0.00  0.0    0  6.7 20 190   M    M   1        26 200
 4  86  62  74   4   0   9 0.00  0.0    0  6.6 16 200   M    M   2 1      24 220
 5  84  63  74   4   0   9 0.00  0.0    0  6.0 14 300   M    M   3        21 300
 6  78  54  66  -4   0   1 0.00  0.0    0  6.8 17 350   M    M   0        32 340
 7  76  48  62  -9   3   0 0.00  0.0    0  4.4 12  60   M    M   0        16  60
 8  65  55  60 -11   5   0 0.28  0.0    0  7.2 18 160   M    M   6 13     29 230
 9  69  50  60 -11   5   0 0.00  0.0    0  6.5 17  80   M    M   0        27  60
10  76  46  61 -10   4   0 0.00  0.0    0  2.3 10 300   M    M   0        17 310
11  76  53  65  -7   0   0 0.00  0.0    0  4.1 13  50   M    M   0        22  70
12  81  55  68  -4   0   3 0.00  0.0    0  8.6 16 180   M    M   0        25 130
13  85  62  74   2   0   9 0.00  0.0    0  8.0 16 170   M    M   2        21 150
14  84  65  75   3   0  10 0.39  0.0    0  9.4 16 150   M    M   6 13     24 160
15  85  66  76   3   0  11 0.22  0.0    0  7.9 20 120   M    M   5 13     27 120
16  81  70  76   3   0  11 0.09  0.0    0  9.2 20 140   M    M   9 1      30 150
17  87  69  78   5   0  13 0.34  0.0    0  9.2 28 230   M    M   7 13     40 220
18  81  63  72  -1   0   7 0.16  0.0    0  6.4 16 290   M    M   6 1      24 290
19  79  60  70  -4   0   5 0.00  0.0    0  4.5 13 290   M    M   6        17 310
20  82  63  73  -1   0   8 0.00  0.0    0  3.8 10  60   M    M   4        14  50
21  88  67  78   4   0  13 0.10  0.0    0  3.8 10 140   M    M   7 3      14 130
22  91  70  81   7   0  16 0.00  0.0    0  7.5 18 180   M    M   3        25 180
23  89  68  79   4   0  14    T  0.0    0  7.7 17 250   M    M   4 138    28 260
24  89  66  78   3   0  13 0.00  0.0    0  7.2 17 170   M    M   3        24 140
25  90  68  79   4   0  14 0.00  0.0    0  9.5 23 100   M    M   1        33 100
26  82  71  77   2   0  12 0.45  0.0    0  6.2 13 120   M    M   6 13     18 130
================================================================================
SM 2135 1578        17 192  2.03     0.0 169.5          M       81
================================================================================
AV 82.1 60.7                               6.5 FASTST   M    M   3    MAX(MPH)
                                 MISC ---->  # 28 230               # 40  220
================================================================================
NOTES:
# LAST OF SEVERAL OCCURRENCES

COLUMN 17 PEAK WIND IN M.P.H.

PRELIMINARY LOCAL CLIMATOLOGICAL DATA (WS FORM: F-6) , PAGE 2

                                          STATION:  JACKSON HAWKINS
                                          MONTH:    MAY
                                          YEAR:     2020
                                          LATITUDE:   32 20 N
                                          LONGITUDE:  90 14 W

[TEMPERATURE DATA]      [PRECIPITATION DATA]       SYMBOLS USED IN COLUMN 16

AVERAGE MONTHLY: 71.4   TOTAL FOR MONTH:   2.03    1 = FOG OR MIST
DPTR FM NORMAL:  -0.8   DPTR FM NORMAL:   -2.06    2 = FOG REDUCING VISIBILITY
HIGHEST:    91 ON 22    GRTST 24HR  0.45 ON 26-26      TO 1/4 MILE OR LESS
LOWEST:     46 ON 10                               3 = THUNDER
                        SNOW, ICE PELLETS, HAIL    4 = ICE PELLETS
                        TOTAL MONTH:   0.0 INCH    5 = HAIL
                        GRTST 24HR     0.0         6 = FREEZING RAIN OR DRIZZLE
                        GRTST DEPTH:   0           7 = DUSTSTORM OR SANDSTORM:
                                                       VSBY 1/2 MILE OR LESS
                                                   8 = SMOKE OR HAZE
[NO. OF DAYS WITH]      [WEATHER - DAYS WITH]      9 = BLOWING SNOW
                                                   X = TORNADO
MAX 32 OR BELOW:   0    0.01 INCH OR MORE:   8
MAX 90 OR ABOVE:   2    0.10 INCH OR MORE:   7
MIN 32 OR BELOW:   0    0.50 INCH OR MORE:   0
MIN  0 OR BELOW:   0    1.00 INCH OR MORE:   0

[HDD (BASE 65) ]
TOTAL THIS MO.    17    CLEAR  (SCALE 0-3)  14
DPTR FM NORMAL     9    PTCLDY (SCALE 4-7)  11
TOTAL FM JUL 1  1776    CLOUDY (SCALE 8-10)  1
DPTR FM NORMAL  -441

[CDD (BASE 65) ]
TOTAL THIS MO.   192
DPTR FM NORMAL    -5    [PRESSURE DATA]
TOTAL FM JAN 1   407    HIGHEST SLP M ON M
DPTR FM NORMAL    85    LOWEST  SLP 29.71 ON 17

[REMARKS]
