000
CXUS52 KGSP 200817
CF6HKY
PRELIMINARY LOCAL CLIMATOLOGICAL DATA (WS FORM: F-6)

                                          STATION:   HICKORY NC
                                          MONTH:     OCTOBER
                                          YEAR:      2020
                                          LATITUDE:   35 45 N
                                          LONGITUDE:  81 23 W

  TEMPERATURE IN F:       :PCPN:    SNOW:  WIND      :SUNSHINE: SKY     :PK WND
================================================================================
1   2   3   4   5  6A  6B    7    8   9   10  11  12  13   14  15   16   17  18
                                     12Z  AVG MX 2MIN
DY MAX MIN AVG DEP HDD CDD  WTR  SNW DPTH SPD SPD DIR MIN PSBL S-S WX    SPD DR
================================================================================

 1  77  48  63  -1   2   0    T    M    M  3.7 13 200   M    M   4 12     18 190
 2  69  48  59  -5   6   0 0.00    M    M  3.1 10 360   M    M   3        15 360
 3  68  44  56  -7   9   0 0.00    M    M  2.4 10  20   M    M   1 1      13  20
 4  68  45  57  -6   8   0 0.00    M    M  1.4  7 220   M    M   1 12     10 230
 5  72  47  60  -3   5   0 0.00    M    M  1.7  9 200   M    M   2 12     13 200
 6  73  48  61  -1   4   0 0.00    M    M  1.5 10 220   M    M   1 1      16 200
 7  81  51  66   4   0   1 0.00    M    M  4.2 14 270   M    M   1 12     19 270
 8  84  58  71   9   0   6 0.00    M    M  3.1  9 190   M    M   0        16 350
 9  68  56  62   1   3   0    T    M    M  3.4 10  20   M    M   2        15  50
10  66  60  63   2   2   0 1.65    M    M  3.6 10  70   M    M  10 1      13  20
11  67  63  65   4   0   0 2.46    M    M  6.8 13  40   M    M  10 12     19  80
12  72  63  68   8   0   3    T    M    M  1.6  7  80   M    M  10 1      10 100
13  80  52  66   6   0   1 0.00    M    M  3.6 10 310   M    M   4 12     14 330
14  73  44  59  -1   6   0 0.00    M    M  1.6  9 200   M    M   0 1      12 190
15  72  48  60   0   5   0 0.00    M    M  4.4 20 190   M    M   3 12     27 190
16  66  47  57  -2   8   0 0.00    M    M  3.7 10  20   M    M   7 12     13 340
17  62  38  50  -9  15   0 0.00    M    M  2.3 12  20   M    M   0        15  20
18  65  38  52  -7  13   0 0.00    M    M  1.7  9  70   M    M   0 2      12  70
19  71  44  58   0   7   0 0.00    M    M  1.5  7 190   M    M   1 12     11 170
================================================================================
SM 1354  942        93  11  4.11    M     55.3          M       60
================================================================================
AV 71.3 49.6                               2.9 FASTST   M    M   3    MAX(MPH)
                                 MISC ---->    20 190                 27 190
================================================================================
NOTES:
# LAST OF SEVERAL OCCURRENCES

COLUMN 17 PEAK WIND IN M.P.H.

PRELIMINARY LOCAL CLIMATOLOGICAL DATA (WS FORM: F-6) , PAGE 2

                                          STATION:   HICKORY NC
                                          MONTH:     OCTOBER
                                          YEAR:      2020
                                          LATITUDE:   35 45 N
                                          LONGITUDE:  81 23 W

[TEMPERATURE DATA]      [PRECIPITATION DATA]       SYMBOLS USED IN COLUMN 16

AVERAGE MONTHLY: 60.4   TOTAL FOR MONTH:   4.11    1 = FOG OR MIST
DPTR FM NORMAL:  -0.7   DPTR FM NORMAL:    1.84    2 = FOG REDUCING VISIBILITY
HIGHEST:    84 ON  8    GRTST 24HR  3.70 ON 10-11      TO 1/4 MILE OR LESS
LOWEST:     38 ON 18,17                             3 = THUNDER
                        SNOW, ICE PELLETS, HAIL    4 = ICE PELLETS
                        TOTAL MONTH:  M            5 = HAIL
                        GRTST 24HR    M  ON   M    6 = FREEZING RAIN OR DRIZZLE
                        GRTST DEPTH:  M  ON   M    7 = DUSTSTORM OR SANDSTORM:
                                                       VSBY 1/2 MILE OR LESS
                                                   8 = SMOKE OR HAZE
[NO. OF DAYS WITH]      [WEATHER - DAYS WITH]      9 = BLOWING SNOW
                                                   X = TORNADO
MAX 32 OR BELOW:   0    0.01 INCH OR MORE:   2
MAX 90 OR ABOVE:   0    0.10 INCH OR MORE:   2
MIN 32 OR BELOW:   0    0.50 INCH OR MORE:   2
MIN  0 OR BELOW:   0    1.00 INCH OR MORE:   2

[HDD (BASE 65) ]
TOTAL THIS MO.    93    CLEAR  (SCALE 0-3)  12
DPTR FM NORMAL    -4    PTCLDY (SCALE 4-7)   4
TOTAL FM JUL 1   142    CLOUDY (SCALE 8-10)  3
DPTR FM NORMAL    15

[CDD (BASE 65) ]
TOTAL THIS MO.    11
DPTR FM NORMAL   -13    [PRESSURE DATA]
TOTAL FM JAN 1  1365    HIGHEST SLP M ON M
DPTR FM NORMAL     8    LOWEST  SLP 29.81 ON 11

[REMARKS]
