000
CXUS52 KGSP 240817
CF6HKY
PRELIMINARY LOCAL CLIMATOLOGICAL DATA (WS FORM: F-6)

                                          STATION:   HICKORY NC
                                          MONTH:     FEBRUARY
                                          YEAR:      2018
                                          LATITUDE:   35 45 N
                                          LONGITUDE:  81 23 W

  TEMPERATURE IN F:       :PCPN:    SNOW:  WIND      :SUNSHINE: SKY     :PK WND
================================================================================
1   2   3   4   5  6A  6B    7    8   9   10  11  12  13   14  15   16   17  18
                                     12Z  AVG MX 2MIN
DY MAX MIN AVG DEP HDD CDD  WTR  SNW DPTH SPD SPD DIR MIN PSBL S-S WX    SPD DR
================================================================================

 1  56  31  44   4  21   0    T    M    M  9.1 22 330   M    M   2 8      29 320
 2  45  21  33  -7  32   0 0.00    M    M  8.5 22 320   M    M   2        29 330
 3  41  20  31 -10  34   0 0.00    M    M  2.1  9 210   M    M   1        14 220
 4  38  30  34  -7  31   0 0.87    M    M  2.3 12 270   M    M  10 126    15 270
 5  48  30  39  -2  26   0 0.00    M    M  3.9 14 330   M    M   2 12     18 340
 6  56  26  41   0  24   0    T    M    M  1.8  7  50   M    M   7         9 330
 7  50  42  46   5  19   0 1.48    M    M  4.2 17 310   M    M  10 1      22 300
 8  53  32  43   2  22   0 0.00    M    M  3.4 17 320   M    M   1        25 320
 9  56  27  42   1  23   0 0.00    M    M  2.0 13 190   M    M   1 8      16 190
10  49  42  46   4  19   0 0.65    M    M  1.3 14 290   M    M  10 12     16 280
11  65  48  57  15   8   0 0.66    M    M  9.6 21 190   M    M   9 12     28 190
12  68  46  57  15   8   0 0.06    M    M  7.2 16  50   M    M  10 1      22  80
13  46  35  41  -1  24   0 0.02    M    M  5.0 13  20   M    M   7 1      17  50
14  60  31  46   4  19   0 0.03    M    M  2.5 10  20   M    M   2 1      13 210
15  75  49  62  20   3   0    T    M    M  8.2 21 200   M    M   4 1      28 230
16  80  50  65  22   0   0 0.00    M    M 10.8 21 340   M    M   4        31 330
17  51  42  47   4  18   0 0.06    M    M  4.1 10  60   M    M   9 18     14  60
18  61  38  50   7  15   0 0.00    M    M  4.1 10  20   M    M   4 12     14 110
19  52  45  49   6  16   0 0.07    M    M  1.0  7  50   M    M  10 12      8  50
20  65  50  58  14   7   0 0.04    M    M  1.8 12 200   M    M   9 12     16 200
21  74  56  65  21   0   0    T    M    M  6.6 15 200   M    M   7 1      23 200
22  75  60  68  24   0   3 0.00    M    M  7.7 17 200   M    M   6 1      25 230
23  73  53  63  19   2   0 0.00    M    M  3.5 10  20   M    M   4 1      13  20
================================================================================
SM 1337  904       371   3  3.94    M    110.7          M      131
================================================================================
AV 58.1 39.3                               4.8 FASTST   M    M   6    MAX(MPH)
                                 MISC ---->  # 22 330               # 31  330
================================================================================
NOTES:
# LAST OF SEVERAL OCCURRENCES

COLUMN 17 PEAK WIND IN M.P.H.

PRELIMINARY LOCAL CLIMATOLOGICAL DATA (WS FORM: F-6) , PAGE 2

                                          STATION:  HICKORY NC
                                          MONTH:    FEBRUARY
                                          YEAR:     2018
                                          LATITUDE:   35 45 N
                                          LONGITUDE:  81 23 W

[TEMPERATURE DATA]      [PRECIPITATION DATA]       SYMBOLS USED IN COLUMN 16

AVERAGE MONTHLY: 48.7   TOTAL FOR MONTH:   3.94    1 = FOG OR MIST
DPTR FM NORMAL:   6.7   DPTR FM NORMAL:    0.90    2 = FOG REDUCING VISIBILITY
HIGHEST:    80 ON 16    GRTST 24HR  1.48 ON  7- 7      TO 1/4 MILE OR LESS
LOWEST:     20 ON  3                               3 = THUNDER
                        SNOW, ICE PELLETS, HAIL    4 = ICE PELLETS
                        TOTAL MONTH:    M          5 = HAIL
                        GRTST 24HR    M  ON   M    6 = FREEZING RAIN OR DRIZZLE
                        GRTST DEPTH:  M  ON   M    7 = DUSTSTORM OR SANDSTORM:
                                                       VSBY 1/2 MILE OR LESS
                                                   8 = SMOKE OR HAZE
[NO. OF DAYS WITH]      [WEATHER - DAYS WITH]      9 = BLOWING SNOW
                                                   X = TORNADO
MAX 32 OR BELOW:   0    0.01 INCH OR MORE:  10
MAX 90 OR ABOVE:   0    0.10 INCH OR MORE:   4
MIN 32 OR BELOW:   9    0.50 INCH OR MORE:   4
MIN  0 OR BELOW:   0    1.00 INCH OR MORE:   1

[HDD (BASE 65) ]
TOTAL THIS MO.   371    CLEAR  (SCALE 0-3)   7
DPTR FM NORMAL  -156    PTCLDY (SCALE 4-7)   8
TOTAL FM JUL 1  2631    CLOUDY (SCALE 8-10)  8
DPTR FM NORMAL  -124

[CDD (BASE 65) ]
TOTAL THIS MO.     3
DPTR FM NORMAL     3    [PRESSURE DATA]
TOTAL FM JAN 1     3    HIGHEST SLP M ON M
DPTR FM NORMAL     3    LOWEST  SLP 29.83 ON  4

[REMARKS]
