000
CXUS52 KGSP 170817
CF6HKY
PRELIMINARY LOCAL CLIMATOLOGICAL DATA (WS FORM: F-6)

                                          STATION:   HICKORY NC
                                          MONTH:     JULY
                                          YEAR:      2018
                                          LATITUDE:   35 45 N
                                          LONGITUDE:  81 23 W

  TEMPERATURE IN F:       :PCPN:    SNOW:  WIND      :SUNSHINE: SKY     :PK WND
================================================================================
1   2   3   4   5  6A  6B    7    8   9   10  11  12  13   14  15   16   17  18
                                     12Z  AVG MX 2MIN
DY MAX MIN AVG DEP HDD CDD  WTR  SNW DPTH SPD SPD DIR MIN PSBL S-S WX    SPD DR
================================================================================

 1  90  70  80   3   0  15 0.00    M    M  3.1 12 190   M    M   4 12     16 210
 2  89  72  81   4   0  16 0.00    M    M  2.1 12 220   M    M   0        15 200
 3  95  71  83   6   0  18 0.00    M    M  4.0 13  50   M    M   1        17  50
 4  91  70  81   4   0  16 0.00    M    M  5.8 14  50   M    M   2 1      19  50
 5  90  71  81   3   0  16    T    M    M  3.1 10  30   M    M   5 3      14  30
 6  92  69  81   3   0  16 0.66    M    M  2.4 20  40   M    M   3 13     27  20
 7  76  65  71  -7   0   6 0.00    M    M  7.4 17  60   M    M   7        24  70
 8  83  59  71  -7   0   6 0.00    M    M  5.4 16  50   M    M   0        21  50
 9  87  57  72  -6   0   7 0.00    M    M  2.2  9  70   M    M   1        13  70
10  91  63  77  -1   0  12 0.00    M    M  3.7  9 310   M    M   2        14  20
11  93  68  81   3   0  16 0.00    M    M  5.0 15  10   M    M   3        21 360
12  91  70  81   3   0  16 0.11    M    M  5.0 29  60   M    M   5 13     37  50
13  86  72  79   1   0  14 0.00    M    M  4.5 10  70   M    M   9        15  60
14  87  69  78   0   0  13 0.00    M    M  2.7  8  60   M    M   6        10  60
15  90  68  79   1   0  14 0.00    M    M  3.6 12 210   M    M   1        15 200
16  85  71  78   0   0  13    T    M    M  3.1 20 220   M    M   3 13     24 230
================================================================================
SM 1416 1085         0 214  0.77    M     63.1          M       52
================================================================================
AV 88.5 67.8                               3.9 FASTST   M    M   3    MAX(MPH)
                                 MISC ---->  # 29  60               # 37   50
================================================================================
NOTES:
# LAST OF SEVERAL OCCURRENCES

COLUMN 17 PEAK WIND IN M.P.H.

PRELIMINARY LOCAL CLIMATOLOGICAL DATA (WS FORM: F-6) , PAGE 2

                                          STATION:  HICKORY NC
                                          MONTH:    JULY
                                          YEAR:     2018
                                          LATITUDE:   35 45 N
                                          LONGITUDE:  81 23 W

[TEMPERATURE DATA]      [PRECIPITATION DATA]       SYMBOLS USED IN COLUMN 16

AVERAGE MONTHLY: 78.2   TOTAL FOR MONTH:   0.77    1 = FOG OR MIST
DPTR FM NORMAL:   0.4   DPTR FM NORMAL:   -1.46    2 = FOG REDUCING VISIBILITY
HIGHEST:    95 ON  3    GRTST 24HR  0.66 ON  6- 6      TO 1/4 MILE OR LESS
LOWEST:     57 ON  9                               3 = THUNDER
                        SNOW, ICE PELLETS, HAIL    4 = ICE PELLETS
                        TOTAL MONTH:    M          5 = HAIL
                        GRTST 24HR    M  ON   M    6 = FREEZING RAIN OR DRIZZLE
                        GRTST DEPTH:  M  ON   M    7 = DUSTSTORM OR SANDSTORM:
                                                       VSBY 1/2 MILE OR LESS
                                                   8 = SMOKE OR HAZE
[NO. OF DAYS WITH]      [WEATHER - DAYS WITH]      9 = BLOWING SNOW
                                                   X = TORNADO
MAX 32 OR BELOW:   0    0.01 INCH OR MORE:   2
MAX 90 OR ABOVE:   9    0.10 INCH OR MORE:   2
MIN 32 OR BELOW:   0    0.50 INCH OR MORE:   1
MIN  0 OR BELOW:   0    1.00 INCH OR MORE:   0

[HDD (BASE 65) ]
TOTAL THIS MO.     0    CLEAR  (SCALE 0-3)  10
DPTR FM NORMAL     0    PTCLDY (SCALE 4-7)   5
TOTAL FM JUL 1     0    CLOUDY (SCALE 8-10)  1
DPTR FM NORMAL     0

[CDD (BASE 65) ]
TOTAL THIS MO.   214
DPTR FM NORMAL    10    [PRESSURE DATA]
TOTAL FM JAN 1   781    HIGHEST SLP M ON M
DPTR FM NORMAL   156    LOWEST  SLP 29.94 ON 11

[REMARKS]
