000
CXUS52 KGSP 210817
CF6HKY
PRELIMINARY LOCAL CLIMATOLOGICAL DATA (WS FORM: F-6)

                                          STATION:   HICKORY NC
                                          MONTH:     FEBRUARY
                                          YEAR:      2020
                                          LATITUDE:   35 45 N
                                          LONGITUDE:  81 23 W

  TEMPERATURE IN F:       :PCPN:    SNOW:  WIND      :SUNSHINE: SKY     :PK WND
================================================================================
1   2   3   4   5  6A  6B    7    8   9   10  11  12  13   14  15   16   17  18
                                     12Z  AVG MX 2MIN
DY MAX MIN AVG DEP HDD CDD  WTR  SNW DPTH SPD SPD DIR MIN PSBL S-S WX    SPD DR
================================================================================

 1  52  33  43   3  22   0 0.00    M    M  4.4 14 250   M    M   8 12     18 280
 2  61  37  49   9  16   0 0.00    M    M  9.5 20 220   M    M   0        25 210
 3  72  43  58  17   7   0 0.00    M    M  6.0 14 200   M    M   0        21 190
 4  63  55  59  18   6   0    T    M    M  5.4 15 210   M    M   6        24 210
 5  62  55  59  18   6   0 0.24    M    M  5.8 20 200   M    M   7 1      28 200
 6  61  57  59  18   6   0 5.31    M    M  4.0 15 190   M    M  10 13     25 200
 7  58  29  44   3  21   0 0.04    M    M 13.8 28 200   M    M   4 1      39 280
 8  37  25  31 -10  34   0 0.01    M    M  3.4 12 240   M    M   5 18     16 210
 9  50  30  40  -1  25   0 0.00    M    M  4.2 10 190   M    M   5 1      16 210
10  47  33  40  -2  25   0 0.69    M    M  1.7  9 280   M    M   7 1      11 290
11  69  47  58  16   7   0 0.49    M    M  6.4 22 230   M    M   8 1      29 230
12  58  47  53  11  12   0    T    M    M  4.1  9  80   M    M   8        13  80
13  67  43  55  13  10   0 1.14    M    M  6.3 20 300   M    M   6 12     30 300
14  52  31  42   0  23   0 0.00    M    M  4.8 12 340   M    M   0        18 350
15  43  23  33  -9  32   0 0.00    M    M  3.7 10 190   M    M   0        14  20
16  44  29  37  -6  28   0 0.00    M    M  1.3  7 340   M    M   7         8 340
17  60  33  47   4  18   0 0.00    M    M  2.8  9  80   M    M   1        13 100
18  54  42  48   5  17   0 0.20    M    M  2.3  9 210   M    M   9 1      13 210
19  52  39  46   3  19   0 0.03    M    M  4.5 10  70   M    M   6 12     14  30
20  43  32  38  -6  27   0 0.16    M    M  3.4 12  50   M    M   9 1      15  50
================================================================================
SM 1105  763       361   0  8.31    M     97.8          M      106
================================================================================
AV 55.3 38.2                               4.9 FASTST   M    M   5    MAX(MPH)
                                 MISC ---->  # 28 200               # 39  280
================================================================================
NOTES:
# LAST OF SEVERAL OCCURRENCES

COLUMN 17 PEAK WIND IN M.P.H.

PRELIMINARY LOCAL CLIMATOLOGICAL DATA (WS FORM: F-6) , PAGE 2

                                          STATION:  HICKORY NC
                                          MONTH:    FEBRUARY
                                          YEAR:     2020
                                          LATITUDE:   35 45 N
                                          LONGITUDE:  81 23 W

[TEMPERATURE DATA]      [PRECIPITATION DATA]       SYMBOLS USED IN COLUMN 16

AVERAGE MONTHLY: 46.7   TOTAL FOR MONTH:   8.31    1 = FOG OR MIST
DPTR FM NORMAL:   5.0   DPTR FM NORMAL:    5.68    2 = FOG REDUCING VISIBILITY
HIGHEST:    72 ON  3    GRTST 24HR  5.31 ON  6- 6      TO 1/4 MILE OR LESS
LOWEST:     23 ON 15                               3 = THUNDER
                        SNOW, ICE PELLETS, HAIL    4 = ICE PELLETS
                        TOTAL MONTH:    M          5 = HAIL
                        GRTST 24HR    M  ON   M    6 = FREEZING RAIN OR DRIZZLE
                        GRTST DEPTH:  M  ON   M    7 = DUSTSTORM OR SANDSTORM:
                                                       VSBY 1/2 MILE OR LESS
                                                   8 = SMOKE OR HAZE
[NO. OF DAYS WITH]      [WEATHER - DAYS WITH]      9 = BLOWING SNOW
                                                   X = TORNADO
MAX 32 OR BELOW:   0    0.01 INCH OR MORE:  10
MAX 90 OR ABOVE:   0    0.10 INCH OR MORE:   7
MIN 32 OR BELOW:   7    0.50 INCH OR MORE:   3
MIN  0 OR BELOW:   0    1.00 INCH OR MORE:   2

[HDD (BASE 65) ]
TOTAL THIS MO.   361    CLEAR  (SCALE 0-3)   5
DPTR FM NORMAL  -103    PTCLDY (SCALE 4-7)  11
TOTAL FM JUL 1  2271    CLOUDY (SCALE 8-10)  4
DPTR FM NORMAL  -421

[CDD (BASE 65) ]
TOTAL THIS MO.     0
DPTR FM NORMAL     0    [PRESSURE DATA]
TOTAL FM JAN 1     0    HIGHEST SLP M ON M
DPTR FM NORMAL     0    LOWEST  SLP 29.23 ON  7

[REMARKS]
