000
CXUS55 KPIH 201200
CF6LLJ

PRELIMINARY LOCAL CLIMATOLOGICAL DATA (WS FORM: F-6)

                                          STATION:   CHALLIS ID
                                          MONTH:     JUNE
                                          YEAR:      2018
                                          LATITUDE:   44 31 N
                                          LONGITUDE: 114 13 W

  TEMPERATURE IN F:       :PCPN:    SNOW:  WIND      :SUNSHINE: SKY     :PK WND
================================================================================
1   2   3   4   5  6A  6B    7    8   9   10  11  12  13   14  15   16   17  18
                                     12Z  AVG MX 2MIN
DY MAX MIN AVG DEP HDD CDD  WTR  SNW DPTH SPD SPD DIR MIN PSBL S-S WX    SPD DR
================================================================================

 1  65  46  56   0   9   0 0.03    M    M  7.9 18 330   M    M   6        25 330
 2  80  37  59   2   6   0 0.00    M    M  2.7 10 310   M    M   0        14 130
 3  86  44  65   8   0   0 0.00    M    M  4.3 21 260   M    M   0        27 270
 4  88  54  71  14   0   6    T    M    M 10.2 29 200   M    M   1        37 260
 5  84  55  70  13   0   5 0.00    M    M  6.6 21 250   M    M   0        28 260
 6  86  47  67   9   0   2    T    M    M  4.7 18 310   M    M   0 3      31 220
 7  84  52  68  10   0   3 0.32    M    M  5.2 18 310   M    M   3 3      25 300
 8  81  48  65   7   0   0 0.00    M    M  3.7 14 310   M    M   1        18 310
 9  86  50  68  10   0   3 0.01    M    M 10.5 37 270   M    M   1        49 280
10  59  44  52  -6  13   0    T    M    M  9.1 25 280   M    M   6        31 260
11  65  42  54  -5  11   0    T    M    M  8.9 26 330   M    M   6        32 270
12  80  34  57  -2   8   0 0.00    M    M  2.7 10 360   M    M   0        13 360
13  89  45  67   8   0   2 0.00    M    M  6.9 26 270   M    M   0        36 220
14  81  54  68   8   0   3 0.00    M    M  8.2 21 290   M    M   2        28 290
15  76  52  64   4   1   0 0.14    M    M  6.9 23 280   M    M   5        30 150
16  65  48  57  -3   8   0 0.33    M    M  5.7 24 180   M    M   6 13     30 180
17  68  50  59  -1   6   0 0.70    M    M  7.3 18  10   M    M   8 1      26  30
18  67  49  58  -3   7   0 0.03    M    M  4.6 18 120   M    M   8 1      23 130
19  69  52  61   0   4   0 0.01    M    M  3.2 18  10   M    M  10        23 360
================================================================================
SM 1459  903        73  24  1.57    M    119.3          M       63
================================================================================
AV 76.8 47.5                               6.3 FASTST   M    M   3    MAX(MPH)
                                 MISC ---->  # 37 270               # 49  280
================================================================================
NOTES:
# LAST OF SEVERAL OCCURRENCES
PRECIPITATION SUSPECT DURING FREEZING/FROZEN EVENTS

COLUMN 17 PEAK WIND IN M.P.H.

PRELIMINARY LOCAL CLIMATOLOGICAL DATA (WS FORM: F-6) , PAGE 2

                                          STATION:  CHALLIS ID
                                          MONTH:    JUNE
                                          YEAR:     2018
                                          LATITUDE:   44 31 N
                                          LONGITUDE: 114 13 W

[TEMPERATURE DATA]      [PRECIPITATION DATA]       SYMBOLS USED IN COLUMN 16

AVERAGE MONTHLY: 62.2   TOTAL FOR MONTH:   1.57    1 = FOG OR MIST
DPTR FM NORMAL:   3.6   DPTR FM NORMAL:    0.42    2 = FOG REDUCING VISIBILITY
HIGHEST:    89 ON 13    GRTST 24HR  0.70 ON 17-17      TO 1/4 MILE OR LESS
LOWEST:     34 ON 12                               3 = THUNDER
                        SNOW, ICE PELLETS, HAIL    4 = ICE PELLETS
                        TOTAL MONTH:    M          5 = HAIL
                        GRTST 24HR    M  ON   M    6 = FREEZING RAIN OR DRIZZLE
                        GRTST DEPTH:  M  ON   M    7 = DUSTSTORM OR SANDSTORM:
                                                       VSBY 1/2 MILE OR LESS
                                                   8 = SMOKE OR HAZE
[NO. OF DAYS WITH]      [WEATHER - DAYS WITH]      9 = BLOWING SNOW
                                                   X = TORNADO
MAX 32 OR BELOW:   0    0.01 INCH OR MORE:   8
MAX 90 OR ABOVE:   0    0.10 INCH OR MORE:   4
MIN 32 OR BELOW:   0    0.50 INCH OR MORE:   1
MIN  0 OR BELOW:   0    1.00 INCH OR MORE:   0

[HDD (BASE 65) ]
TOTAL THIS MO.    73    CLEAR  (SCALE 0-3)  11
DPTR FM NORMAL   -58    PTCLDY (SCALE 4-7)   6
TOTAL FM JUL 1  6999    CLOUDY (SCALE 8-10)  2
DPTR FM NORMAL -1128

[CDD (BASE 65) ]
TOTAL THIS MO.    24
DPTR FM NORMAL    17    [PRESSURE DATA]
TOTAL FM JAN 1    24    HIGHEST SLP M ON M
DPTR FM NORMAL    15    LOWEST  SLP 29.47 ON  9

[REMARKS]
