753
CXUS55 KPIH 231200
CF6LLJ

PRELIMINARY LOCAL CLIMATOLOGICAL DATA (WS FORM: F-6)

                                          STATION:   CHALLIS ID
                                          MONTH:     OCTOBER
                                          YEAR:      2019
                                          LATITUDE:   44 31 N
                                          LONGITUDE: 114 13 W

  TEMPERATURE IN F:       :PCPN:    SNOW:  WIND      :SUNSHINE: SKY     :PK WND
================================================================================
1   2   3   4   5  6A  6B    7    8   9   10  11  12  13   14  15   16   17  18
                                     12Z  AVG MX 2MIN
DY MAX MIN AVG DEP HDD CDD  WTR  SNW DPTH SPD SPD DIR MIN PSBL S-S WX    SPD DR
================================================================================

 1  43  27  35 -15  30   0 0.21    M    M  2.4 14 180   M    M   8 1      19 190
 2  49  32  41  -9  24   0 0.10    M    M  2.3  8 320   M    M   5 1      12 140
 3  53  27  40  -9  25   0 0.00    M    M  1.6  6 190   M    M   2         7 260
 4  49  30  40  -9  25   0 0.11    M    M  4.7 21 340   M    M   7 1      26 340
 5  49  30  40  -8  25   0    T    M    M  4.0 14 310   M    M   6        18 310
 6  57  26  42  -6  23   0 0.00    M    M  2.4  8 150   M    M   1        10 150
 7  63  25  44  -4  21   0 0.00    M    M  1.4  7 150   M    M   0        11 280
 8  66  29  48   1  17   0 0.08    M    M  8.4 26 330   M    M   1 1      39 260
 9  37  25  31 -16  34   0 0.04    M    M  8.8 20  30   M    M   7 1      27  30
10  38  21  30 -17  35   0 0.00    M    M  4.1 12 180   M    M   5        14 190
11  46  18  32 -14  33   0 0.00    M    M  0.9  6 340   M    M   0         8 300
12  54  18  36 -10  29   0 0.00    M    M  1.2  5 170   M    M   0         7 220
13  56  23  40  -5  25   0 0.00    M    M  0.4  8 160   M    M   0         9 160
14  64  26  45   0  20   0 0.00    M    M  1.7 14 260   M    M   0        16 260
15  63  26  45   0  20   0 0.00    M    M  0.7  5 150   M    M   0 8       7  90
16  70  30  50   6  15   0 0.00    M    M  1.7 15 250   M    M   0        17 240
17  60  29  45   1  20   0    T    M    M  8.5 32 260   M    M   4        39 270
18  54  25  40  -4  25   0 0.00    M    M  5.2 22 320   M    M   9        29 310
19  42  21  32 -11  33   0 0.16    M    M  3.8 16 230   M    M   7 1      20 140
20  46  27  37  -6  28   0 0.02    M    M  4.6 17 230   M    M   8 1      22 240
21  50  32  41  -1  24   0    T    M    M  4.3 18 320   M    M  10        22 320
22  59  38  49   7  16   0    T    M    M  4.6 21 270   M    M   6        30 270
================================================================================
SM 1168  585       547   0  0.72    M     77.7          M       86
================================================================================
AV 53.1 26.6                               3.5 FASTST   M    M   4    MAX(MPH)
                                 MISC ---->  # 32 260               # 39  260
================================================================================
NOTES:
# LAST OF SEVERAL OCCURRENCES
PRECIPITATION SUSPECT DURING FREEZING/FROZEN EVENTS

COLUMN 17 PEAK WIND IN M.P.H.

PRELIMINARY LOCAL CLIMATOLOGICAL DATA (WS FORM: F-6) , PAGE 2

                                          STATION:  CHALLIS ID
                                          MONTH:    OCTOBER
                                          YEAR:     2019
                                          LATITUDE:   44 31 N
                                          LONGITUDE: 114 13 W

[TEMPERATURE DATA]      [PRECIPITATION DATA]       SYMBOLS USED IN COLUMN 16

AVERAGE MONTHLY: 39.8   TOTAL FOR MONTH:   0.72    1 = FOG OR MIST
DPTR FM NORMAL:  -6.2   DPTR FM NORMAL:    0.28    2 = FOG REDUCING VISIBILITY
HIGHEST:    70 ON 16    GRTST 24HR  0.21 ON  1- 1      TO 1/4 MILE OR LESS
LOWEST:     18 ON 12,11                            3 = THUNDER
                        SNOW, ICE PELLETS, HAIL    4 = ICE PELLETS
                        TOTAL MONTH:    M          5 = HAIL
                        GRTST 24HR    M  ON   M    6 = FREEZING RAIN OR DRIZZLE
                        GRTST DEPTH:  M  ON   M    7 = DUSTSTORM OR SANDSTORM:
                                                       VSBY 1/2 MILE OR LESS
                                                   8 = SMOKE OR HAZE
[NO. OF DAYS WITH]      [WEATHER - DAYS WITH]      9 = BLOWING SNOW
                                                   X = TORNADO
MAX 32 OR BELOW:   0    0.01 INCH OR MORE:   7
MAX 90 OR ABOVE:   0    0.10 INCH OR MORE:   4
MIN 32 OR BELOW:  21    0.50 INCH OR MORE:   0
MIN  0 OR BELOW:   0    1.00 INCH OR MORE:   0

[HDD (BASE 65) ]
TOTAL THIS MO.   547    CLEAR  (SCALE 0-3)  10
DPTR FM NORMAL   129    PTCLDY (SCALE 4-7)  10
TOTAL FM JUL 1   810    CLOUDY (SCALE 8-10)  2
DPTR FM NORMAL    43

[CDD (BASE 65) ]
TOTAL THIS MO.     0
DPTR FM NORMAL     0    [PRESSURE DATA]
TOTAL FM JAN 1   339    HIGHEST SLP M ON M
DPTR FM NORMAL    91    LOWEST  SLP 29.52 ON M

[REMARKS]
