000
CXUS55 KPIH 181200
CF6LLJ

PRELIMINARY LOCAL CLIMATOLOGICAL DATA (WS FORM: F-6)

                                          STATION:   CHALLIS ID
                                          MONTH:     DECEMBER
                                          YEAR:      2018
                                          LATITUDE:   44 31 N
                                          LONGITUDE: 114 13 W

  TEMPERATURE IN F:       :PCPN:    SNOW:  WIND      :SUNSHINE: SKY     :PK WND
================================================================================
1   2   3   4   5  6A  6B    7    8   9   10  11  12  13   14  15   16   17  18
                                     12Z  AVG MX 2MIN
DY MAX MIN AVG DEP HDD CDD  WTR  SNW DPTH SPD SPD DIR MIN PSBL S-S WX    SPD DR
================================================================================

 1  30  14  22   0  43   0    T    M    M  2.0  8 240   M    M   8 1      10  40
 2  29  13  21  -1  44   0 0.00    M    M  0.6  5 170   M    M   9         6 160
 3  27  11  19  -2  46   0 0.00    M    M  0.8  7 200   M    M   8         8 250
 4  23  -1  11 -10  54   0 0.00    M    M  0.9  7 190   M    M   0         8 190
 5  19  -8   6 -14  59   0 0.00    M    M  1.6  8 150   M    M   0        10 170
 6  14 -10   2 -18  63   0 0.00    M    M  0.7  5 240   M    M   0         6 150
 7  17  -9   4 -16  61   0 0.00    M    M  0.7  5 290   M    M   0         7 310
 8  23  -3  10  -9  55   0 0.00    M    M  0.8  6 330   M    M   1         7  90
 9  21  -3   9 -10  56   0 0.00    M    M  1.0  7 130   M    M   0         7 140
10  24   6  15  -4  50   0 0.00    M    M  1.4 12 200   M    M   5 18     19 100
11  23   2  13  -5  52   0 0.00    M    M  0.7  8 190   M    M   3 18      8 190
12  38   8  23   5  42   0 0.09    M    M  5.1 28 290   M    M   7 1      37 300
13  24   0  12  -6  53   0 0.00    M    M  1.6  6  60   M    M   3         8 190
14  22  -1  11  -7  54   0 0.00    M    M  1.1  7 310   M    M   1         8 300
15  38  15  27  10  38   0    T    M    M  3.0 13 210   M    M   4        17 200
16  34   8  21   4  44   0 0.00    M    M  0.4  8 160   M    M   1         9 160
17  38  21  30  13  35   0    T    M    M  1.2  8 200   M    M   9         9 190
================================================================================
SM  444   63       849   0  0.09    M     23.6          M       59
================================================================================
AV 26.1  3.7                               1.4 FASTST   M    M   3    MAX(MPH)
                                 MISC ---->  # 28 290               # 37  300
================================================================================
NOTES:
# LAST OF SEVERAL OCCURRENCES
PRECIPITATION SUSPECT DURING FREEZING/FROZEN EVENTS

COLUMN 17 PEAK WIND IN M.P.H.

PRELIMINARY LOCAL CLIMATOLOGICAL DATA (WS FORM: F-6) , PAGE 2

                                          STATION:  CHALLIS ID
                                          MONTH:    DECEMBER
                                          YEAR:     2018
                                          LATITUDE:   44 31 N
                                          LONGITUDE: 114 13 W

[TEMPERATURE DATA]      [PRECIPITATION DATA]       SYMBOLS USED IN COLUMN 16

AVERAGE MONTHLY: 14.9   TOTAL FOR MONTH:   0.09    1 = FOG OR MIST
DPTR FM NORMAL:  -4.3   DPTR FM NORMAL:   -0.33    2 = FOG REDUCING VISIBILITY
HIGHEST:    38 ON 17,15 GRTST 24HR  0.13 ON 30- 1      TO 1/4 MILE OR LESS
LOWEST:    -10 ON  6                               3 = THUNDER
                        SNOW, ICE PELLETS, HAIL    4 = ICE PELLETS
                        TOTAL MONTH:    M          5 = HAIL
                        GRTST 24HR    M  ON   M    6 = FREEZING RAIN OR DRIZZLE
                        GRTST DEPTH:  M  ON   M    7 = DUSTSTORM OR SANDSTORM:
                                                       VSBY 1/2 MILE OR LESS
                                                   8 = SMOKE OR HAZE
[NO. OF DAYS WITH]      [WEATHER - DAYS WITH]      9 = BLOWING SNOW
                                                   X = TORNADO
MAX 32 OR BELOW:  13    0.01 INCH OR MORE:   1
MAX 90 OR ABOVE:   0    0.10 INCH OR MORE:   0
MIN 32 OR BELOW:  17    0.50 INCH OR MORE:   0
MIN  0 OR BELOW:   8    1.00 INCH OR MORE:   0

[HDD (BASE 65) ]
TOTAL THIS MO.   849    CLEAR  (SCALE 0-3)   9
DPTR FM NORMAL    70    PTCLDY (SCALE 4-7)   5
TOTAL FM JUL 1  2621    CLOUDY (SCALE 8-10)  3
DPTR FM NORMAL  -201

[CDD (BASE 65) ]
TOTAL THIS MO.     0
DPTR FM NORMAL     0    [PRESSURE DATA]
TOTAL FM JAN 1   481    HIGHEST SLP M ON M
DPTR FM NORMAL   233    LOWEST  SLP 29.82 ON  2

[REMARKS]
