000
CXUS56 KMFR 301000
CF6LMT
PRELIMINARY LOCAL CLIMATOLOGICAL DATA (WS FORM: F-6)

                                          STATION:   KLAMATH FALLS OR
                                          MONTH:     MAY
                                          YEAR:      2020
                                          LATITUDE:   42  9 N
                                          LONGITUDE: 121 44 W

  TEMPERATURE IN F:       :PCPN:    SNOW:  WIND      :SUNSHINE: SKY     :PK WND
================================================================================
1   2   3   4   5  6A  6B    7    8   9   10  11  12  13   14  15   16   17  18
                                     12Z  AVG MX 2MIN
DY MAX MIN AVG DEP HDD CDD  WTR  SNW DPTH SPD SPD DIR MIN PSBL S-S WX    SPD DR
================================================================================

 1  68  27  48   1  17   0    T    M    M  4.9 17 280   M    M   3 8      21 280
 2  65  34  50   2  15   0 0.09    M    M 13.9 33 170   M    M   5 18     39 190
 3  57  23  40  -8  25   0 0.00    M    M  3.8 17 330   M    M   1 1      20 340
 4  67  24  46  -2  19   0 0.00    M    M  3.5 16 240   M    M   1        19 240
 5  73  33  53   5  12   0 0.00    M    M  6.6 18 260   M    M   2        23 270
 6  61  36  49   0  16   0 0.00    M    M  9.3 23 290   M    M   2        28 290
 7  74  31  53   4  12   0 0.00    M    M  5.6 16 140   M    M   0        22 170
 8  80  41  61  12   4   0 0.00    M    M  6.8 15 340   M    M   0        18 340
 9  85  48  67  17   0   2 0.00    M    M  7.2 14 340   M    M   0        17 350
10  80  40  60  10   5   0 0.00    M    M  7.1 21 170   M    M   0        27 210
11  64  40  52   2  13   0 0.00    M    M 14.4 32 190   M    M   3 78     39 190
12  57  39  48  -2  17   0 0.05    M    M 11.1 30 230   M    M   7 7      37 240
13  50  39  45  -5  20   0 0.16    M    M  7.5 21 180   M    M  10        26 180
14  54  40  47  -4  18   0 0.11    M    M  8.1 26 270   M    M   8        32 280
15  64  35  50  -1  15   0 0.00    M    M  3.1 13 280   M    M   4        15 280
16  65  45  55   4  10   0 0.08    M    M  8.7 28 240   M    M   6 1      33 240
17  61  41  51   0  14   0 0.33    M    M 10.6 33 180   M    M   9 1      41 180
18  53  33  43  -9  22   0 0.22    M    M  6.5 21 230   M    M   7 13     27 230
19  58  30  44  -8  21   0    T    M    M  9.7 24 330   M    M   8 12     35 330
20  59  37  48  -4  17   0 0.00    M    M 11.9 24 330   M    M   5        30 340
21  60  36  48  -4  17   0 0.00    M    M 11.9 24 290   M    M   5        30 290
22  57  31  44  -8  21   0 0.00    M    M  8.6 20 330   M    M   3        26 310
23  68  26  47  -5  18   0 0.00    M    M  4.2 18 320   M    M   0        22 310
24  76  32  54   1  11   0 0.00    M    M  5.0 18 330   M    M   0        23 320
25  82  40  61   8   4   0 0.00    M    M  6.0 24 330   M    M   1        30 340
26  81  45  63  10   2   0 0.00    M    M  5.7 20 330   M    M   1 1      27 320
27  84  46  65  12   0   0 0.00    M    M  4.5 15 330   M    M   1 8      17 330
28  89  50  70  16   0   5 0.00    M    M  3.3 13 340   M    M   0 8      16 340
29  88  52  70  16   0   5 0.00    M    M  4.6 13 230   M    M   0 8      14 180
================================================================================
SM 1980 1074       365  12  1.04    M    214.1          M       92
================================================================================
AV 68.3 37.0                               7.4 FASTST   M    M   3    MAX(MPH)
                                 MISC ---->  # 33 170               # 41  180
================================================================================
NOTES:
# LAST OF SEVERAL OCCURRENCES

COLUMN 17 PEAK WIND IN M.P.H.

PRELIMINARY LOCAL CLIMATOLOGICAL DATA (WS FORM: F-6) , PAGE 2

                                          STATION:  KLAMATH FALLS OR
                                          MONTH:    MAY
                                          YEAR:     2020
                                          LATITUDE:   42  9 N
                                          LONGITUDE: 121 44 W

[TEMPERATURE DATA]      [PRECIPITATION DATA]       SYMBOLS USED IN COLUMN 16

AVERAGE MONTHLY: 52.7   TOTAL FOR MONTH:   1.04    1 = FOG OR MIST
DPTR FM NORMAL:   1.9   DPTR FM NORMAL:   -0.32    2 = FOG REDUCING VISIBILITY
HIGHEST:    89 ON 28    GRTST 24HR  0.33 ON 17-17      TO 1/4 MILE OR LESS
LOWEST:     23 ON  3                               3 = THUNDER
                        SNOW, ICE PELLETS, HAIL    4 = ICE PELLETS
                        TOTAL MONTH:    M          5 = HAIL
                        GRTST 24HR    M  ON   M    6 = FREEZING RAIN OR DRIZZLE
                        GRTST DEPTH:  M  ON   M    7 = DUSTSTORM OR SANDSTORM:
                                                       VSBY 1/2 MILE OR LESS
                                                   8 = SMOKE OR HAZE
[NO. OF DAYS WITH]      [WEATHER - DAYS WITH]      9 = BLOWING SNOW
                                                   X = TORNADO
MAX 32 OR BELOW:   0    0.01 INCH OR MORE:   7
MAX 90 OR ABOVE:   0    0.10 INCH OR MORE:   4
MIN 32 OR BELOW:   8    0.50 INCH OR MORE:   0
MIN  0 OR BELOW:   0    1.00 INCH OR MORE:   0

[HDD (BASE 65) ]
TOTAL THIS MO.   365    CLEAR  (SCALE 0-3)  17
DPTR FM NORMAL   -51    PTCLDY (SCALE 4-7)   9
TOTAL FM JUL 1  6441    CLOUDY (SCALE 8-10)  3
DPTR FM NORMAL  -294

[CDD (BASE 65) ]
TOTAL THIS MO.    12
DPTR FM NORMAL    12    [PRESSURE DATA]
TOTAL FM JAN 1    12    HIGHEST SLP  0.00 ON 29
DPTR FM NORMAL    12    LOWEST  SLP 29.65 ON 17

[REMARKS]
