000
CXUS56 KMFR 221000
CF6LMT
PRELIMINARY LOCAL CLIMATOLOGICAL DATA (WS FORM: F-6)

                                          STATION:   KLAMATH FALLS OR
                                          MONTH:     JANUARY
                                          YEAR:      2019
                                          LATITUDE:   42  9 N
                                          LONGITUDE: 121 44 W

  TEMPERATURE IN F:       :PCPN:    SNOW:  WIND      :SUNSHINE: SKY     :PK WND
================================================================================
1   2   3   4   5  6A  6B    7    8   9   10  11  12  13   14  15   16   17  18
                                     12Z  AVG MX 2MIN
DY MAX MIN AVG DEP HDD CDD  WTR  SNW DPTH SPD SPD DIR MIN PSBL S-S WX    SPD DR
================================================================================

 1  36  11  24  -5  41   0 0.00    M    M  2.0 12  80   M    M   0        13  80
 2  42  16  29   0  36   0 0.00    M    M  1.7  8 110   M    M   0         9 100
 3  42  20  31   2  34   0 0.00    M    M  1.4  8 100   M    M   2        11  90
 4  50  24  37   8  28   0 0.00    M    M  4.6 13 130   M    M   0        16 150
 5  46  32  39   9  26   0 0.01    M    M 13.7 33 160   M    M   4 1      40 170
 6  35  26  31   1  34   0 0.04    M    M 10.2 20 270   M    M   9 1      24 270
 7  38   9  24  -6  41   0    T    M    M  3.2 20 160   M    M   5 1      24 140
 8  50  38  44  14  21   0    T    M    M 13.8 26 170   M    M   8        34 180
 9  46  35  41  11  24   0 0.21    M    M 14.7 25 180   M    M   8 1      31 150
10  48  28  38   8  27   0 0.00    M    M  5.3 16 140   M    M   2        20 150
11  44  29  37   7  28   0 0.00    M    M  4.3 10 130   M    M   2        15  80
12  51  25  38   8  27   0 0.00    M    M  4.3 12 160   M    M   0        14 150
13  43  23  33   3  32   0 0.00    M    M  5.8 12 340   M    M   0        14 330
14  46  20  33   3  32   0 0.00    M    M  6.6 17 150   M    M   1        22 140
15  44  25  35   5  30   0    T    M    M  8.1 21 150   M    M   8        27 150
16  43  34  39   9  26   0 0.12    M    M 15.1 30 150   M    M   8 1      40 140
17  44  30  37   7  28   0 0.20    M    M 11.1 28 160   M    M   6 1      34 160
18  38  28  33   3  32   0 0.38    M    M  8.4 18 150   M    M   9 1      22 150
19  45  34  40  10  25   0 0.16    M    M  6.9 16 160   M    M  10 1      19 160
20  47  32  40  10  25   0 0.37    M    M 10.1 36 270   M    M   8 1      43 280
21  40  25  33   3  32   0 0.00    M    M  8.2 20 310   M    M   3        23 320
================================================================================
SM  918  544       629   0  1.49    M    159.5          M       93
================================================================================
AV 43.7 25.9                               7.6 FASTST   M    M   4    MAX(MPH)
                                 MISC ---->  # 36 270               # 43  280
================================================================================
NOTES:
# LAST OF SEVERAL OCCURRENCES

COLUMN 17 PEAK WIND IN M.P.H.

PRELIMINARY LOCAL CLIMATOLOGICAL DATA (WS FORM: F-6) , PAGE 2

                                          STATION:  KLAMATH FALLS OR
                                          MONTH:    JANUARY
                                          YEAR:     2019
                                          LATITUDE:   42  9 N
                                          LONGITUDE: 121 44 W

[TEMPERATURE DATA]      [PRECIPITATION DATA]       SYMBOLS USED IN COLUMN 16

AVERAGE MONTHLY: 34.8   TOTAL FOR MONTH:   1.49    1 = FOG OR MIST
DPTR FM NORMAL:   5.0   DPTR FM NORMAL:    0.02    2 = FOG REDUCING VISIBILITY
HIGHEST:    51 ON 12    GRTST 24HR  0.38 ON 18-18      TO 1/4 MILE OR LESS
LOWEST:      9 ON  7                               3 = THUNDER
                        SNOW, ICE PELLETS, HAIL    4 = ICE PELLETS
                        TOTAL MONTH:    M          5 = HAIL
                        GRTST 24HR    M  ON   M    6 = FREEZING RAIN OR DRIZZLE
                        GRTST DEPTH:  M  ON   M    7 = DUSTSTORM OR SANDSTORM:
                                                       VSBY 1/2 MILE OR LESS
                                                   8 = SMOKE OR HAZE
[NO. OF DAYS WITH]      [WEATHER - DAYS WITH]      9 = BLOWING SNOW
                                                   X = TORNADO
MAX 32 OR BELOW:   0    0.01 INCH OR MORE:   8
MAX 90 OR ABOVE:   0    0.10 INCH OR MORE:   6
MIN 32 OR BELOW:  17    0.50 INCH OR MORE:   0
MIN  0 OR BELOW:   0    1.00 INCH OR MORE:   0

[HDD (BASE 65) ]
TOTAL THIS MO.   629    CLEAR  (SCALE 0-3)  10
DPTR FM NORMAL  -112    PTCLDY (SCALE 4-7)   8
TOTAL FM JUL 1  3370    CLOUDY (SCALE 8-10)  3
DPTR FM NORMAL  -272

[CDD (BASE 65) ]
TOTAL THIS MO.     0
DPTR FM NORMAL     0    [PRESSURE DATA]
TOTAL FM JAN 1     0    HIGHEST SLP  0.00 ON  2
DPTR FM NORMAL     0    LOWEST  SLP 29.45 ON  5

[REMARKS]
