000
CXUS56 KMFR 171000
CF6LMT
PRELIMINARY LOCAL CLIMATOLOGICAL DATA (WS FORM: F-6)

                                          STATION:   KLAMATH FALLS OR
                                          MONTH:     JULY
                                          YEAR:      2018
                                          LATITUDE:   42  9 N
                                          LONGITUDE: 121 44 W

  TEMPERATURE IN F:       :PCPN:    SNOW:  WIND      :SUNSHINE: SKY     :PK WND
================================================================================
1   2   3   4   5  6A  6B    7    8   9   10  11  12  13   14  15   16   17  18
                                     12Z  AVG MX 2MIN
DY MAX MIN AVG DEP HDD CDD  WTR  SNW DPTH SPD SPD DIR MIN PSBL S-S WX    SPD DR
================================================================================

 1  86  45  66   3   0   1 0.00    M    M  7.7 22 320   M    M   0        27 330
 2  82  43  63   0   2   0 0.00    M    M  9.2 23 330   M    M   0        27 320
 3  76  40  58  -6   7   0 0.00    M    M  5.9 15  40   M    M   0        19  20
 4  83  47  65   1   0   0 0.00    M    M  8.2 22 190   M    M   0        28 160
 5  82  41  62  -2   3   0 0.00    M    M 11.6 29 180   M    M   0        36 180
 6  81  47  64   0   1   0 0.00    M    M 10.2 20 220   M    M   1        24 170
 7  84  40  62  -3   3   0 0.00    M    M  5.6 21 330   M    M   1 8      23 320
 8  86  44  65   0   0   0 0.00    M    M  5.4 20 280   M    M   0 8      26 280
 9  87  43  65   0   0   0 0.00    M    M  5.9 21 280   M    M   0 8      24 280
10  84  42  63  -2   2   0 0.00    M    M  5.4 16 330   M    M   0 8      20 340
11  90  48  69   3   0   4 0.00    M    M  6.3 14  30   M    M   0        19  30
12  95  55  75   9   0  10 0.00    M    M  7.1 14 320   0    0   0         M  M
13  95  52  74   8   0   9    T    M    M  5.5 21 330   M    M   0 3      25 320
14  95  59  77  11   0  12 0.00    M    M  6.8 20 330   M    M   1        23 330
15  89  56  73   7   0   8 0.02    M    M  5.3 25 320   M    M   2 38     29 320
16  93  49  71   4   0   6 0.00    M    M  4.3 16 340   M    M   1        22 320
================================================================================
SM 1388  751        18  50  0.02    M    110.4            0      6
================================================================================
AV 86.8 46.9                               6.9 FASTST    0   0   0    MAX(MPH)
                                 MISC ---->  # 29 180               # 36  180
================================================================================
NOTES:
# LAST OF SEVERAL OCCURRENCES

COLUMN 17 PEAK WIND IN M.P.H.

PRELIMINARY LOCAL CLIMATOLOGICAL DATA (WS FORM: F-6) , PAGE 2

                                          STATION:  KLAMATH FALLS OR
                                          MONTH:    JULY
                                          YEAR:     2018
                                          LATITUDE:   42  9 N
                                          LONGITUDE: 121 44 W

[TEMPERATURE DATA]      [PRECIPITATION DATA]       SYMBOLS USED IN COLUMN 16

AVERAGE MONTHLY: 66.8   TOTAL FOR MONTH:   0.02    1 = FOG OR MIST
DPTR FM NORMAL:   1.9   DPTR FM NORMAL:   -0.31    2 = FOG REDUCING VISIBILITY
HIGHEST:    95 ON 14,13 GRTST 24HR  0.02 ON 15-15      TO 1/4 MILE OR LESS
LOWEST:     40 ON  7, 3                            3 = THUNDER
                        SNOW, ICE PELLETS, HAIL    4 = ICE PELLETS
                        TOTAL MONTH:    M          5 = HAIL
                        GRTST 24HR    M  ON   M    6 = FREEZING RAIN OR DRIZZLE
                        GRTST DEPTH:  M  ON   M    7 = DUSTSTORM OR SANDSTORM:
                                                       VSBY 1/2 MILE OR LESS
                                                   8 = SMOKE OR HAZE
[NO. OF DAYS WITH]      [WEATHER - DAYS WITH]      9 = BLOWING SNOW
                                                   X = TORNADO
MAX 32 OR BELOW:   0    0.01 INCH OR MORE:   1
MAX 90 OR ABOVE:   5    0.10 INCH OR MORE:   0
MIN 32 OR BELOW:   0    0.50 INCH OR MORE:   0
MIN  0 OR BELOW:   0    1.00 INCH OR MORE:   0

[HDD (BASE 65) ]
TOTAL THIS MO.    18    CLEAR  (SCALE 0-3)  16
DPTR FM NORMAL   -14    PTCLDY (SCALE 4-7)   0
TOTAL FM JUL 1    18    CLOUDY (SCALE 8-10)  0
DPTR FM NORMAL   -14

[CDD (BASE 65) ]
TOTAL THIS MO.    50
DPTR FM NORMAL    17    [PRESSURE DATA]
TOTAL FM JAN 1    56    HIGHEST SLP  0.00 ON 12
DPTR FM NORMAL    11    LOWEST  SLP  0.00 ON 12

[REMARKS]
