000
CXUS53 KLMK 220800
CF6LOU
PRELIMINARY LOCAL CLIMATOLOGICAL DATA (WS FORM: F-6)

                                          STATION:   LOUISVILLE BOWMAN KY
                                          MONTH:     MAY
                                          YEAR:      2018
                                          LATITUDE:   38 13 N
                                          LONGITUDE:  85 40 W

  TEMPERATURE IN F:       :PCPN:    SNOW:  WIND      :SUNSHINE: SKY     :PK WND
================================================================================
1   2   3   4   5  6A  6B    7    8   9   10  11  12  13   14  15   16   17  18
                                     12Z  AVG MX 2MIN
DY MAX MIN AVG DEP HDD CDD  WTR  SNW DPTH SPD SPD DIR MIN PSBL S-S WX    SPD DR
================================================================================

 1  82  47  65   3   0   0 0.00    M    M  6.2 18 190   M    M   0        26 150
 2  86  61  74  12   0   9 0.00    M    M 10.9 26 220   M    M   2        35 220
 3  81  70  76  14   0  11    T    M    M 10.4 25 240   M    M   5 3      35 230
 4  81  68  75  12   0  10    T    M    M 10.3 21 230   M    M   5 3      30 230
 5  68  61  65   2   0   0 1.66    M    M  4.5 13 160   M    M   9 1      17  80
 6  83  56  70   7   0   5 0.03    M    M  4.6 25 270   M    M   4 123    36 270
 7  76  54  65   1   0   0 0.00    M    M  4.9 14  30   M    M   1 1      20  10
 8  79  49  64   0   1   0 0.00    M    M  2.3  7 270   M    M   0        10 250
 9  85  52  69   5   0   4 0.00    M    M  8.7 23 170   M    M   2        29 180
10  87  68  78  14   0  13    T    M    M  8.8 25 220   M    M   2 3      34 220
11  87  63  75  10   0  10 0.00    M    M  7.8 24 220   M    M   0        34 210
12  87  70  79  14   0  14 0.00    M    M  8.3 20 240   M    M   1        28 270
13  88  66  77  12   0  12 0.00    M    M  7.8 17 240   M    M   2        33 240
14  91  67  79  13   0  14 0.00    M    M  5.4 14 220   M    M   1        21 290
15  90  70  80  14   0  15 0.00    M    M  3.9 13  40   M    M   2 3      17  30
16  82  68  75   9   0  10 0.02    M    M  5.2 12  10   M    M   3 13     16  10
17  83  64  74   8   0   9 0.57    M    M  5.0 20  80   M    M   5 138    27  90
18  79  69  74   7   0   9 0.12    M    M  6.0 12  40   M    M   5 13     15  40
19  82  68  75   8   0  10 0.01    M    M  7.2 18 240   M    M   6 1      25 250
20  90  65  78  11   0  13    T    M    M  4.5 13 210   M    M   1 13     18 120
21  87  67  77   9   0  12 0.02    M    M  4.8 20 280   M    M   2 13     29 270
================================================================================
SM 1754 1323         1 180  2.43    M    137.5          M       58
================================================================================
AV 83.5 63.0                               6.5 FASTST   M    M   3    MAX(MPH)
                                 MISC ---->  # 26 220               # 36  270
================================================================================
NOTES:
# LAST OF SEVERAL OCCURRENCES

COLUMN 17 PEAK WIND IN M.P.H.

PRELIMINARY LOCAL CLIMATOLOGICAL DATA (WS FORM: F-6) , PAGE 2

                                          STATION:  LOUISVILLE BOWMAN KY
                                          MONTH:    MAY
                                          YEAR:     2018
                                          LATITUDE:   38 13 N
                                          LONGITUDE:  85 40 W

[TEMPERATURE DATA]      [PRECIPITATION DATA]       SYMBOLS USED IN COLUMN 16

AVERAGE MONTHLY: 73.3   TOTAL FOR MONTH:   2.43    1 = FOG OR MIST
DPTR FM NORMAL:   8.5   DPTR FM NORMAL:   -1.21    2 = FOG REDUCING VISIBILITY
HIGHEST:    91 ON 14    GRTST 24HR  1.66 ON  5- 5      TO 1/4 MILE OR LESS
LOWEST:     47 ON  1                               3 = THUNDER
                        SNOW, ICE PELLETS, HAIL    4 = ICE PELLETS
                        TOTAL MONTH:    M          5 = HAIL
                        GRTST 24HR    M  ON   M    6 = FREEZING RAIN OR DRIZZLE
                        GRTST DEPTH:  M  ON   M    7 = DUSTSTORM OR SANDSTORM:
                                                       VSBY 1/2 MILE OR LESS
                                                   8 = SMOKE OR HAZE
[NO. OF DAYS WITH]      [WEATHER - DAYS WITH]      9 = BLOWING SNOW
                                                   X = TORNADO
MAX 32 OR BELOW:   0    0.01 INCH OR MORE:   7
MAX 90 OR ABOVE:   3    0.10 INCH OR MORE:   3
MIN 32 OR BELOW:   0    0.50 INCH OR MORE:   2
MIN  0 OR BELOW:   0    1.00 INCH OR MORE:   1

[HDD (BASE 65) ]
TOTAL THIS MO.     1    CLEAR  (SCALE 0-3)  13
DPTR FM NORMAL   -62    PTCLDY (SCALE 4-7)   7
TOTAL FM JUL 1  4294    CLOUDY (SCALE 8-10)  1
DPTR FM NORMAL    40

[CDD (BASE 65) ]
TOTAL THIS MO.   180
DPTR FM NORMAL   122    [PRESSURE DATA]
TOTAL FM JAN 1   206    HIGHEST SLP M ON M
DPTR FM NORMAL   114    LOWEST  SLP 29.84 ON 18

[REMARKS]
