218
CXUS53 KLMK 210800
CF6LOU
PRELIMINARY LOCAL CLIMATOLOGICAL DATA (WS FORM: F-6)

                                          STATION:   LOUISVILLE BOWMAN KY
                                          MONTH:     OCTOBER
                                          YEAR:      2019
                                          LATITUDE:   38 13 N
                                          LONGITUDE:  85 40 W

  TEMPERATURE IN F:       :PCPN:    SNOW:  WIND      :SUNSHINE: SKY     :PK WND
================================================================================
1   2   3   4   5  6A  6B    7    8   9   10  11  12  13   14  15   16   17  18
                                     12Z  AVG MX 2MIN
DY MAX MIN AVG DEP HDD CDD  WTR  SNW DPTH SPD SPD DIR MIN PSBL S-S WX    SPD DR
================================================================================

 1  96  70  83  20   0  18 0.00    M    M  3.6 14 270   M    M   1        20 230
 2  96  69  83  20   0  18 0.00    M    M  5.5 18 280   M    M   0        26 290
 3  96  69  83  21   0  18 0.00    M    M  6.7 17 260   M    M   2        25 280
 4  76  60  68   6   0   3 0.00    M    M  8.0 15  10   M    M   1        22  40
 5  84  53  69   7   0   4 0.01    M    M  4.4 14  60   M    M   1        20  50
 6  78  58  68   7   0   3 1.32    M    M  6.4 16 200   M    M   6 138    23 220
 7  67  50  59  -2   6   0 0.18    M    M  2.8  9  40   M    M   5 1      12  40
 8  74  47  61   1   4   0 0.00    M    M  5.9 18  70   M    M   1 128    26  50
 9  65  47  56  -4   9   0 0.00    M    M  3.5  9 120   M    M   6 1      13 130
10  83  51  67   7   0   2 0.00    M    M  4.0 14 170   M    M   3 1      17 170
11  75  47  61   1   4   0 0.33    M    M  7.9 20 290   M    M   8 1      28 300
12  58  38  48 -11  17   0    T    M    M  4.1 14 300   M    M   2        23 310
13  70  37  54  -5  11   0 0.00    M    M  4.8 14 210   M    M   0        25 200
14  71  43  57  -2   8   0 0.00    M    M  2.5 14 250   M    M   0        19 230
15  77  40  59   1   6   0 0.43    M    M  5.6 17 170   M    M   4 13     24 180
16  65  47  56  -2   9   0 0.18    M    M 10.1 22 290   M    M   7 1      33 330
17  62  36  49  -9  16   0 0.00    M    M  3.0 14 280   M    M   0        19 280
18  65  37  51  -7  14   0 0.00    M    M  2.7  9 110   M    M   0 1      13 160
19  74  38  56  -1   9   0    T    M    M  4.3 15 180   M    M   1        21 190
20  75  58  67  10   0   2 0.00    M    M  4.6 10 200   M    M   3        14 190
================================================================================
SM 1507  995       113  68  2.45    M    100.4          M       51
================================================================================
AV 75.4 49.8                               5.0 FASTST   M    M   3    MAX(MPH)
                                 MISC ---->  # 22 290               # 33  330
================================================================================
NOTES:
# LAST OF SEVERAL OCCURRENCES

COLUMN 17 PEAK WIND IN M.P.H.

PRELIMINARY LOCAL CLIMATOLOGICAL DATA (WS FORM: F-6) , PAGE 2

                                          STATION:  LOUISVILLE BOWMAN KY
                                          MONTH:    OCTOBER
                                          YEAR:     2019
                                          LATITUDE:   38 13 N
                                          LONGITUDE:  85 40 W

[TEMPERATURE DATA]      [PRECIPITATION DATA]       SYMBOLS USED IN COLUMN 16

AVERAGE MONTHLY: 62.6   TOTAL FOR MONTH:   2.45    1 = FOG OR MIST
DPTR FM NORMAL:   2.7   DPTR FM NORMAL:    0.34    2 = FOG REDUCING VISIBILITY
HIGHEST:    96 ON  3, 2 GRTST 24HR  1.32 ON  6- 6      TO 1/4 MILE OR LESS
LOWEST:     36 ON 17                               3 = THUNDER
                        SNOW, ICE PELLETS, HAIL    4 = ICE PELLETS
                        TOTAL MONTH:    M          5 = HAIL
                        GRTST 24HR    M  ON   M    6 = FREEZING RAIN OR DRIZZLE
                        GRTST DEPTH:  M  ON   M    7 = DUSTSTORM OR SANDSTORM:
                                                       VSBY 1/2 MILE OR LESS
                                                   8 = SMOKE OR HAZE
[NO. OF DAYS WITH]      [WEATHER - DAYS WITH]      9 = BLOWING SNOW
                                                   X = TORNADO
MAX 32 OR BELOW:   0    0.01 INCH OR MORE:   6
MAX 90 OR ABOVE:   3    0.10 INCH OR MORE:   5
MIN 32 OR BELOW:   0    0.50 INCH OR MORE:   1
MIN  0 OR BELOW:   0    1.00 INCH OR MORE:   1

[HDD (BASE 65) ]
TOTAL THIS MO.   113    CLEAR  (SCALE 0-3)  14
DPTR FM NORMAL   -15    PTCLDY (SCALE 4-7)   6
TOTAL FM JUL 1   113    CLOUDY (SCALE 8-10)  0
DPTR FM NORMAL   -51

[CDD (BASE 65) ]
TOTAL THIS MO.    68
DPTR FM NORMAL    41    [PRESSURE DATA]
TOTAL FM JAN 1  1792    HIGHEST SLP M ON M
DPTR FM NORMAL   352    LOWEST  SLP 29.68 ON 16

[REMARKS]
