000
CXUS53 KLMK 200800
CF6LOU
PRELIMINARY LOCAL CLIMATOLOGICAL DATA (WS FORM: F-6)

                                          STATION:   LOUISVILLE BOWMAN KY
                                          MONTH:     FEBRUARY
                                          YEAR:      2019
                                          LATITUDE:   38 13 N
                                          LONGITUDE:  85 40 W

  TEMPERATURE IN F:       :PCPN:    SNOW:  WIND      :SUNSHINE: SKY     :PK WND
================================================================================
1   2   3   4   5  6A  6B    7    8   9   10  11  12  13   14  15   16   17  18
                                     12Z  AVG MX 2MIN
DY MAX MIN AVG DEP HDD CDD  WTR  SNW DPTH SPD SPD DIR MIN PSBL S-S WX    SPD DR
================================================================================

 1  38  24  31  -4  34   0 0.01    M    M  2.0  7  30   M    M   7 128    11 290
 2  56  28  42   7  23   0 0.00    M    M  2.9  9 240   M    M   7 12     12 250
 3  68  38  53  17  12   0 0.00    M    M  4.7 17 210   M    M   5        23 210
 4  58  42  50  14  15   0 0.06    M    M  6.6 14 170   M    M   7 1      18 190
 5  59  46  53  17  12   0 0.18    M    M  3.5 14 340   M    M  10 12     20 320
 6  63  50  57  21   8   0 0.94    M    M  6.2 14 290   M    M  10 1      18 290
 7  68  35  52  16  13   0 1.29    M    M 12.2 26 260   M    M  10 12     40 210
 8  35  20  28  -8  37   0 0.00    M    M 11.9 23 250   M    M   5        35 270
 9  34  15  25 -12  40   0 0.00    M    M  7.0 13  20   M    M   0        18  30
10  41  24  33  -4  32   0 0.25    M    M  5.3 10 110   M    M   8 1      14 110
11  50  41  46   9  19   0 1.47    M    M  4.9 12  90   M    M  10 1      18  80
12  56  33  45   8  20   0 1.14    M    M 11.8 28 260   M    M  10 1      42 270
13  42  28  35  -3  30   0 0.00    M    M 12.2 22 250   M    M   1        34 260
14  60  36  48  10  17   0 0.00    M    M 11.8 30 210   M    M   3        44 210
15  54  30  42   4  23   0    T    M    M  8.8 17 290   M    M   8 1      27 290
16  42  27  35  -3  30   0 0.00    M    M  9.0 16  20   M    M   3        23  40
17  39  30  35  -4  30   0    T    M    M  6.8 16  70   M    M   9 18     22  60
18  36  28  32  -7  33   0    T    M    M 10.1 20 280   M    M  10 8      26 270
19  38  24  31  -8  34   0 0.02    M    M  8.3 16  80   M    M   2        21  80
================================================================================
SM  937  599       462   0  5.36    M    146.0          M      125
================================================================================
AV 49.3 31.5                               7.7 FASTST   M    M   7    MAX(MPH)
                                 MISC ---->  # 30 210               # 44  210
================================================================================
NOTES:
# LAST OF SEVERAL OCCURRENCES

COLUMN 17 PEAK WIND IN M.P.H.

PRELIMINARY LOCAL CLIMATOLOGICAL DATA (WS FORM: F-6) , PAGE 2

                                          STATION:  LOUISVILLE BOWMAN KY
                                          MONTH:    FEBRUARY
                                          YEAR:     2019
                                          LATITUDE:   38 13 N
                                          LONGITUDE:  85 40 W

[TEMPERATURE DATA]      [PRECIPITATION DATA]       SYMBOLS USED IN COLUMN 16

AVERAGE MONTHLY: 40.4   TOTAL FOR MONTH:   5.36    1 = FOG OR MIST
DPTR FM NORMAL:   3.4   DPTR FM NORMAL:    3.19    2 = FOG REDUCING VISIBILITY
HIGHEST:    68 ON  7, 3 GRTST 24HR  1.47 ON 11-11      TO 1/4 MILE OR LESS
LOWEST:     15 ON  9                               3 = THUNDER
                        SNOW, ICE PELLETS, HAIL    4 = ICE PELLETS
                        TOTAL MONTH:    M          5 = HAIL
                        GRTST 24HR    M  ON   M    6 = FREEZING RAIN OR DRIZZLE
                        GRTST DEPTH:  M  ON   M    7 = DUSTSTORM OR SANDSTORM:
                                                       VSBY 1/2 MILE OR LESS
                                                   8 = SMOKE OR HAZE
[NO. OF DAYS WITH]      [WEATHER - DAYS WITH]      9 = BLOWING SNOW
                                                   X = TORNADO
MAX 32 OR BELOW:   0    0.01 INCH OR MORE:   9
MAX 90 OR ABOVE:   0    0.10 INCH OR MORE:   6
MIN 32 OR BELOW:  11    0.50 INCH OR MORE:   4
MIN  0 OR BELOW:   0    1.00 INCH OR MORE:   3

[HDD (BASE 65) ]
TOTAL THIS MO.   462    CLEAR  (SCALE 0-3)   4
DPTR FM NORMAL   -70    PTCLDY (SCALE 4-7)   8
TOTAL FM JUL 1  2948    CLOUDY (SCALE 8-10)  7
DPTR FM NORMAL  -193

[CDD (BASE 65) ]
TOTAL THIS MO.     0
DPTR FM NORMAL     0    [PRESSURE DATA]
TOTAL FM JAN 1     0    HIGHEST SLP M ON M
DPTR FM NORMAL     0    LOWEST  SLP 29.56 ON 12

[REMARKS]
