000
CXUS54 KLZK 172025
CF6LRF
PRELIMINARY LOCAL CLIMATOLOGICAL DATA (WS FORM: F-6)

                                          STATION:   Jacksonville/Little Rock AFB
                                          MONTH:     OCTOBER
                                          YEAR:      2019
                                          LATITUDE:   34 55 N
                                          LONGITUDE:  92  9 W

  TEMPERATURE IN F:       :PCPN:    SNOW:  WIND      :SUNSHINE: SKY     :PK WND
================================================================================
1   2   3   4   5  6A  6B    7    8   9   10  11  12  13   14  15   16   17  18
                                     12Z  AVG MX 2MIN
DY MAX MIN AVG DEP HDD CDD  WTR  SNW DPTH SPD SPD DIR MIN PSBL S-S WX    SPD DR
================================================================================

 1  94  65  80  11   0  15 0.00  0.0    0  4.3 13 190   M    M   0        17 190
 2  95  65  80  11   0  15 0.00  0.0    0  2.6 13 200   M    M   0        18 210
 3  93  67  80  11   0  15 0.00  0.0    0  1.9  9  20   M    M   3         M  M
 4  80  64  72   4   0   7 0.00  0.0    0  7.2 12  50   M    M   6         M  M
 5  90  60  75   7   0  10 0.00  0.0    0  3.5  8  60   M    M   3         M  M
 6  86  63  75   7   0  10 0.94  0.0    0  3.5  8  60   M    M   6 3       M  M
 7  76  52  64  -3   1   0 0.18  0.0    0  8.4 18  70   M    M   4 3      25  70
 8  76  48  62  -5   3   0 0.00  0.0    0  2.9  8  90   M    M   0        17  80
 9  77  48  63  -4   2   0 0.00  0.0    0  1.8  6  90   M    M   4         M  M
10  85  57  71   5   0   6 0.00  0.0    0  3.2 12 180   M    M   5        23 180
11  74  42  58  -8   7   0 0.07  0.0    0  7.8 16 280   M    M   7 1      23 290
12  64  37  51 -14  14   0 0.00  0.0    0  2.1  7  20   M    M   0 8       M  M
13  73  34  54 -11  11   0 0.00  0.0    0  2.2 13 240   M    M   0         M  M
14  70  41  56  -9   9   0 0.00  0.0    0  1.8  7  90   M    M   4 18      M  M
15  70  55  63  -1   2   0 0.31  0.0    0  2.8  9 310   M    M  10 18      M  M
16  65  44  55  -9  10   0 0.00  0.0    0  5.1 10 350   M    M   1 8      20 350
================================================================================
SM 1268  842        59  78  1.50     0.0  61.1          M       53
================================================================================
AV 79.3 52.6                               3.8 FASTST   M    M   3    MAX(MPH)
                                 MISC ---->  # 18  70               # 25   70
================================================================================
NOTES:
# LAST OF SEVERAL OCCURRENCES

COLUMN 17 PEAK WIND IN M.P.H.

PRELIMINARY LOCAL CLIMATOLOGICAL DATA (WS FORM: F-6) , PAGE 2

                                          STATION:  Jacksonville/Little Rock AFB
                                          MONTH:    OCTOBER
                                          YEAR:     2019
                                          LATITUDE:   34 55 N
                                          LONGITUDE:  92  9 W

[TEMPERATURE DATA]      [PRECIPITATION DATA]       SYMBOLS USED IN COLUMN 16

AVERAGE MONTHLY: 65.9   TOTAL FOR MONTH:   1.50    1 = FOG OR MIST
DPTR FM NORMAL:  -0.8   DPTR FM NORMAL:   -0.44    2 = FOG REDUCING VISIBILITY
HIGHEST:    95 ON  2    GRTST 24HR  0.94 ON  6- 6      TO 1/4 MILE OR LESS
LOWEST:     34 ON 13                               3 = THUNDER
                        SNOW, ICE PELLETS, HAIL    4 = ICE PELLETS
                        TOTAL MONTH:   0.0 INCH    5 = HAIL
                        GRTST 24HR     0.0         6 = FREEZING RAIN OR DRIZZLE
                        GRTST DEPTH:   0           7 = DUSTSTORM OR SANDSTORM:
                                                       VSBY 1/2 MILE OR LESS
                                                   8 = SMOKE OR HAZE
[NO. OF DAYS WITH]      [WEATHER - DAYS WITH]      9 = BLOWING SNOW
                                                   X = TORNADO
MAX 32 OR BELOW:   0    0.01 INCH OR MORE:   4
MAX 90 OR ABOVE:   4    0.10 INCH OR MORE:   3
MIN 32 OR BELOW:   0    0.50 INCH OR MORE:   1
MIN  0 OR BELOW:   0    1.00 INCH OR MORE:   0

[HDD (BASE 65) ]
TOTAL THIS MO.    59    CLEAR  (SCALE 0-3)   6
DPTR FM NORMAL    17    PTCLDY (SCALE 4-7)   9
TOTAL FM JUL 1    59    CLOUDY (SCALE 8-10)  1
DPTR FM NORMAL   -12

[CDD (BASE 65) ]
TOTAL THIS MO.    78
DPTR FM NORMAL    20    [PRESSURE DATA]
TOTAL FM JAN 1  2135    HIGHEST SLP M ON M
DPTR FM NORMAL   128    LOWEST  SLP M ON M

[REMARKS]
