000
CXUS54 KLZK 191130
CF6LRF
PRELIMINARY LOCAL CLIMATOLOGICAL DATA (WS FORM: F-6)

                                          STATION:   Jacksonville/Little Rock AFB
                                          MONTH:     SEPTEMBER
                                          YEAR:      2018
                                          LATITUDE:   34 55 N
                                          LONGITUDE:  92  9 W

  TEMPERATURE IN F:       :PCPN:    SNOW:  WIND      :SUNSHINE: SKY     :PK WND
================================================================================
1   2   3   4   5  6A  6B    7    8   9   10  11  12  13   14  15   16   17  18
                                     12Z  AVG MX 2MIN
DY MAX MIN AVG DEP HDD CDD  WTR  SNW DPTH SPD SPD DIR MIN PSBL S-S WX    SPD DR
================================================================================

 1  92  72  82   4   0  17 0.00  0.0    0  4.0  9 100   M    M   1         M  M
 2  90  74  82   4   0  17    T  0.0    0  5.0 12 100   M    M   2         M  M
 3  93  71  82   4   0  17 0.00  0.0    0  5.1 13 110   M    M   0         M  M
 4  93  71  82   5   0  17 0.00  0.0    0  1.9  9 110   M    M   1         M  M
 5  85  74  80   3   0  15    T  0.0    0  5.1 17  70   M    M   1        23  70
 6  81  74  78   1   0  13 0.19  0.0    0  5.7  8  40   M    M  10 1       M  M
 7  85  74  80   3   0  15 0.17  0.0    0  5.4  9 180   M    M   8 13      M  M
 8   M   M   M   M   M   M 0.30    M    M  4.6  7 260   M    M   8 13      M  M
 9  75  68  72  -4   0   7 0.08  0.0    0  5.2  9  30   M    M   6 1       M  M
10  80  64  72  -4   0   7 0.00  0.0    0  3.3  8  10   M    M   6         M  M
11  76  64  70  -5   0   5    T  0.0    0  4.6 10  60   M    M   4         M  M
12  79  67  73  -2   0   8 0.25  0.0    M  3.6  6 110   M    M   7 1       M  M
13  89  65  77   2   0  12 0.00  0.0    0  2.1  7  80   M    M   0         M  M
14  92  69  81   6   0  16 0.00  0.0    0  3.9  9  60   M    M   1         M  M
15  83  69  76   2   0  11 0.00  0.0    0  1.4  8  40   M    M   0         M  M
16   M   M   M   M   M   M    M    M    M   M   M   M   M    M   M         M  M
17   M   M   M   M   M   M    M    M    M   M   M   M   M    M   M         M  M
18  95  70  83  10   0  18    T  0.0    M  0.7  5  90   M    M   0         M  M
================================================================================
SM 1288 1046         0 195  0.99     0.0  61.6          M       55
================================================================================
AV 85.9 69.7                               3.8 FASTST   M    M   3    MAX(MPH)
                                 MISC ---->  # 17  70               # 23   70
================================================================================
NOTES:
# LAST OF SEVERAL OCCURRENCES

COLUMN 17 PEAK WIND IN M.P.H.

PRELIMINARY LOCAL CLIMATOLOGICAL DATA (WS FORM: F-6) , PAGE 2

                                          STATION:  Jacksonville/Little Rock AFB
                                          MONTH:    SEPTEMBER
                                          YEAR:     2018
                                          LATITUDE:   34 55 N
                                          LONGITUDE:  92  9 W

[TEMPERATURE DATA]      [PRECIPITATION DATA]       SYMBOLS USED IN COLUMN 16

AVERAGE MONTHLY: 77.8   TOTAL FOR MONTH:   0.99    1 = FOG OR MIST
DPTR FM NORMAL:   2.0   DPTR FM NORMAL:   -0.99    2 = FOG REDUCING VISIBILITY
HIGHEST:    95 ON 18    GRTST 24HR  0.30 ON  8- 8      TO 1/4 MILE OR LESS
LOWEST:     64 ON 11,10                            3 = THUNDER
                        SNOW, ICE PELLETS, HAIL    4 = ICE PELLETS
                        TOTAL MONTH:   0.0 INCH    5 = HAIL
                        GRTST 24HR     0.0         6 = FREEZING RAIN OR DRIZZLE
                        GRTST DEPTH:   0           7 = DUSTSTORM OR SANDSTORM:
                                                       VSBY 1/2 MILE OR LESS
                                                   8 = SMOKE OR HAZE
[NO. OF DAYS WITH]      [WEATHER - DAYS WITH]      9 = BLOWING SNOW
                                                   X = TORNADO
MAX 32 OR BELOW:   0    0.01 INCH OR MORE:   5
MAX 90 OR ABOVE:   6    0.10 INCH OR MORE:   4
MIN 32 OR BELOW:   0    0.50 INCH OR MORE:   0
MIN  0 OR BELOW:   0    1.00 INCH OR MORE:   0

[HDD (BASE 65) ]
TOTAL THIS MO.     0    CLEAR  (SCALE 0-3)   9
DPTR FM NORMAL    -6    PTCLDY (SCALE 4-7)   6
TOTAL FM JUL 1     0    CLOUDY (SCALE 8-10)  1
DPTR FM NORMAL   -17

[CDD (BASE 65) ]
TOTAL THIS MO.   195
DPTR FM NORMAL     1    [PRESSURE DATA]
TOTAL FM JAN 1  2096    HIGHEST SLP M ON M
DPTR FM NORMAL   231    LOWEST  SLP M ON M

[REMARKS]
