000
CXUS54 KEPZ 201200
CF6LRU
PRELIMINARY LOCAL CLIMATOLOGICAL DATA (WS FORM: F-6)

                                          STATION:   LAS CRUCES
                                          MONTH:     OCTOBER
                                          YEAR:      2019
                                          LATITUDE:   32 17 N
                                          LONGITUDE: 106 46 W

  TEMPERATURE IN F:       :PCPN:    SNOW:  WIND      :SUNSHINE: SKY     :PK WND
================================================================================
1   2   3   4   5  6A  6B    7    8   9   10  11  12  13   14  15   16   17  18
                                     12Z  AVG MX 2MIN
DY MAX MIN AVG DEP HDD CDD  WTR  SNW DPTH SPD SPD DIR MIN PSBL S-S WX    SPD DR
================================================================================

 1  80  61  71   M   0   6 0.01  0.0    0  6.9 16 290   M    M   9        27 290
 2  81  60  71   M   0   6 0.01  0.0    0  3.0  8 290   M    M   5         M  M
 3  86  62  74   M   0   9 0.10  0.0    0  3.8  9 100   M    M   6 3       M  M
 4  73  62  68   M   0   3 0.14  0.0    0  5.6 16 130   M    M   7 3      20 130
 5  85  59  72   M   0   7 0.00  0.0    0  6.1 15 260   M    M   1        23 280
 6  85  56  71   M   0   6 0.00  0.0    0  6.2 14 120   M    M   0        18 120
 7  78  55  67   M   0   2 0.00  0.0    0  7.9 13 110   M    M   0        17 110
 8  79  55  67   M   0   2 0.03  0.0    0  5.0 13 190   M    M   4 3      22 190
 9  83  52  68   M   0   3 0.00  0.0    0  8.5 23 230   M    M   2 12     29 250
10  81  48  65   M   0   0 0.00  0.0    0 10.5 25 260   M    M   0        35 260
11  67  49  58   M   7   0 0.00  0.0    0 10.4 22 340   M    M   1        29 340
12  72  41  57   M   8   0 0.00  0.0    0  5.7 10 140   M    M   1         M  M
13  81  46  64   M   1   0 0.00  0.0    0  3.3 10 190   M    M   0         M  M
14  80  49  65   M   0   0 0.00  0.0    0  4.4 10 200   M    M   2        18 210
15  82  54  68   M   0   3 0.00  0.0    0  4.5 12  30   M    M   3 12     16  30
16  77  52  65   M   0   0 0.00  0.0    0  5.6 12 130   M    M   0         M  M
17  82  44  63   M   2   0 0.00  0.0    0  5.6 14 230   M    M   1        18 230
18  79  58  69   M   0   4 0.00  0.0    0 15.9 27 260   M    M   2        37 270
19  76  44  60   M   5   0 0.00  0.0    0  6.6 12 250   M    M   0        16 230
================================================================================
SM 1507 1007        23  51  0.29     0.0 125.5          M       44
================================================================================
AV 79.3 53.0                               6.6 FASTST   M    M   2    MAX(MPH)
                                 MISC ---->  # 27 260               # 37  270
================================================================================
NOTES:
# LAST OF SEVERAL OCCURRENCES

COLUMN 17 PEAK WIND IN M.P.H.

PRELIMINARY LOCAL CLIMATOLOGICAL DATA (WS FORM: F-6) , PAGE 2

                                          STATION:  LAS CRUCES
                                          MONTH:    OCTOBER
                                          YEAR:     2019
                                          LATITUDE:   32 17 N
                                          LONGITUDE: 106 46 W

[TEMPERATURE DATA]      [PRECIPITATION DATA]       SYMBOLS USED IN COLUMN 16

AVERAGE MONTHLY: 66.2   TOTAL FOR MONTH:   0.29    1 = FOG OR MIST
DPTR FM NORMAL:     M   DPTR FM NORMAL:       M    2 = FOG REDUCING VISIBILITY
HIGHEST:    86 ON  3    GRTST 24HR  0.14 ON  4- 4      TO 1/4 MILE OR LESS
LOWEST:     41 ON 12                               3 = THUNDER
                        SNOW, ICE PELLETS, HAIL    4 = ICE PELLETS
                        TOTAL MONTH:   0.0 INCH    5 = HAIL
                        GRTST 24HR     0.0         6 = FREEZING RAIN OR DRIZZLE
                        GRTST DEPTH:   0           7 = DUSTSTORM OR SANDSTORM:
                                                       VSBY 1/2 MILE OR LESS
                                                   8 = SMOKE OR HAZE
[NO. OF DAYS WITH]      [WEATHER - DAYS WITH]      9 = BLOWING SNOW
                                                   X = TORNADO
MAX 32 OR BELOW:   0    0.01 INCH OR MORE:   5
MAX 90 OR ABOVE:   0    0.10 INCH OR MORE:   2
MIN 32 OR BELOW:   0    0.50 INCH OR MORE:   0
MIN  0 OR BELOW:   0    1.00 INCH OR MORE:   0

[HDD (BASE 65) ]
TOTAL THIS MO.    23    CLEAR  (SCALE 0-3)  14
DPTR FM NORMAL     M    PTCLDY (SCALE 4-7)   4
TOTAL FM JUL 1    23    CLOUDY (SCALE 8-10)  1
DPTR FM NORMAL     M

[CDD (BASE 65) ]
TOTAL THIS MO.    51
DPTR FM NORMAL     M    [PRESSURE DATA]
TOTAL FM JAN 1  2104    HIGHEST SLP M ON M
DPTR FM NORMAL     M    LOWEST  SLP M ON M

[REMARKS]
