000
CXUS54 KFWD 270731
CF6LUD
PRELIMINARY LOCAL CLIMATOLOGICAL DATA (WS FORM: F-6)

                                          STATION:   DECATUR
                                          MONTH:     MAY
                                          YEAR:      2020
                                          LATITUDE:   33 15 N
                                          LONGITUDE:  97 30 W

  TEMPERATURE IN F:       :PCPN:    SNOW:  WIND      :SUNSHINE: SKY     :PK WND
================================================================================
1   2   3   4   5  6A  6B    7    8   9   10  11  12  13   14  15   16   17  18
                                     12Z  AVG MX 2MIN
DY MAX MIN AVG DEP HDD CDD  WTR  SNW DPTH SPD SPD DIR MIN PSBL S-S WX    SPD DR
================================================================================

 1  89  63  76  10   0  11 0.00  0.0    0 14.9 21 150   M    M   0        29 150
 2  88  65  77  10   0  12 0.00  0.0    0 16.6 21 150   M    M   0        30 150
 3  92  68  80  13   0  15 0.00  0.0    0  9.8 14 170   M    M   0        21 170
 4  96  70  83  16   0  18 0.05  0.0    0 12.9 20 160   M    M   0        31 160
 5  76  61  69   2   0   4 0.00  0.0    0  9.5 17  20   M    M   3        27  10
 6  81  57  69   1   0   4 0.00  0.0    0  3.8 10  90   M    M   0         M  M
 7  84  54  69   1   0   4 0.20  0.0    0 13.7 24 160   M    M   2        35 170
 8  70  52  61  -7   4   0 0.02  0.0    0 11.3 22 170   M    M   5        30 170
 9  73  48  61  -8   4   0 0.00  0.0    0  5.4  9 100   M    M   1         M  M
10  77  51  64  -5   1   0 0.00  0.0    0  5.1  9  70   M    M   0         M  M
11  79  51  65  -4   0   0 0.00  0.0    0 10.0 15 130   M    M   0        21 130
12  80  66  73   4   0   8 0.02  0.0    0  9.8 15 150   M    M   6        21 180
13  83  65  74   4   0   9 0.00  0.0    0 10.9 18 140   M    M   6 1      27 140
14  87  62  75   5   0  10 0.45  0.0    0 11.1 16 150   M    M   4 3      23 150
15  85  60  73   3   0   8 0.69  0.0    0 12.1 25  60   M    M   6 3      41  60
16  64  61  63  -7   2   0 1.60  0.0    0  6.6 13 350   M    M   7 13     21 350
17  82  63  73   2   0   8 0.00  0.0    0  5.7 10 330   M    M   1 1      21 320
18  88  62  75   4   0  10 0.00  0.0    0  4.2  8 140   M    M   0         M  M
19  87  67  77   6   0  12 0.00  0.0    0  8.7 14  60   M    M   0        20  60
20  77  65  71   0   0   6 0.00  0.0    0 10.4 15  80   M    M   6        20  80
21  87  67  77   5   0  12 0.00  0.0    0  8.2 15 130   M    M   4 18     23 130
22  90  63  77   5   0  12 1.19  0.0    0 11.7 32 160   M    M   2        39 160
23  88  63  76   4   0  11 0.86  0.0    0 11.2 20 160   M    M   3        28  30
24  88  64  76   4   0  11 0.18  0.0    0 10.6 17 100   M    M   4        24 120
25  69  63  66  -7   0   1 0.81  0.0    0  4.7 10 100   M    M   6 1      18 100
26  72  59  66  -7   0   1 0.00  0.0    0  4.0  8 300   M    M   4         M  M
================================================================================
SM 2132 1590        11 187  6.07     0.0 242.9          M       70
================================================================================
AV 82.0 61.2                               9.3 FASTST   M    M   3    MAX(MPH)
                                 MISC ---->  # 32 160               # 41   60
================================================================================
NOTES:
# LAST OF SEVERAL OCCURRENCES

COLUMN 17 PEAK WIND IN M.P.H.

PRELIMINARY LOCAL CLIMATOLOGICAL DATA (WS FORM: F-6) , PAGE 2

                                          STATION:  DECATUR
                                          MONTH:    MAY
                                          YEAR:     2020
                                          LATITUDE:   33 15 N
                                          LONGITUDE:  97 30 W

[TEMPERATURE DATA]      [PRECIPITATION DATA]       SYMBOLS USED IN COLUMN 16

AVERAGE MONTHLY: 71.6   TOTAL FOR MONTH:   6.07    1 = FOG OR MIST
DPTR FM NORMAL:   1.9   DPTR FM NORMAL:    1.54    2 = FOG REDUCING VISIBILITY
HIGHEST:    96 ON  4    GRTST 24HR  1.60 ON 16-16      TO 1/4 MILE OR LESS
LOWEST:     48 ON  9                               3 = THUNDER
                        SNOW, ICE PELLETS, HAIL    4 = ICE PELLETS
                        TOTAL MONTH:   0.0 INCH    5 = HAIL
                        GRTST 24HR     0.0         6 = FREEZING RAIN OR DRIZZLE
                        GRTST DEPTH:   0           7 = DUSTSTORM OR SANDSTORM:
                                                       VSBY 1/2 MILE OR LESS
                                                   8 = SMOKE OR HAZE
[NO. OF DAYS WITH]      [WEATHER - DAYS WITH]      9 = BLOWING SNOW
                                                   X = TORNADO
MAX 32 OR BELOW:   0    0.01 INCH OR MORE:  11
MAX 90 OR ABOVE:   3    0.10 INCH OR MORE:   8
MIN 32 OR BELOW:   0    0.50 INCH OR MORE:   5
MIN  0 OR BELOW:   0    1.00 INCH OR MORE:   2

[HDD (BASE 65) ]
TOTAL THIS MO.    11    CLEAR  (SCALE 0-3)  15
DPTR FM NORMAL    -7    PTCLDY (SCALE 4-7)  11
TOTAL FM JUL 1  2335    CLOUDY (SCALE 8-10)  0
DPTR FM NORMAL  -604

[CDD (BASE 65) ]
TOTAL THIS MO.   187
DPTR FM NORMAL    45    [PRESSURE DATA]
TOTAL FM JAN 1   344    HIGHEST SLP M ON M
DPTR FM NORMAL   137    LOWEST  SLP M ON M

[REMARKS]
