130
CXUS51 KRNK 220646
CF6LYH
PRELIMINARY LOCAL CLIMATOLOGICAL DATA (WS FORM: F-6)

                                          STATION:   LYNCHBURG VA
                                          MONTH:     OCTOBER
                                          YEAR:      2019
                                          LATITUDE:   37 19 N
                                          LONGITUDE:  79 12 W

  TEMPERATURE IN F:       :PCPN:    SNOW:  WIND      :SUNSHINE: SKY     :PK WND
================================================================================
1   2   3   4   5  6A  6B    7    8   9   10  11  12  13   14  15   16   17  18
                                     12Z  AVG MX 2MIN
DY MAX MIN AVG DEP HDD CDD  WTR  SNW DPTH SPD SPD DIR MIN PSBL S-S WX    SPD DR
================================================================================

 1  90  64  77  16   0  12 0.00  0.0    0  3.6  9 170   M    M   5        13 190
 2  96  66  81  20   0  16 0.00  0.0    0  2.8 13 300   M    M   1 12     22 310
 3  97  63  80  20   0  15 0.00  0.0    0  1.9 12 260   M    M   0        15 260
 4  89  63  76  16   0  11 0.00  0.0    0  6.6 20  50   M    M   2        27  50
 5  64  49  57  -3   8   0    T  0.0    0  6.1 18  40   M    M   9        26  40
 6  68  55  62   3   3   0 0.21  0.0    0  0.9  7 190   M    M   9 1      10 200
 7  81  61  71  12   0   6 0.00  0.0    0  5.0 15 160   M    M   5        20 170
 8  67  56  62   3   3   0 0.12  0.0    0 10.5 23  40   M    M  10 1      33  40
 9  74  53  64   6   1   0 0.00  0.0    0  5.3 14  40   M    M   4        21 290
10  75  49  62   4   3   0 0.00  0.0    0  3.5 13  40   M    M   2 1      16  40
11  78  47  63   5   2   0 0.00  0.0    0  1.9  9  40   M    M   0 1      13  50
12  79  50  65   8   0   0    T  0.0    0  2.0 10 250   M    M   4        15 240
13  64  53  59   2   6   0 0.04  0.0    0  3.6 13  50   M    M   8        22  10
14  77  43  60   3   5   0 0.00  0.0    0  1.8 13 260   M    M   2 12     17 250
15  75  38  57   1   8   0 0.00  0.0    0  2.3 13 180   M    M   0        14 170
16  64  49  57   1   8   0 1.12  0.0    0  4.2 17 310   M    M   5 1      30 300
17  63  42  53  -3  12   0 0.00  0.0    0  6.4 16 290   M    M   2        26 280
18  65  35  50  -6  15   0 0.00  0.0    0  2.7 14  10   M    M   0        19  30
19  64  38  51  -4  14   0 0.03  0.0    0  2.8 12 190   M    M   2        18 240
20  65  50  58   3   7   0 1.85  0.0    0  7.9 21  20   M    M   9 1      29  30
21  69  48  59   4   6   0 0.00  0.0    0  2.5  9 120   M    M   4 12     12 110
================================================================================
SM 1564 1072       101  60  3.37     0.0  84.3          M       83
================================================================================
AV 74.5 51.1                               4.0 FASTST   M    M   4    MAX(MPH)
                                 MISC ---->  # 23  40               # 33   40
================================================================================
NOTES:
# LAST OF SEVERAL OCCURRENCES

COLUMN 17 PEAK WIND IN M.P.H.

PRELIMINARY LOCAL CLIMATOLOGICAL DATA (WS FORM: F-6) , PAGE 2

                                          STATION:  LYNCHBURG VA
                                          MONTH:    OCTOBER
                                          YEAR:     2019
                                          LATITUDE:   37 19 N
                                          LONGITUDE:  79 12 W

[TEMPERATURE DATA]      [PRECIPITATION DATA]       SYMBOLS USED IN COLUMN 16

AVERAGE MONTHLY: 62.8   TOTAL FOR MONTH:   3.37    1 = FOG OR MIST
DPTR FM NORMAL:   5.0   DPTR FM NORMAL:    1.29    2 = FOG REDUCING VISIBILITY
HIGHEST:    97 ON  3    GRTST 24HR  1.85 ON 20-20      TO 1/4 MILE OR LESS
LOWEST:     35 ON 18                               3 = THUNDER
                        SNOW, ICE PELLETS, HAIL    4 = ICE PELLETS
                        TOTAL MONTH:   0.0 INCH    5 = HAIL
                        GRTST 24HR     0.0         6 = FREEZING RAIN OR DRIZZLE
                        GRTST DEPTH:   0           7 = DUSTSTORM OR SANDSTORM:
                                                       VSBY 1/2 MILE OR LESS
                                                   8 = SMOKE OR HAZE
[NO. OF DAYS WITH]      [WEATHER - DAYS WITH]      9 = BLOWING SNOW
                                                   X = TORNADO
MAX 32 OR BELOW:   0    0.01 INCH OR MORE:   6
MAX 90 OR ABOVE:   3    0.10 INCH OR MORE:   4
MIN 32 OR BELOW:   0    0.50 INCH OR MORE:   2
MIN  0 OR BELOW:   0    1.00 INCH OR MORE:   2

[HDD (BASE 65) ]
TOTAL THIS MO.   101    CLEAR  (SCALE 0-3)  10
DPTR FM NORMAL   -64    PTCLDY (SCALE 4-7)   6
TOTAL FM JUL 1   106    CLOUDY (SCALE 8-10)  5
DPTR FM NORMAL  -120

[CDD (BASE 65) ]
TOTAL THIS MO.    60
DPTR FM NORMAL    49    [PRESSURE DATA]
TOTAL FM JAN 1  1574    HIGHEST SLP M ON M
DPTR FM NORMAL   547    LOWEST  SLP 29.65 ON 16

[REMARKS]
