000
CXUS52 KFFC 241110
CF6LZU
PRELIMINARY LOCAL CLIMATOLOGICAL DATA (WS FORM: F-6)

                                          STATION:   LAWRENCEVILLE
                                          MONTH:     JANUARY
                                          YEAR:      2020
                                          LATITUDE:   33 58 N
                                          LONGITUDE:  83 58 W

  TEMPERATURE IN F:       :PCPN:    SNOW:  WIND      :SUNSHINE: SKY     :PK WND
================================================================================
1   2   3   4   5  6A  6B    7    8   9   10  11  12  13   14  15   16   17  18
                                     12Z  AVG MX 2MIN
DY MAX MIN AVG DEP HDD CDD  WTR  SNW DPTH SPD SPD DIR MIN PSBL S-S WX    SPD DR
================================================================================

 1  56  36  46   M  19   0 0.00    M    M  5.1  9 250   M    M   0 M      17  99
 2  46  40  43   M  22   0 1.45    M    0  3.6 10  80   M    M   8 13     17  90
 3  57  46  52   M  13   0 1.57    M    0  4.5 10  70   M    M  10 12      M  M
 4  58  40  49   M  16   0 0.19    M    0 10.3 17 270   M    M   8 1      35 280
 5  52  32  42   M  23   0 0.00  0.0    0  6.2 13 260   M    M   0        17 280
 6  62  34  48   M  17   0 0.00  0.0    0  3.7  9 230   M    M   0        16 250
 7   M   M   M   M   M   M    T    M    0  9.3 18 250   M    M   4        24 280
 8  61  32  47   M  18   0 0.00  0.0    0  4.9 12 270   M    M   0        16 270
 9  63  29  46   M  19   0 0.00  0.0    0  5.7 13 130   M    M   2        20 130
10  64  47  56   M   9   0    T    M    0  9.1 15  90   M    M   7         M  M
11  68  59  64   M   1   0 1.19  0.0    0 11.5 16 220   M    M  10 13     24 210
12  68  44  56   M   9   0    T    M    0  2.9 13 230   M    M   3 12      M  M
13  62  56  59   M   6   0 0.96  0.0    0  2.0  6  80   M    M  10 1       M  M
14  62  57  60   M   5   0 0.70  0.0    M  2.2 12 170   M    M   8 12      M  M
15  71  52  62   M   3   0 0.01  0.0    0  3.3  9 240   M    M   6 12      M  M
16  67  49  58   M   7   0 0.62    M    0  4.9  9 290   M    M   4 1       M  M
17  50  41  46   M  19   0 0.00  0.0    0  7.2 14  70   M    M   2 8      22  80
18  44  40  42   M  23   0 0.51    M    0  6.4 13  90   M    M   9 1      20  80
19  50  34  42   M  23   0 0.01    M    0  9.1 14 270   M    M   3 1      30 270
20  39  25  32   M  33   0 0.00  0.0    0  5.9 13 250   M    M   0         M  M
21  42  23  33   M  32   0 0.00  0.0    0  2.3  6  99   M    M   4         M  M
22  49  18  34   M  31   0 0.00  0.0    0  4.7 14  80   M    M   0        22  80
23  48  36  42   M  23   0 0.12    M    0 10.4 14  70   M    M   6 1      20  80
================================================================================
SM 1239  870       371   0  7.33     0.0 135.2          M      104
================================================================================
AV 56.3 39.6                               5.9 FASTST   M    M   5    MAX(MPH)
                                 MISC ---->  # 18 250               # 35  280
================================================================================
NOTES:
# LAST OF SEVERAL OCCURRENCES

COLUMN 17 PEAK WIND IN M.P.H.

PRELIMINARY LOCAL CLIMATOLOGICAL DATA (WS FORM: F-6) , PAGE 2

                                          STATION:  LAWRENCEVILLE
                                          MONTH:    JANUARY
                                          YEAR:     2020
                                          LATITUDE:   33 58 N
                                          LONGITUDE:  83 58 W

[TEMPERATURE DATA]      [PRECIPITATION DATA]       SYMBOLS USED IN COLUMN 16

AVERAGE MONTHLY: 47.9   TOTAL FOR MONTH:   7.33    1 = FOG OR MIST
DPTR FM NORMAL:     M   DPTR FM NORMAL:       M    2 = FOG REDUCING VISIBILITY
HIGHEST:    71 ON 15    GRTST 24HR  1.57 ON  3- 3      TO 1/4 MILE OR LESS
LOWEST:     18 ON 22                               3 = THUNDER
                        SNOW, ICE PELLETS, HAIL    4 = ICE PELLETS
                        TOTAL MONTH:   0.0 INCH    5 = HAIL
                        GRTST 24HR     0.0         6 = FREEZING RAIN OR DRIZZLE
                        GRTST DEPTH:   0           7 = DUSTSTORM OR SANDSTORM:
                                                       VSBY 1/2 MILE OR LESS
                                                   8 = SMOKE OR HAZE
[NO. OF DAYS WITH]      [WEATHER - DAYS WITH]      9 = BLOWING SNOW
                                                   X = TORNADO
MAX 32 OR BELOW:   0    0.01 INCH OR MORE:  11
MAX 90 OR ABOVE:   0    0.10 INCH OR MORE:   9
MIN 32 OR BELOW:   6    0.50 INCH OR MORE:   7
MIN  0 OR BELOW:   0    1.00 INCH OR MORE:   3

[HDD (BASE 65) ]
TOTAL THIS MO.   371    CLEAR  (SCALE 0-3)   9
DPTR FM NORMAL     M    PTCLDY (SCALE 4-7)  10
TOTAL FM JUL 1  1343    CLOUDY (SCALE 8-10)  4
DPTR FM NORMAL     M

[CDD (BASE 65) ]
TOTAL THIS MO.     0
DPTR FM NORMAL     M    [PRESSURE DATA]
TOTAL FM JAN 1     0    HIGHEST SLP M ON M
DPTR FM NORMAL     M    LOWEST  SLP 29.81 ON  3

[REMARKS]
