000
CXUS52 KFFC 221110
CF6LZU
PRELIMINARY LOCAL CLIMATOLOGICAL DATA (WS FORM: F-6)

                                          STATION:   LAWRENCEVILLE
                                          MONTH:     OCTOBER
                                          YEAR:      2019
                                          LATITUDE:   33 58 N
                                          LONGITUDE:  83 58 W

  TEMPERATURE IN F:       :PCPN:    SNOW:  WIND      :SUNSHINE: SKY     :PK WND
================================================================================
1   2   3   4   5  6A  6B    7    8   9   10  11  12  13   14  15   16   17  18
                                     12Z  AVG MX 2MIN
DY MAX MIN AVG DEP HDD CDD  WTR  SNW DPTH SPD SPD DIR MIN PSBL S-S WX    SPD DR
================================================================================

 1  94  71  83   M   0  18 0.00  0.0    0  3.5  7 110   M    M   1         M  M
 2  96  69  83   M   0  18 0.00  0.0    0  1.8  8 280   M    M   1 1       M  M
 3  98  69  84   M   0  19 0.00  0.0    0  1.3  6  70   M    M   1         M  M
 4  98  66  82   M   0  17 0.00  0.0    0  1.5  7 300   M    M   0         M  M
 5  77  62  70   M   0   5    T  0.0    0 12.1 20  80   M    M   7 18     29  70
 6  75  59  67   M   0   2    T  0.0    0  6.5  9  80   M    M   7 1      17  80
 7  82  64  73   M   0   8 0.00  0.0    0  3.0  7  80   M    M   5 8       M  M
 8  81  63  72   M   0   7    T  0.0    0  4.3 16  70   M    M   5        22  70
 9  71  60  66   M   0   1 0.00  0.0    M  6.0 14  80   M    M   7 1      17  80
10  78  57  68   M   0   3 0.00  0.0    0  4.0 12  70   M    M   4         M  M
11  80  54  67   M   0   2 0.00  0.0    0  1.9  7 120   M    M   0         M  M
12  83  55  69   M   0   4    T  0.0    0  3.9 12 240   M    M   4 1      17 250
13  65  58  62   M   3   0 0.45  0.0    0  2.5  7 240   M    M   8 1       M  M
14  79  51  65   M   0   0 0.01  0.0    0  3.3  7 260   M    M   0         M  M
15  70  58  64   M   1   0 0.09  0.0    0  3.4  8 100   M    M   9 1       M  M
16  73  51  62   M   3   0 0.29  0.0    0  7.0 14 290   M    M   6 1      23 290
17  67  44  56   M   9   0 0.00  0.0    0  5.6  8 300   M    M   0        17  99
18  67  39  53   M  12   0 0.00  0.0    0  3.7  9  90   M    M   0         M  M
19  56  51  54   M  11   0 1.28  0.0    0 10.1 20  80   M    M   9 1      33  80
20  78  55  67   M   0   2 0.01  0.0    0  5.9 10  60   M    M   5 1      17  60
21  75  53  64   M   1   0    T  0.0    0  3.8 10 100   M    M   5 12      M  M
================================================================================
SM 1643 1209        40 106  2.13     0.0  95.1          M       84
================================================================================
AV 78.2 57.6                               4.5 FASTST   M    M   4    MAX(MPH)
                                 MISC ---->  # 20  80               # 33   80
================================================================================
NOTES:
# LAST OF SEVERAL OCCURRENCES

COLUMN 17 PEAK WIND IN M.P.H.

PRELIMINARY LOCAL CLIMATOLOGICAL DATA (WS FORM: F-6) , PAGE 2

                                          STATION:  LAWRENCEVILLE
                                          MONTH:    OCTOBER
                                          YEAR:     2019
                                          LATITUDE:   33 58 N
                                          LONGITUDE:  83 58 W

[TEMPERATURE DATA]      [PRECIPITATION DATA]       SYMBOLS USED IN COLUMN 16

AVERAGE MONTHLY: 67.9   TOTAL FOR MONTH:   2.13    1 = FOG OR MIST
DPTR FM NORMAL:     M   DPTR FM NORMAL:       M    2 = FOG REDUCING VISIBILITY
HIGHEST:    98 ON  4, 3 GRTST 24HR  1.28 ON 19-19      TO 1/4 MILE OR LESS
LOWEST:     39 ON 18                               3 = THUNDER
                        SNOW, ICE PELLETS, HAIL    4 = ICE PELLETS
                        TOTAL MONTH:   0.0 INCH    5 = HAIL
                        GRTST 24HR     0.0         6 = FREEZING RAIN OR DRIZZLE
                        GRTST DEPTH:   0           7 = DUSTSTORM OR SANDSTORM:
                                                       VSBY 1/2 MILE OR LESS
                                                   8 = SMOKE OR HAZE
[NO. OF DAYS WITH]      [WEATHER - DAYS WITH]      9 = BLOWING SNOW
                                                   X = TORNADO
MAX 32 OR BELOW:   0    0.01 INCH OR MORE:   6
MAX 90 OR ABOVE:   4    0.10 INCH OR MORE:   3
MIN 32 OR BELOW:   0    0.50 INCH OR MORE:   1
MIN  0 OR BELOW:   0    1.00 INCH OR MORE:   1

[HDD (BASE 65) ]
TOTAL THIS MO.    40    CLEAR  (SCALE 0-3)   8
DPTR FM NORMAL     M    PTCLDY (SCALE 4-7)  11
TOTAL FM JUL 1    40    CLOUDY (SCALE 8-10)  2
DPTR FM NORMAL     M

[CDD (BASE 65) ]
TOTAL THIS MO.   106
DPTR FM NORMAL     M    [PRESSURE DATA]
TOTAL FM JAN 1  2059    HIGHEST SLP M ON M
DPTR FM NORMAL     M    LOWEST  SLP 29.71 ON 20

[REMARKS]
