000
CXUS54 KLZK 301130
CF6M19
PRELIMINARY LOCAL CLIMATOLOGICAL DATA (WS FORM: F-6)

                                          STATION:   Newport Airport
                                          MONTH:     MAY
                                          YEAR:      2020
                                          LATITUDE:   35 35 N
                                          LONGITUDE:  91 16 W

  TEMPERATURE IN F:       :PCPN:    SNOW:  WIND      :SUNSHINE: SKY     :PK WND
================================================================================
1   2   3   4   5  6A  6B    7    8   9   10  11  12  13   14  15   16   17  18
                                     12Z  AVG MX 2MIN
DY MAX MIN AVG DEP HDD CDD  WTR  SNW DPTH SPD SPD DIR MIN PSBL S-S WX    SPD DR
================================================================================

 1  80  50  65   0   0   0    M    M    M  7.7 16 210   M    M   0         M  M
 2  83  60  72   6   0   7    M    M    M 14.7 22 200   M    M   0        27 210
 3  78  65  72   6   0   7    M    M    M 10.8 17 210   M    M   7 1      23 220
 4  74  62  68   2   0   3    M    M    M  9.3 20  20   M    M   8 38     37 320
 5  75  58  67   1   0   2    M    M    M 11.5 17 330   M    M   2        25 310
 6  67  52  60  -7   5   0    M    M    M 11.3 22 320   M    M   2        28 340
 7  70  47  59  -8   6   0    M    M    M  6.5 15 190   M    M   2        21 220
 8  67  48  58  -9   7   0 0.10    M    M 14.1 23  10   M    M   6 13     32 340
 9  66  42  54 -14  11   0    M    M    M  5.3 12  40   M    M   0 8       M  M
10  74  48  61  -7   4   0    M    M    M 10.3 25 300   M    M   1        35 300
11  61  44  53 -15  12   0 0.00    M    M  7.1 12 310   M    M   5         M  M
12  53  48  51 -17  14   0 0.45    M    M 10.2 13  70   M    M   9 1       M  M
13  78  53  66  -3   0   1    M    M    M  6.6 13 180   M    M   6         M  M
14  80  63  72   3   0   7    M    M    M 11.7 17 170   M    M   4        24 170
15  78  65  72   3   0   7    M    M    M  9.5 20 200   M    M   6        24 200
16   M   M   M   M   M   M    M    M    M  7.2 12 130   M    M   8 13      M  M
17  80  61  71   1   0   6 0.06    M    M 10.6 16 310   M    M   6 1      23 310
18  71  56  64  -6   1   0 0.00    M    M 11.4 20 330   M    M   5        25 330
19  71  56  64  -6   1   0 0.00    M    M  8.2 12 320   M    M   6        17 320
20  73  59  66  -5   0   1 0.00    M    M  8.0 20  20   M    M   7         M  M
21  79  59  69  -2   0   4    T    M    M  7.1 12  60   M    M   6 1       M  M
22  77  65  71   0   0   6 0.20    M    M  4.5  8 110   M    M   5 13      M  M
23  83  65  74   3   0   9 0.16    M    M  8.4 17 190   M    M   1 13     20 220
24  87  68  78   6   0  13    M    M    M  9.5 17 180   M    M   4 38     18 160
25  88  68  78   6   0  13    M    M    M 10.2 16 170   M    M   1 3      20 170
26  80  67  74   2   0   9 0.24    M    M 12.8 18 170   M    M   8 138     M  M
27  82  66  74   1   0   9    M    M    M  7.4 13 160   M    M   4 13      M  M
28  78  64  71  -2   0   6    M    M    M  7.3 12 240   M    M   4         M  M
29  82  63  73   0   0   8    M    M    M  9.0 17  20   M    M   3         M  M
================================================================================
SM 2115 1622        61 118  1.21    M    268.2          M      126
================================================================================
AV 75.5 57.9                               9.2 FASTST   M    M   4    MAX(MPH)
                                 MISC ---->  # 25 300               # 37  320
================================================================================
NOTES:
# LAST OF SEVERAL OCCURRENCES

COLUMN 17 PEAK WIND IN M.P.H.

PRELIMINARY LOCAL CLIMATOLOGICAL DATA (WS FORM: F-6) , PAGE 2

                                          STATION:  Newport Airport
                                          MONTH:    MAY
                                          YEAR:     2020
                                          LATITUDE:   35 35 N
                                          LONGITUDE:  91 16 W

[TEMPERATURE DATA]      [PRECIPITATION DATA]       SYMBOLS USED IN COLUMN 16

AVERAGE MONTHLY: 66.7   TOTAL FOR MONTH:   1.21    1 = FOG OR MIST
DPTR FM NORMAL:  -2.5   DPTR FM NORMAL:   -3.46    2 = FOG REDUCING VISIBILITY
HIGHEST:    88 ON 25    GRTST 24HR  0.45 ON 12-12      TO 1/4 MILE OR LESS
LOWEST:     42 ON  9                               3 = THUNDER
                        SNOW, ICE PELLETS, HAIL    4 = ICE PELLETS
                        TOTAL MONTH:    M          5 = HAIL
                        GRTST 24HR    M  ON   M    6 = FREEZING RAIN OR DRIZZLE
                        GRTST DEPTH:  M  ON   M    7 = DUSTSTORM OR SANDSTORM:
                                                       VSBY 1/2 MILE OR LESS
                                                   8 = SMOKE OR HAZE
[NO. OF DAYS WITH]      [WEATHER - DAYS WITH]      9 = BLOWING SNOW
                                                   X = TORNADO
MAX 32 OR BELOW:   0    0.01 INCH OR MORE:   6
MAX 90 OR ABOVE:   0    0.10 INCH OR MORE:   5
MIN 32 OR BELOW:   0    0.50 INCH OR MORE:   0
MIN  0 OR BELOW:   0    1.00 INCH OR MORE:   0

[HDD (BASE 65) ]
TOTAL THIS MO.    61    CLEAR  (SCALE 0-3)  10
DPTR FM NORMAL    27    PTCLDY (SCALE 4-7)  16
TOTAL FM JUL 1  3342    CLOUDY (SCALE 8-10)  3
DPTR FM NORMAL  -276

[CDD (BASE 65) ]
TOTAL THIS MO.   118
DPTR FM NORMAL   -37    [PRESSURE DATA]
TOTAL FM JAN 1   146    HIGHEST SLP M ON M
DPTR FM NORMAL   -61    LOWEST  SLP M ON M

[REMARKS]
