472
CXUS54 KLZK 241130
CF6M19
PRELIMINARY LOCAL CLIMATOLOGICAL DATA (WS FORM: F-6)

                                          STATION:   Newport Airport
                                          MONTH:     FEBRUARY
                                          YEAR:      2018
                                          LATITUDE:   35 35 N
                                          LONGITUDE:  91 16 W

  TEMPERATURE IN F:       :PCPN:    SNOW:  WIND      :SUNSHINE: SKY     :PK WND
================================================================================
1   2   3   4   5  6A  6B    7    8   9   10  11  12  13   14  15   16   17  18
                                     12Z  AVG MX 2MIN
DY MAX MIN AVG DEP HDD CDD  WTR  SNW DPTH SPD SPD DIR MIN PSBL S-S WX    SPD DR
================================================================================

 1  49  29  39   1  26   0 0.00    M    M 11.9 24  30   M    M   0 1      33  20
 2  33  22  28 -10  37   0 0.00  0.0    0  8.7 14  40   M    M   0         M  M
 3  47  29  38  -1  27   0 0.06    M    0  7.9 14 160   M    M   0 1       M  M
 4  56  23  40   1  25   0    T    M    0 12.4 31 340   M    M   0 12     38 340
 5  38  20  29 -10  36   0 0.00  0.0    0  8.7 14  50   M    M   0         M  M
 6  37  31  34  -5  31   0 0.39    M    M 11.6 17  20   M    M   0 136     M  M
 7  37  26  32  -7  33   0 0.14    M    M 11.3 21 350   M    M   0 16     23 340
 8  46  24  35  -5  30   0 0.00    M    M  4.6 12 180   M    M   0 12      M  M
 9  61  31  46   6  19   0 0.65    M    M  9.1 21 200   M    M   0 1       M  M
10  50  33  42   2  23   0 0.44    M    0 11.4 21  30   M    M   0 12      M  M
11  35  29  32  -8  33   0 0.01    M    0 12.8 17 320   M    M   0 1       M  M
12  38  25  32  -9  33   0 0.00  0.0    0 15.0 20  30   M    M   0        22  20
13  48  28  38  -3  27   0 0.01    M    0  6.1 10 190   M    M   0 1       M  M
14  58  43  51  10  14   0 0.03    M    0 11.9 18 210   M    M   0 1       M  M
15  74  57  66  24   0   1    T  0.0    0 17.7 29 210   M    M   0 1      37 210
16  67  40  54  12  11   0 0.04    M    0 13.4 22 360   M    M   0        40 360
17  48  38  43   1  22   0 1.33    M    0  6.6 14  10   M    M   0 12      M  M
18  54  30  42   0  23   0    T    M    0  8.7 15 170   M    M   0 12      M  M
19  72  51  62  19   3   0    T  0.0    0 14.1 24 200   M    M   0 1      29 200
20  77  58  68  25   0   3 1.27  0.0    0 17.7 22 170   M    M   0 13     30 170
21  58  35  47   4  18   0 2.26  0.0    0 16.4 22  40   M    M   0 1      29  20
22  47  35  41  -3  24   0 2.10  0.0    0  9.0 16  30   M    M   0 13      M  M
23  52  47  50   6  15   0 1.40  0.0    0  6.9 10 330   M    M   0 13      M  M
================================================================================
SM 1182  784       510   4 10.13     0.0 253.9          M        0
================================================================================
AV 51.4 34.1                              11.0 FASTST   M    M   0    MAX(MPH)
                                 MISC ---->  # 31 340               # 40  360
================================================================================
NOTES:
# LAST OF SEVERAL OCCURRENCES

COLUMN 17 PEAK WIND IN M.P.H.

PRELIMINARY LOCAL CLIMATOLOGICAL DATA (WS FORM: F-6) , PAGE 2

                                          STATION:  Newport Airport
                                          MONTH:    FEBRUARY
                                          YEAR:     2018
                                          LATITUDE:   35 35 N
                                          LONGITUDE:  91 16 W

[TEMPERATURE DATA]      [PRECIPITATION DATA]       SYMBOLS USED IN COLUMN 16

AVERAGE MONTHLY: 42.7   TOTAL FOR MONTH:  10.13    1 = FOG OR MIST
DPTR FM NORMAL:   1.9   DPTR FM NORMAL:    7.16    2 = FOG REDUCING VISIBILITY
HIGHEST:    77 ON 20    GRTST 24HR  2.26 ON 21-21      TO 1/4 MILE OR LESS
LOWEST:     20 ON  5                               3 = THUNDER
                        SNOW, ICE PELLETS, HAIL    4 = ICE PELLETS
                        TOTAL MONTH:   0.0 INCH    5 = HAIL
                        GRTST 24HR     0.0         6 = FREEZING RAIN OR DRIZZLE
                        GRTST DEPTH:   0           7 = DUSTSTORM OR SANDSTORM:
                                                       VSBY 1/2 MILE OR LESS
                                                   8 = SMOKE OR HAZE
[NO. OF DAYS WITH]      [WEATHER - DAYS WITH]      9 = BLOWING SNOW
                                                   X = TORNADO
MAX 32 OR BELOW:   0    0.01 INCH OR MORE:  14
MAX 90 OR ABOVE:   0    0.10 INCH OR MORE:   9
MIN 32 OR BELOW:  13    0.50 INCH OR MORE:   6
MIN  0 OR BELOW:   0    1.00 INCH OR MORE:   5

[HDD (BASE 65) ]
TOTAL THIS MO.   510    CLEAR  (SCALE 0-3)  23
DPTR FM NORMAL   -46    PTCLDY (SCALE 4-7)   0
TOTAL FM JUL 1  2775    CLOUDY (SCALE 8-10)  0
DPTR FM NORMAL   -78

[CDD (BASE 65) ]
TOTAL THIS MO.     4
DPTR FM NORMAL     4    [PRESSURE DATA]
TOTAL FM JAN 1     4    HIGHEST SLP M ON M
DPTR FM NORMAL     4    LOWEST  SLP M ON M

[REMARKS]
