000
CXUS54 KLZK 171130
CF6M19
PRELIMINARY LOCAL CLIMATOLOGICAL DATA (WS FORM: F-6)

                                          STATION:   Newport Airport
                                          MONTH:     JULY
                                          YEAR:      2018
                                          LATITUDE:   35 35 N
                                          LONGITUDE:  91 16 W

  TEMPERATURE IN F:       :PCPN:    SNOW:  WIND      :SUNSHINE: SKY     :PK WND
================================================================================
1   2   3   4   5  6A  6B    7    8   9   10  11  12  13   14  15   16   17  18
                                     12Z  AVG MX 2MIN
DY MAX MIN AVG DEP HDD CDD  WTR  SNW DPTH SPD SPD DIR MIN PSBL S-S WX    SPD DR
================================================================================

 1  96  73  85   4   0  20 0.00    M    M  8.7 20 190   M    M   0        41 200
 2  91  76  84   3   0  19 0.00    M    M  5.3  8  40   M    M   0         M  M
 3  91  75  83   2   0  18 0.00    M    M  6.3 10 110   M    M   0 3       M  M
 4  94  75  85   4   0  20 0.00    M    M  5.4 12 120   M    M   1         M  M
 5  94  74  84   3   0  19 0.00    M    M  6.0 10  60   M    M   0 8       M  M
 6  90  73  82   1   0  17 0.00  0.0    0  6.4 13  30   M    M   1 3       M  M
 7  85  69  77  -4   0  12 0.00  0.0    0  9.4 13  30   M    M   3         M  M
 8  89  68  79  -2   0  14 0.00  0.0    0  6.7 10 100   M    M   3         M  M
 9  91  72  82   1   0  17    T  0.0    0  5.1  8 130   M    M   1 1       M  M
10  94  74  84   3   0  19    T  0.0    0  3.0  7 120   M    M   1 12      M  M
11  95  74  85   4   0  20 0.00  0.0    0  3.0  7 120   M    M   0 1       M  M
12  95  75  85   4   0  20 0.00  0.0    0  5.0 10 110   M    M   1 1       M  M
13  98  75  87   6   0  22 0.00  0.0    0  5.4  8 160   M    M   1 1       M  M
14  99  77  88   7   0  23 0.00  0.0    0  7.7 13 160   M    M   0 3      16 280
15   M   M   M   M   M   M 1.34    M    0  6.7 18 160   M    M   2 13     31 160
16  89  74  82   1   0  17 0.01  0.0    0  5.4 10 220   M    M   0 1       M  M
================================================================================
SM 1391 1104         0 277  1.35     0.0  95.5          M       14
================================================================================
AV 92.7 73.6                               6.0 FASTST   M    M   1    MAX(MPH)
                                 MISC ---->  # 20 190               # 41  200
================================================================================
NOTES:
# LAST OF SEVERAL OCCURRENCES

COLUMN 17 PEAK WIND IN M.P.H.

PRELIMINARY LOCAL CLIMATOLOGICAL DATA (WS FORM: F-6) , PAGE 2

                                          STATION:  Newport Airport
                                          MONTH:    JULY
                                          YEAR:     2018
                                          LATITUDE:   35 35 N
                                          LONGITUDE:  91 16 W

[TEMPERATURE DATA]      [PRECIPITATION DATA]       SYMBOLS USED IN COLUMN 16

AVERAGE MONTHLY: 83.2   TOTAL FOR MONTH:   1.35    1 = FOG OR MIST
DPTR FM NORMAL:   2.2   DPTR FM NORMAL:   -0.66    2 = FOG REDUCING VISIBILITY
HIGHEST:    99 ON 14    GRTST 24HR  1.34 ON 15-15      TO 1/4 MILE OR LESS
LOWEST:     68 ON  8                               3 = THUNDER
                        SNOW, ICE PELLETS, HAIL    4 = ICE PELLETS
                        TOTAL MONTH:   0.0 INCH    5 = HAIL
                        GRTST 24HR     0.0         6 = FREEZING RAIN OR DRIZZLE
                        GRTST DEPTH:   0           7 = DUSTSTORM OR SANDSTORM:
                                                       VSBY 1/2 MILE OR LESS
                                                   8 = SMOKE OR HAZE
[NO. OF DAYS WITH]      [WEATHER - DAYS WITH]      9 = BLOWING SNOW
                                                   X = TORNADO
MAX 32 OR BELOW:   0    0.01 INCH OR MORE:   2
MAX 90 OR ABOVE:  12    0.10 INCH OR MORE:   1
MIN 32 OR BELOW:   0    0.50 INCH OR MORE:   1
MIN  0 OR BELOW:   0    1.00 INCH OR MORE:   1

[HDD (BASE 65) ]
TOTAL THIS MO.     0    CLEAR  (SCALE 0-3)  16
DPTR FM NORMAL     0    PTCLDY (SCALE 4-7)   0
TOTAL FM JUL 1     0    CLOUDY (SCALE 8-10)  0
DPTR FM NORMAL     0

[CDD (BASE 65) ]
TOTAL THIS MO.   277
DPTR FM NORMAL    21    [PRESSURE DATA]
TOTAL FM JAN 1  1119    HIGHEST SLP M ON M
DPTR FM NORMAL   254    LOWEST  SLP M ON M

[REMARKS]
