000
CXUS54 KLZK 181130
CF6M19
PRELIMINARY LOCAL CLIMATOLOGICAL DATA (WS FORM: F-6)

                                          STATION:   Newport Airport
                                          MONTH:     JANUARY
                                          YEAR:      2019
                                          LATITUDE:   35 35 N
                                          LONGITUDE:  91 16 W

  TEMPERATURE IN F:       :PCPN:    SNOW:  WIND      :SUNSHINE: SKY     :PK WND
================================================================================
1   2   3   4   5  6A  6B    7    8   9   10  11  12  13   14  15   16   17  18
                                     12Z  AVG MX 2MIN
DY MAX MIN AVG DEP HDD CDD  WTR  SNW DPTH SPD SPD DIR MIN PSBL S-S WX    SPD DR
================================================================================

 1  47  38  43   6  22   0 0.00    M    M  8.4 13 360   M    M   9         M  M
 2   M   M   M   M   M   M 0.16    M    M  4.6  9 350   M    M   8 1       M  M
 3  42  35  39   2  26   0 0.05    M    M  8.4 16  40   M    M   9 1      21  40
 4  43  33  38   1  27   0 0.61    M    M  9.4 14 310   M    M   7 1       M  M
 5  60  31  46   9  19   0 0.00    M    M  8.1 13 190   M    M   0 1       M  M
 6  64  37  51  14  14   0 0.00    M    M  9.7 17 170   M    M   0 8       M  M
 7  61  51  56  19   9   0 0.00    M    M 13.8 25 200   M    M   7 1      35 210
 8  64  40  52  16  13   0 0.00    M    M 11.4 21 310   M    M   2 12     24 310
 9  50  31  41   5  24   0 0.00    M    M 11.4 17 320   M    M   0        23 320
10  41  25  33  -3  32   0 0.00    M    M  6.1  9  40   M    M   2         M  M
11  36  33  35  -1  30   0 0.18    M    M  6.5 12  90   M    M  10         M  M
12  44  36  40   4  25   0 0.62    M    M  7.0 15 300   M    M  10 1      20 300
13  41  36  39   3  26   0 0.00    M    M 12.6 16 320   M    M  10        23 300
14  41  34  38   2  27   0    T    M    M  5.7 10 340   M    M  10 1       M  M
15  44  32  38   2  27   0 0.00    M    M  7.2 12 180   M    M   6         M  M
16  46  30  38   2  27   0 0.00    M    M  8.3 14 170   M    M   8 1       M  M
17  53  45  49  13  16   0 0.11    M    M  8.1 17 210   M    M  10 1       M  M
================================================================================
SM  777  567       364   0  1.73    M    146.7          M      108
================================================================================
AV 48.6 35.4                               8.6 FASTST   M    M   6    MAX(MPH)
                                 MISC ---->  # 25 200               # 35  210
================================================================================
NOTES:
# LAST OF SEVERAL OCCURRENCES

COLUMN 17 PEAK WIND IN M.P.H.

PRELIMINARY LOCAL CLIMATOLOGICAL DATA (WS FORM: F-6) , PAGE 2

                                          STATION:  Newport Airport
                                          MONTH:    JANUARY
                                          YEAR:     2019
                                          LATITUDE:   35 35 N
                                          LONGITUDE:  91 16 W

[TEMPERATURE DATA]      [PRECIPITATION DATA]       SYMBOLS USED IN COLUMN 16

AVERAGE MONTHLY: 42.0   TOTAL FOR MONTH:   1.73    1 = FOG OR MIST
DPTR FM NORMAL:   5.6   DPTR FM NORMAL:   -0.28    2 = FOG REDUCING VISIBILITY
HIGHEST:    64 ON  8, 6 GRTST 24HR  0.62 ON 12-12      TO 1/4 MILE OR LESS
LOWEST:     25 ON 10                               3 = THUNDER
                        SNOW, ICE PELLETS, HAIL    4 = ICE PELLETS
                        TOTAL MONTH:    M          5 = HAIL
                        GRTST 24HR    M  ON   M    6 = FREEZING RAIN OR DRIZZLE
                        GRTST DEPTH:  M  ON   M    7 = DUSTSTORM OR SANDSTORM:
                                                       VSBY 1/2 MILE OR LESS
                                                   8 = SMOKE OR HAZE
[NO. OF DAYS WITH]      [WEATHER - DAYS WITH]      9 = BLOWING SNOW
                                                   X = TORNADO
MAX 32 OR BELOW:   0    0.01 INCH OR MORE:   6
MAX 90 OR ABOVE:   0    0.10 INCH OR MORE:   5
MIN 32 OR BELOW:   5    0.50 INCH OR MORE:   2
MIN  0 OR BELOW:   0    1.00 INCH OR MORE:   0

[HDD (BASE 65) ]
TOTAL THIS MO.   364    CLEAR  (SCALE 0-3)   5
DPTR FM NORMAL  -119    PTCLDY (SCALE 4-7)   4
TOTAL FM JUL 1  1843    CLOUDY (SCALE 8-10)  8
DPTR FM NORMAL   -64

[CDD (BASE 65) ]
TOTAL THIS MO.     0
DPTR FM NORMAL     0    [PRESSURE DATA]
TOTAL FM JAN 1     0    HIGHEST SLP M ON M
DPTR FM NORMAL     0    LOWEST  SLP M ON M

[REMARKS]
