000
CXUS54 KMAF 241100
CF6MAF
PRELIMINARY LOCAL CLIMATOLOGICAL DATA (WS FORM: F-6)

                                          STATION:   Midland International Airport
                                          MONTH:     JUNE
                                          YEAR:      2018
                                          LATITUDE:   31 57 N
                                          LONGITUDE: 102 11 W

  TEMPERATURE IN F:       :PCPN:    SNOW:  WIND      :SUNSHINE: SKY     :PK WND
================================================================================
1   2   3   4   5  6A  6B    7    8   9   10  11  12  13   14  15   16   17  18
                                     12Z  AVG MX 2MIN
DY MAX MIN AVG DEP HDD CDD  WTR  SNW DPTH SPD SPD DIR MIN PSBL S-S WX    SPD DR
================================================================================

 1 109  78  94  16   0  29 0.00  0.0    0 14.1 29 180   M    M   0 8      36 160
 2 102  73  88  10   0  23 0.00  0.0    0 15.2 28  50   M    M   0 8      38  20
 3  94  67  81   3   0  16 0.12  0.0    0 19.9 51 150   M    M   2 138    60 150
 4  89  64  77  -1   0  12 0.25  0.0    0  9.8 45 290   M    M   2 13     56 290
 5 104  72  88   9   0  23 0.00  0.0    0  8.0 15 170   M    M   0 8      20 140
 6 105  75  90  11   0  25 0.00  0.0    0 13.2 29 160   M    M   0        34 170
 7 102  74  88   9   0  23 0.00  0.0    0 14.1 26 170   M    M   0        33 170
 8  97  71  84   5   0  19 0.00  0.0    0 19.1 25 150   M    M   1        34 130
 9  97  75  86   6   0  21 0.00  0.0    0 15.2 24 170   M    M   0        30 150
10  98  75  87   7   0  22    T  0.0    0 15.0 25 170   M    M   1 38     30 170
11 107  73  90  10   0  25 0.00  0.0    0 12.8 22 160   M    M   0        27 160
12 101  78  90  10   0  25 0.00  0.0    0 16.8 25 140   M    M   0        42 130
13  96  76  86   6   0  21 0.00  0.0    0 12.8 23 160   M    M   2        33 170
14  97  75  86   6   0  21 0.00  0.0    0 16.1 24 170   M    M   0        32 190
15  96  74  85   5   0  20 0.00  0.0    0 18.7 26 150   M    M   0        38 170
16  95  69  82   1   0  17 0.56  0.0    0 18.8 30 150   M    M   5 18     39 220
17  81  67  74  -7   0   9 0.96  0.0    0  7.2 17 260   M    M   6 1      19 240
18  93  71  82   1   0  17 0.00  0.0    0 10.1 28 100   M    M   0        32 130
19  94  72  83   2   0  18 0.00  0.0    0 11.2 21 130   M    M   2        28 130
20  93  72  83   2   0  18 0.00  0.0    0 11.1 24  70   M    M   1        29  70
21  97  74  86   5   0  21 0.00  0.0    0  7.3 13  40   M    M   0        18  70
22 100  75  88   7   0  23 0.00  0.0    0 16.3 25 170   M    M   0        33 170
23 106  78  92  10   0  27 0.00  0.0    0 13.1 23 160   M    M   0        28 180
================================================================================
SM 2253 1678         0 475  1.89     0.0 315.9          M       22
================================================================================
AV 98.0 73.0                              13.7 FASTST   M    M   1    MAX(MPH)
                                 MISC ---->  # 51 150               # 60  150
================================================================================
NOTES:
# LAST OF SEVERAL OCCURRENCES

COLUMN 17 PEAK WIND IN M.P.H.

PRELIMINARY LOCAL CLIMATOLOGICAL DATA (WS FORM: F-6) , PAGE 2

                                          STATION:  Midland International Airport
                                          MONTH:    JUNE
                                          YEAR:     2018
                                          LATITUDE:   31 57 N
                                          LONGITUDE: 102 11 W

[TEMPERATURE DATA]      [PRECIPITATION DATA]       SYMBOLS USED IN COLUMN 16

AVERAGE MONTHLY: 85.5   TOTAL FOR MONTH:   1.89    1 = FOG OR MIST
DPTR FM NORMAL:   5.6   DPTR FM NORMAL:    0.49    2 = FOG REDUCING VISIBILITY
HIGHEST:   109 ON  1    GRTST 24HR  0.96 ON 17-17      TO 1/4 MILE OR LESS
LOWEST:     64 ON  4                               3 = THUNDER
                        SNOW, ICE PELLETS, HAIL    4 = ICE PELLETS
                        TOTAL MONTH:   0.0 INCH    5 = HAIL
                        GRTST 24HR     0.0         6 = FREEZING RAIN OR DRIZZLE
                        GRTST DEPTH:   0           7 = DUSTSTORM OR SANDSTORM:
                                                       VSBY 1/2 MILE OR LESS
                                                   8 = SMOKE OR HAZE
[NO. OF DAYS WITH]      [WEATHER - DAYS WITH]      9 = BLOWING SNOW
                                                   X = TORNADO
MAX 32 OR BELOW:   0    0.01 INCH OR MORE:   4
MAX 90 OR ABOVE:  21    0.10 INCH OR MORE:   4
MIN 32 OR BELOW:   0    0.50 INCH OR MORE:   2
MIN  0 OR BELOW:   0    1.00 INCH OR MORE:   0

[HDD (BASE 65) ]
TOTAL THIS MO.     0    CLEAR  (SCALE 0-3)  21
DPTR FM NORMAL     0    PTCLDY (SCALE 4-7)   2
TOTAL FM JUL 1  2155    CLOUDY (SCALE 8-10)  0
DPTR FM NORMAL  -517

[CDD (BASE 65) ]
TOTAL THIS MO.   475
DPTR FM NORMAL   132    [PRESSURE DATA]
TOTAL FM JAN 1  1180    HIGHEST SLP M ON M
DPTR FM NORMAL   448    LOWEST  SLP 29.53 ON 23

[REMARKS]
