000
CXUS54 KMAF 201110
CF6MAF
PRELIMINARY LOCAL CLIMATOLOGICAL DATA (WS FORM: F-6)

                                          STATION:   MIDLAND INTERNATIONAL AIRPORT
                                          MONTH:     OCTOBER
                                          YEAR:      2019
                                          LATITUDE:   31 57 N
                                          LONGITUDE: 102 11 W

  TEMPERATURE IN F:       :PCPN:    SNOW:  WIND      :SUNSHINE: SKY     :PK WND
================================================================================
1   2   3   4   5  6A  6B    7    8   9   10  11  12  13   14  15   16   17  18
                                     12Z  AVG MX 2MIN
DY MAX MIN AVG DEP HDD CDD  WTR  SNW DPTH SPD SPD DIR MIN PSBL S-S WX    SPD DR
================================================================================

 1  92  76  84  14   0  19 0.00  0.0    0 20.9 33 160   M    M   5        40 160
 2  90  74  82  13   0  17 0.00  0.0    0 11.9 22 170   M    M   5        26 160
 3  91  68  80  11   0  15 0.00  0.0    0 13.1 24  60   M    M   3        30  50
 4  89  61  75   6   0  10 0.00  0.0    0 10.3 20 170   M    M   2        27 130
 5  95  68  82  14   0  17 0.00  0.0    0  8.1 17 190   M    M   0 8      21 190
 6  96  63  80  12   0  15 0.00  0.0    0 10.8 35  50   M    M   1 78     43  40
 7  76  57  67  -1   0   2 0.00  0.0    0 12.2 29  50   M    M   4        33  50
 8  88  53  71   3   0   6 0.00  0.0    0 12.3 24 160   M    M   0        27 170
 9  95  70  83  16   0  18    T  0.0    0 13.9 24 180   M    M   2        30 230
10  95  54  75   8   0  10 0.00  0.0    0 14.0 32  30   M    M   0 8      40  30
11  62  40  51 -16  14   0 0.00  0.0    0 15.2 31  30   M    M   0        38  30
12  70  39  55 -11  10   0 0.00  0.0    0  9.4 18 160   M    M   4        24 210
13  90  50  70   4   0   5 0.00  0.0    0  7.9 17 220   M    M   0        21 190
14  80  66  73   7   0   8    T  0.0    0 10.2 17 220   M    M   3        23 240
15  90  63  77  12   0  12 0.00  0.0    M 11.3 25  40   M    M   2        33  40
16  73  47  60  -5   5   0 0.00  0.0    0  8.5 22  40   M    M   0        27  50
17  83  47  65   0   0   0 0.00  0.0    0  8.3 20 180   M    M   0        25 190
18  92  55  74  10   0   9 0.00  0.0    0 13.3 25 290   M    M   1        31 280
19  83  52  68   4   0   3 0.00  0.0    0  7.5 20 360   M    M   0        23  10
================================================================================
SM 1630 1103        29 166     T  0.0    219.1          M       32
================================================================================
AV 85.8 58.1                              11.5 FASTST   M    M   2    MAX(MPH)
                                 MISC ---->    35  50                 43  40
================================================================================
NOTES:
# LAST OF SEVERAL OCCURRENCES

COLUMN 17 PEAK WIND IN M.P.H.

PRELIMINARY LOCAL CLIMATOLOGICAL DATA (WS FORM: F-6) , PAGE 2

                                          STATION:   MIDLAND INTERNATIONAL AIRPORT
                                          MONTH:     OCTOBER
                                          YEAR:      2019
                                          LATITUDE:   31 57 N
                                          LONGITUDE: 102 11 W

[TEMPERATURE DATA]      [PRECIPITATION DATA]       SYMBOLS USED IN COLUMN 16

AVERAGE MONTHLY: 71.9   TOTAL FOR MONTH:      T    1 = FOG OR MIST
DPTR FM NORMAL:   5.0   DPTR FM NORMAL:   -1.22    2 = FOG REDUCING VISIBILITY
HIGHEST:    96 ON  6    GRTST 24HR     T ON 30- 1      TO 1/4 MILE OR LESS
LOWEST:     39 ON 12                               3 = THUNDER
                        SNOW, ICE PELLETS, HAIL    4 = ICE PELLETS
                        TOTAL MONTH:   0.0 INCH    5 = HAIL
                        GRTST 24HR  0.0            6 = FREEZING RAIN OR DRIZZLE
                        GRTST DEPTH:  0            7 = DUSTSTORM OR SANDSTORM:
                                                       VSBY 1/2 MILE OR LESS
                                                   8 = SMOKE OR HAZE
[NO. OF DAYS WITH]      [WEATHER - DAYS WITH]      9 = BLOWING SNOW
                                                   X = TORNADO
MAX 32 OR BELOW:   0    0.01 INCH OR MORE:   0
MAX 90 OR ABOVE:  10    0.10 INCH OR MORE:   0
MIN 32 OR BELOW:   0    0.50 INCH OR MORE:   0
MIN  0 OR BELOW:   0    1.00 INCH OR MORE:   0

[HDD (BASE 65) ]
TOTAL THIS MO.    29    CLEAR  (SCALE 0-3)  15
DPTR FM NORMAL   -11    PTCLDY (SCALE 4-7)   4
TOTAL FM JUL 1    29    CLOUDY (SCALE 8-10)  0
DPTR FM NORMAL   -22

[CDD (BASE 65) ]
TOTAL THIS MO.   166
DPTR FM NORMAL    89    [PRESSURE DATA]
TOTAL FM JAN 1  2848    HIGHEST SLP M ON M
DPTR FM NORMAL   592    LOWEST  SLP 29.54 ON 18

[REMARKS]
