000
CXUS52 KTAE 180800
CF6MAI
PRELIMINARY LOCAL CLIMATOLOGICAL DATA (WS FORM: F-6)

                                          STATION:   MARIANNA
                                          MONTH:     DECEMBER
                                          YEAR:      2018
                                          LATITUDE:   30 50 N
                                          LONGITUDE:  85 11 W

  TEMPERATURE IN F:       :PCPN:    SNOW:  WIND      :SUNSHINE: SKY     :PK WND
================================================================================
1   2   3   4   5  6A  6B    7    8   9   10  11  12  13   14  15   16   17  18
                                     12Z  AVG MX 2MIN
DY MAX MIN AVG DEP HDD CDD  WTR  SNW DPTH SPD SPD DIR MIN PSBL S-S WX    SPD DR
================================================================================

 1  76  60  68  12   0   3 3.78  0.0    0 10.6 22 210   M    M   9 13     33 170
 2  76  63  70  14   0   5 1.57  0.0    0   M   M   M   M    M   M         M  M
 3  69  52  61   6   4   0 0.16  0.0    0  4.6 16 270   M    M   5 1      20 270
 4  60  45  53  -2  12   0 0.00  0.0    0  8.1 15 330   M    M   0        18 350
 5  54  37  46  -9  19   0 0.00  0.0    M  8.4 18 300   M    M   0        23 310
 6  53  31  42 -13  23   0 0.00  0.0    0  2.9 10  70   M    M   0        12  70
 7  61  36  49  -5  16   0 0.00  0.0    0  3.3 12  60   M    M   1        16  60
 8  60  44  52  -2  13   0 0.60  0.0    0  9.9 15  80   M    M   7 1      23 130
 9  62  45  54   0  11   0 0.62  0.0    0  9.6 18 150   M    M  10 1      28 130
10  45  42  44 -10  21   0 0.01  0.0    0  9.3 15 290   M    M  10 1      18 300
11  55  35  45  -8  20   0 0.00  0.0    0  5.6 14 320   M    M   5 1      24  80
12  59  29  44  -9  21   0 0.00  0.0    0  1.8  8 180   M    M   1 12     11 180
13  62  40  51  -2  14   0 0.21    M    M  5.8 12 100   M    M   5 1      16 120
14  67  58  63  10   2   0 1.32  0.0    0  8.4 20 100   M    M  10 1      30 130
15  64  47  56   4   9   0 0.12    M    0  5.8 20 260   M    M   4 1      27 250
16  60  46  53   1  12   0 0.00  0.0    0  7.1 16 320   M    M   5        21 320
17  67  45  56   4   9   0 0.00  0.0    0  5.0 12 340   M    M   0        15 310
================================================================================
SM 1050  755       206   8  8.39     0.0 106.2          M       72
================================================================================
AV 61.8 44.4                               6.6 FASTST   M    M   5    MAX(MPH)
                                 MISC ---->  # 22 210               # 33  170
================================================================================
NOTES:
# LAST OF SEVERAL OCCURRENCES

COLUMN 17 PEAK WIND IN M.P.H.

PRELIMINARY LOCAL CLIMATOLOGICAL DATA (WS FORM: F-6) , PAGE 2

                                          STATION:  MARIANNA
                                          MONTH:    DECEMBER
                                          YEAR:     2018
                                          LATITUDE:   30 50 N
                                          LONGITUDE:  85 11 W

[TEMPERATURE DATA]      [PRECIPITATION DATA]       SYMBOLS USED IN COLUMN 16

AVERAGE MONTHLY: 53.1   TOTAL FOR MONTH:   8.39    1 = FOG OR MIST
DPTR FM NORMAL:  -0.8   DPTR FM NORMAL:    6.09    2 = FOG REDUCING VISIBILITY
HIGHEST:    76 ON  2, 1 GRTST 24HR  3.78 ON  1- 1      TO 1/4 MILE OR LESS
LOWEST:     29 ON 12                               3 = THUNDER
                        SNOW, ICE PELLETS, HAIL    4 = ICE PELLETS
                        TOTAL MONTH:   0.0 INCH    5 = HAIL
                        GRTST 24HR     0.0         6 = FREEZING RAIN OR DRIZZLE
                        GRTST DEPTH:   0           7 = DUSTSTORM OR SANDSTORM:
                                                       VSBY 1/2 MILE OR LESS
                                                   8 = SMOKE OR HAZE
[NO. OF DAYS WITH]      [WEATHER - DAYS WITH]      9 = BLOWING SNOW
                                                   X = TORNADO
MAX 32 OR BELOW:   0    0.01 INCH OR MORE:   9
MAX 90 OR ABOVE:   0    0.10 INCH OR MORE:   8
MIN 32 OR BELOW:   2    0.50 INCH OR MORE:   5
MIN  0 OR BELOW:   0    1.00 INCH OR MORE:   3

[HDD (BASE 65) ]
TOTAL THIS MO.   206    CLEAR  (SCALE 0-3)   6
DPTR FM NORMAL     9    PTCLDY (SCALE 4-7)   6
TOTAL FM JUL 1   430    CLOUDY (SCALE 8-10)  4
DPTR FM NORMAL    -5

[CDD (BASE 65) ]
TOTAL THIS MO.     8
DPTR FM NORMAL    -4    [PRESSURE DATA]
TOTAL FM JAN 1  2965    HIGHEST SLP M ON M
DPTR FM NORMAL   404    LOWEST  SLP 29.75 ON  1

[REMARKS]
