000
CXUS55 KABR 231148
CF6MBG
PRELIMINARY LOCAL CLIMATOLOGICAL DATA (WS FORM: F-6)

                                          STATION:   MOBRIDGE SD
                                          MONTH:     OCTOBER
                                          YEAR:      2019
                                          LATITUDE:   45 32 N
                                          LONGITUDE: 100 25 W

  TEMPERATURE IN F:       :PCPN:    SNOW:  WIND      :SUNSHINE: SKY     :PK WND
================================================================================
1   2   3   4   5  6A  6B    7    8   9   10  11  12  13   14  15   16   17  18
                                     12Z  AVG MX 2MIN
DY MAX MIN AVG DEP HDD CDD  WTR  SNW DPTH SPD SPD DIR MIN PSBL S-S WX    SPD DR
================================================================================

 1  50  44  47  -7  18   0    T  0.0    0 11.4 18 360   M    M  10        26 360
 2  45  39  42 -11  23   0 0.19  0.0    0  7.8 15  90   M    M  10 1      20  70
 3  45  35  40 -13  25   0 0.00  0.0    0  5.7 13 100   M    M   8 1      18 100
 4  57  38  48  -4  17   0 0.01  0.0    0 20.3 31 150   M    M   8 18     44 150
 5  62  47  55   3  10   0 0.34  0.0    0 15.0 36 310   M    M   6 13     50 320
 6  67  38  53   2  12   0 0.00  0.0    0 13.5 26 290   M    M   2        45 280
 7  69  33  51   0  14   0 0.00  0.0    0  7.9 17 170   M    M   0        23 190
 8  74  40  57   7   8   0 0.00  0.0    0  8.9 14 170   M    M   0        18 160
 9  55  37  46  -4  19   0    T  0.0    0 16.4 26 360   M    M   8 18     37 360
10  37  30  34 -16  31   0 0.70  3.6    2 23.1 35 320   M    M  10 12     47 330
11  37  29  33 -16  32   0 0.09  2.0    4 28.4 41 300   M    M   6 128    57 290
12  36  33  35 -14  30   0    T    T    3 24.1 38 310   M    M   8        51 300
13  46  30  38 -10  27   0 0.00  0.0    1 11.3 17 330   M    M   7        24 330
14  56  29  43  -5  22   0 0.00  0.0    T  7.6 16 120   M    M   0        22 300
15  49  29  39  -9  26   0    T  0.0    0 15.0 30 330   M    M   7        42 320
16  55  27  41  -6  24   0    T  0.0    0  8.4 18 170   M    M   1 1      24 170
17  71  35  53   6  12   0 0.00  0.0    0 12.0 22 140   M    M   0        32 150
18  67  38  53   7  12   0 0.00  0.0    0 10.8 30 330   M    M   1        41 320
19  63  32  48   2  17   0 0.00  0.0    0  7.3 23 270   M    M   0        30 260
20  52  34  43  -3  22   0 1.08  0.0    0 14.6 29 360   M    M   7 1      44  10
21  50  36  43  -2  22   0 0.93  0.0    0 20.4 31 350   M    M   7 1      46 330
22  55  33  44  -1  21   0 0.00  0.0    0 10.5 18 310   M    M   2        24 300
================================================================================
SM 1198  766       444   0  3.34     5.6 300.4          M      108
================================================================================
AV 54.5 34.8                              13.7 FASTST   M    M   5    MAX(MPH)
                                 MISC ---->  # 41 300               # 57  290
================================================================================
NOTES:
# LAST OF SEVERAL OCCURRENCES

COLUMN 17 PEAK WIND IN M.P.H.

PRELIMINARY LOCAL CLIMATOLOGICAL DATA (WS FORM: F-6) , PAGE 2

                                          STATION:  MOBRIDGE SD
                                          MONTH:    OCTOBER
                                          YEAR:     2019
                                          LATITUDE:   45 32 N
                                          LONGITUDE: 100 25 W

[TEMPERATURE DATA]      [PRECIPITATION DATA]       SYMBOLS USED IN COLUMN 16

AVERAGE MONTHLY: 44.6   TOTAL FOR MONTH:   3.34    1 = FOG OR MIST
DPTR FM NORMAL:  -4.5   DPTR FM NORMAL:    2.19    2 = FOG REDUCING VISIBILITY
HIGHEST:    74 ON  8    GRTST 24HR  1.08 ON 20-20      TO 1/4 MILE OR LESS
LOWEST:     27 ON 16                               3 = THUNDER
                        SNOW, ICE PELLETS, HAIL    4 = ICE PELLETS
                        TOTAL MONTH:   5.6 INCHES  5 = HAIL
                        GRTST 24HR   3.6 ON 10-10  6 = FREEZING RAIN OR DRIZZLE
                        GRTST DEPTH:   4 ON 11     7 = DUSTSTORM OR SANDSTORM:
                                                       VSBY 1/2 MILE OR LESS
                                                   8 = SMOKE OR HAZE
[NO. OF DAYS WITH]      [WEATHER - DAYS WITH]      9 = BLOWING SNOW
                                                   X = TORNADO
MAX 32 OR BELOW:   0    0.01 INCH OR MORE:   7
MAX 90 OR ABOVE:   0    0.10 INCH OR MORE:   5
MIN 32 OR BELOW:   7    0.50 INCH OR MORE:   3
MIN  0 OR BELOW:   0    1.00 INCH OR MORE:   1

[HDD (BASE 65) ]
TOTAL THIS MO.   444    CLEAR  (SCALE 0-3)   9
DPTR FM NORMAL    92    PTCLDY (SCALE 4-7)  10
TOTAL FM JUL 1   571    CLOUDY (SCALE 8-10)  3
DPTR FM NORMAL    -1

[CDD (BASE 65) ]
TOTAL THIS MO.     0
DPTR FM NORMAL     0    [PRESSURE DATA]
TOTAL FM JAN 1   648    HIGHEST SLP M ON M
DPTR FM NORMAL     7    LOWEST  SLP 29.38 ON 18

[REMARKS]
