000
CXUS55 KABR 291700
CF6MBG
PRELIMINARY LOCAL CLIMATOLOGICAL DATA (WS FORM: F-6)

                                          STATION:   MOBRIDGE SD
                                          MONTH:     MAY
                                          YEAR:      2020
                                          LATITUDE:   45 32 N
                                          LONGITUDE: 100 25 W

  TEMPERATURE IN F:       :PCPN:    SNOW:  WIND      :SUNSHINE: SKY     :PK WND
================================================================================
1   2   3   4   5  6A  6B    7    8   9   10  11  12  13   14  15   16   17  18
                                     12Z  AVG MX 2MIN
DY MAX MIN AVG DEP HDD CDD  WTR  SNW DPTH SPD SPD DIR MIN PSBL S-S WX    SPD DR
================================================================================

 1  76  45  61  10   4   0 0.00  0.0    0 13.8 31 310   M    M   2        40 320
 2  75  44  60   8   5   0 0.00  0.0    0  8.1 20 300   M    M   1        26 300
 3  67  42  55   3  10   0 0.00  0.0    0 16.1 30  90   M    M   2        41  90
 4  50  42  46  -6  19   0 0.78  0.0    0  7.9 18 110   M    M   7 1      23 120
 5  58  36  47  -6  18   0 0.00  0.0    0 11.1 21 340   M    M   6 1      31 350
 6  66  33  50  -3  15   0 0.00  0.0    0  4.5 14 140   M    M   0        16 150
 7  58  32  45  -8  20   0 0.00  0.0    0 11.7 22  60   M    M   2        29  70
 8  61  27  44 -10  21   0 0.00  0.0    0  7.0 17 150   M    M   0        22 140
 9  52  29  41 -13  24   0    T    T    0 17.5 39 330   M    M   9        54 320
10  51  28  40 -14  25   0 0.00  0.0    0 11.1 22 350   M    M   4        31 340
11  54  25  40 -15  25   0 0.00  0.0    0  4.5 12 100   M    M   4        15  90
12  50  37  44 -11  21   0 0.02  0.0    0 16.6 26 160   M    M   9        36 140
13  59  42  51  -4  14   0 0.06  0.0    0 11.4 20 160   M    M   8        31 130
14  72  39  56   0   9   0 0.00  0.0    0 10.7 28 310   M    M   1 12     34 310
15  70  36  53  -3  12   0    T  0.0    0  6.5 17  70   M    M   5        22  70
16  57  47  52  -4  13   0 0.22  0.0    0  3.6 12  70   M    M  10 1      14  60
17  71  38  55  -1  10   0 0.00  0.0    0  7.0 16 110   M    M   2 18     21 140
18  71  46  59   2   6   0 0.00  0.0    0 14.9 24 140   M    M   0        32 140
19  77  54  66   9   0   1 0.00  0.0    0 19.6 31 150   M    M   0        38 150
20  75  54  65   8   0   0 0.00  0.0    0 22.6 31 150   M    M   2 18     41 150
21  73  58  66   8   0   1 0.00  0.0    0 15.8 29 140   M    M   4        39 140
22  83  57  70  12   0   5 0.00  0.0    0 11.7 17 160   M    M   3        24 150
23  83  53  68  10   0   3 0.03  0.0    0 11.0 23 310   M    M   2 13     31 320
24  71  54  63   4   2   0 0.95  0.0    0 13.4 24  40   M    M   9 138    34  30
25  63  53  58  -1   7   0 0.01  0.0    0  7.0 15 320   M    M  10        20 330
26  78  47  63   4   2   0 0.00  0.0    0  4.4 12 150   M    M   4 12     14 150
27  83  48  66   6   0   1 0.01  0.0    0  4.5 17 360   M    M   4        23 350
28  75  49  62   2   3   0 0.00  0.0    0 11.9 24 310   M    M   0        35 330
================================================================================
SM 1879 1195       285  11  2.08    T    305.9          M      110
================================================================================
AV 67.1 42.7                              10.9 FASTST   M    M   4    MAX(MPH)
                                 MISC ---->  # 39 330               # 54  320
================================================================================
NOTES:
# LAST OF SEVERAL OCCURRENCES

COLUMN 17 PEAK WIND IN M.P.H.

PRELIMINARY LOCAL CLIMATOLOGICAL DATA (WS FORM: F-6) , PAGE 2

                                          STATION:  MOBRIDGE SD
                                          MONTH:    MAY
                                          YEAR:     2020
                                          LATITUDE:   45 32 N
                                          LONGITUDE: 100 25 W

[TEMPERATURE DATA]      [PRECIPITATION DATA]       SYMBOLS USED IN COLUMN 16

AVERAGE MONTHLY: 54.9   TOTAL FOR MONTH:   2.08    1 = FOG OR MIST
DPTR FM NORMAL:  -0.8   DPTR FM NORMAL:   -0.44    2 = FOG REDUCING VISIBILITY
HIGHEST:    83 ON 27,23 GRTST 24HR  0.95 ON 24-24      TO 1/4 MILE OR LESS
LOWEST:     25 ON 11                               3 = THUNDER
                        SNOW, ICE PELLETS, HAIL    4 = ICE PELLETS
                        TOTAL MONTH:    T          5 = HAIL
                        GRTST 24HR    T  ON  9- 9  6 = FREEZING RAIN OR DRIZZLE
                        GRTST DEPTH:   0           7 = DUSTSTORM OR SANDSTORM:
                                                       VSBY 1/2 MILE OR LESS
                                                   8 = SMOKE OR HAZE
[NO. OF DAYS WITH]      [WEATHER - DAYS WITH]      9 = BLOWING SNOW
                                                   X = TORNADO
MAX 32 OR BELOW:   0    0.01 INCH OR MORE:   8
MAX 90 OR ABOVE:   0    0.10 INCH OR MORE:   3
MIN 32 OR BELOW:   5    0.50 INCH OR MORE:   2
MIN  0 OR BELOW:   0    1.00 INCH OR MORE:   0

[HDD (BASE 65) ]
TOTAL THIS MO.   285    CLEAR  (SCALE 0-3)  14
DPTR FM NORMAL    13    PTCLDY (SCALE 4-7)   9
TOTAL FM JUL 1  7719    CLOUDY (SCALE 8-10)  5
DPTR FM NORMAL  -148

[CDD (BASE 65) ]
TOTAL THIS MO.    11
DPTR FM NORMAL     1    [PRESSURE DATA]
TOTAL FM JAN 1    11    HIGHEST SLP M ON M
DPTR FM NORMAL     0    LOWEST  SLP 29.56 ON  1

[REMARKS]
