000
CXUS53 KDTX 230800
CF6MBS
PRELIMINARY LOCAL CLIMATOLOGICAL DATA (WS FORM: F-6)

                                          STATION:   TRI CITIES MI
                                          MONTH:     FEBRUARY
                                          YEAR:      2018
                                          LATITUDE:   43 31 N
                                          LONGITUDE:  84  5 W

  TEMPERATURE IN F:       :PCPN:    SNOW:  WIND      :SUNSHINE: SKY     :PK WND
================================================================================
1   2   3   4   5  6A  6B    7    8   9   10  11  12  13   14  15   16   17  18
                                     12Z  AVG MX 2MIN
DY MAX MIN AVG DEP HDD CDD  WTR  SNW DPTH SPD SPD DIR MIN PSBL S-S WX    SPD DR
================================================================================

 1  34   9  22   0  43   0    T    T    0 15.0 28 290   M    M   6 1      34 290
 2  19   9  14  -8  51   0    T    T    0 12.7 22 270   M    M   7 8      27 270
 3  30  14  22   0  43   0 0.07  1.2    0 10.1 17 180   M    M  10 18     22 180
 4  30   4  17  -5  48   0 0.30  3.6    3 13.4 23 350   M    M   9 12     28 360
 5  18  -1   9 -14  56   0 0.06  0.8    7 11.3 24 230   M    M   5 18     31 250
 6  20   6  13 -10  52   0    T    T    7  7.3 16 220   M    M   4 1      19 220
 7  22  10  16  -7  49   0 0.02  0.4    7  5.8 16 270   M    M   9 18     20 290
 8  21   7  14  -9  51   0    T    T    7  9.7 24 260   M    M   6 18     31 250
 9  20  12  16  -7  49   0 0.12  3.6    7  7.2 13  40   M    M  10 128    13  40
10  20  10  15  -8  50   0 0.01  0.4    9  4.4  8  10   M    M   7 128    10 350
11  27  10  19  -5  46   0 0.17  3.5   10 10.0 18 260   M    M   7 12     23 260
12  22   2  12 -12  53   0 0.00  0.0   10  6.9 13 250   M    M   0 18     15 230
13  27   1  14 -10  51   0 0.00  0.0    9  6.6 17 180   M    M   4        21 190
14  43  24  34  10  31   0 0.00  0.0    7 13.3 21 220   M    M   1 18     24 230
15  43  34  39  15  26   0 0.00  0.0    5 11.9 21 230   M    M   8 128    24 230
16  35  23  29   5  36   0 0.00  0.0    2 10.5 21 320   M    M   5        24 350
17  32  20  26   1  39   0    T    T    2 10.5 20 230   M    M   4 18     25 210
18  38  29  34   9  31   0 0.00  0.0    2 11.6 21 170   M    M   5 8      26 280
19  42  32  37  12  28   0 0.40  0.0    1  7.4 18 180   M    M   8 128    23 180
20  60  35  48  22  17   0 1.09  0.0    0 10.0 26 260   M    M   8 12     36 270
21  45  30  38  12  27   0 0.30  0.0    0  8.0 17 290   M    M   6 1      21 330
22  35  29  32   6  33   0 0.00  0.0    0 12.0 20  40   M    M   6        23  40
================================================================================
SM  683  349       910   0  2.54    13.5 215.6          M      135
================================================================================
AV 31.1 15.9                               9.8 FASTST   M    M   6    MAX(MPH)
                                 MISC ---->  # 28 290               # 36  270
================================================================================
NOTES:
# LAST OF SEVERAL OCCURRENCES

COLUMN 17 PEAK WIND IN M.P.H.

PRELIMINARY LOCAL CLIMATOLOGICAL DATA (WS FORM: F-6) , PAGE 2

                                          STATION:  TRI CITIES MI
                                          MONTH:    FEBRUARY
                                          YEAR:     2018
                                          LATITUDE:   43 31 N
                                          LONGITUDE:  84  5 W

[TEMPERATURE DATA]      [PRECIPITATION DATA]       SYMBOLS USED IN COLUMN 16

AVERAGE MONTHLY: 23.5   TOTAL FOR MONTH:   2.54    1 = FOG OR MIST
DPTR FM NORMAL:  -0.3   DPTR FM NORMAL:    1.36    2 = FOG REDUCING VISIBILITY
HIGHEST:    60 ON 20    GRTST 24HR  1.09 ON 20-20      TO 1/4 MILE OR LESS
LOWEST:     -1 ON  5                               3 = THUNDER
                        SNOW, ICE PELLETS, HAIL    4 = ICE PELLETS
                        TOTAL MONTH:  13.5 INCHES  5 = HAIL
                        GRTST 24HR   3.6 ON  9- 9  6 = FREEZING RAIN OR DRIZZLE
                        GRTST DEPTH:  10 ON 12,11  7 = DUSTSTORM OR SANDSTORM:
                                                       VSBY 1/2 MILE OR LESS
                                                   8 = SMOKE OR HAZE
[NO. OF DAYS WITH]      [WEATHER - DAYS WITH]      9 = BLOWING SNOW
                                                   X = TORNADO
MAX 32 OR BELOW:  13    0.01 INCH OR MORE:  10
MAX 90 OR ABOVE:   0    0.10 INCH OR MORE:   6
MIN 32 OR BELOW:  20    0.50 INCH OR MORE:   1
MIN  0 OR BELOW:   1    1.00 INCH OR MORE:   1

[HDD (BASE 65) ]
TOTAL THIS MO.   910    CLEAR  (SCALE 0-3)   2
DPTR FM NORMAL     4    PTCLDY (SCALE 4-7)  15
TOTAL FM JUL 1  4715    CLOUDY (SCALE 8-10)  5
DPTR FM NORMAL  -156

[CDD (BASE 65) ]
TOTAL THIS MO.     0
DPTR FM NORMAL     0    [PRESSURE DATA]
TOTAL FM JAN 1     0    HIGHEST SLP M ON M
DPTR FM NORMAL     0    LOWEST  SLP 29.63 ON 15

[REMARKS]
