000
CXUS53 KDTX 180800
CF6MBS
PRELIMINARY LOCAL CLIMATOLOGICAL DATA (WS FORM: F-6)

                                          STATION:   TRI CITIES MI
                                          MONTH:     OCTOBER
                                          YEAR:      2018
                                          LATITUDE:   43 31 N
                                          LONGITUDE:  84  5 W

  TEMPERATURE IN F:       :PCPN:    SNOW:  WIND      :SUNSHINE: SKY     :PK WND
================================================================================
1   2   3   4   5  6A  6B    7    8   9   10  11  12  13   14  15   16   17  18
                                     12Z  AVG MX 2MIN
DY MAX MIN AVG DEP HDD CDD  WTR  SNW DPTH SPD SPD DIR MIN PSBL S-S WX    SPD DR
================================================================================

 1  53  46  50  -5  15   0 0.94  0.0    0  9.0 18  70   M    M  10 1      23  70
 2  58  53  56   1   9   0 0.09  0.0    0  6.8 14 360   M    M  10 1      16 350
 3  81  53  67  13   0   2    T  0.0    0 11.9 26 200   M    M   6 1      40 210
 4  79  41  60   6   5   0 0.04  0.0    0 14.1 29 220   M    M   3 1      39 220
 5  56  39  48  -6  17   0 0.04  0.0    0  6.6 14 130   M    M   7 1      16 110
 6  73  55  64  11   1   0 0.18  0.0    0  8.8 17 330   M    M   9 1      23 210
 7  57  50  54   1  11   0 0.03  0.0    0  9.0 15  60   M    M  10 1      20  50
 8  83  53  68  16   0   3 0.02  0.0    0  5.7 15 220   M    M   6 123    19 220
 9  85  66  76  24   0  11 0.02  0.0    0  8.5 26 190   M    M   3 3      37 180
10  75  66  71  19   0   6 0.78  0.0    0  9.3 21 230   M    M   6 1      26 230
11  69  44  57   6   8   0 0.00  0.0    0 18.0 31 250   M    M   9        38 270
12  47  40  44  -7  21   0    T  0.0    0  9.6 21 280   M    M   9        24 270
13  52  36  44  -7  21   0 0.00  0.0    0  8.7 21 220   M    M   4        24 220
14  61  40  51   1  14   0 0.00  0.0    0  8.1 15 190   M    M   3        19 200
15  50  39  45  -5  20   0 0.09  0.0    0 14.0 32 260   M    M   8 1      39 270
16  55  33  44  -6  21   0 0.00  0.0    0 14.9 29 230   M    M   2        41 230
17  48  33  41  -8  24   0 0.00  0.0    0 12.2 25 320   M    M   8        32 310
================================================================================
SM 1082  787       187  22  2.23     0.0 175.2          M      113
================================================================================
AV 63.7 46.3                              10.3 FASTST   M    M   7    MAX(MPH)
                                 MISC ---->  # 32 260               # 41  230
================================================================================
NOTES:
# LAST OF SEVERAL OCCURRENCES

COLUMN 17 PEAK WIND IN M.P.H.

PRELIMINARY LOCAL CLIMATOLOGICAL DATA (WS FORM: F-6) , PAGE 2

                                          STATION:  TRI CITIES MI
                                          MONTH:    OCTOBER
                                          YEAR:     2018
                                          LATITUDE:   43 31 N
                                          LONGITUDE:  84  5 W

[TEMPERATURE DATA]      [PRECIPITATION DATA]       SYMBOLS USED IN COLUMN 16

AVERAGE MONTHLY: 55.0   TOTAL FOR MONTH:   2.23    1 = FOG OR MIST
DPTR FM NORMAL:   2.9   DPTR FM NORMAL:    0.74    2 = FOG REDUCING VISIBILITY
HIGHEST:    85 ON  9    GRTST 24HR  0.94 ON  1- 1      TO 1/4 MILE OR LESS
LOWEST:     33 ON 17,16                            3 = THUNDER
                        SNOW, ICE PELLETS, HAIL    4 = ICE PELLETS
                        TOTAL MONTH:   0.0 INCH    5 = HAIL
                        GRTST 24HR     0.0         6 = FREEZING RAIN OR DRIZZLE
                        GRTST DEPTH:   0           7 = DUSTSTORM OR SANDSTORM:
                                                       VSBY 1/2 MILE OR LESS
                                                   8 = SMOKE OR HAZE
[NO. OF DAYS WITH]      [WEATHER - DAYS WITH]      9 = BLOWING SNOW
                                                   X = TORNADO
MAX 32 OR BELOW:   0    0.01 INCH OR MORE:  10
MAX 90 OR ABOVE:   0    0.10 INCH OR MORE:   3
MIN 32 OR BELOW:   0    0.50 INCH OR MORE:   2
MIN  0 OR BELOW:   0    1.00 INCH OR MORE:   0

[HDD (BASE 65) ]
TOTAL THIS MO.   187    CLEAR  (SCALE 0-3)   3
DPTR FM NORMAL   -37    PTCLDY (SCALE 4-7)   8
TOTAL FM JUL 1   298    CLOUDY (SCALE 8-10)  6
DPTR FM NORMAL  -125

[CDD (BASE 65) ]
TOTAL THIS MO.    22
DPTR FM NORMAL    20    [PRESSURE DATA]
TOTAL FM JAN 1   883    HIGHEST SLP M ON M
DPTR FM NORMAL   329    LOWEST  SLP 29.59 ON 10

[REMARKS]
