000
CXUS53 KDTX 280735
CF6MBS
PRELIMINARY LOCAL CLIMATOLOGICAL DATA (WS FORM: F-6)

                                          STATION:   TRI CITIES MI
                                          MONTH:     FEBRUARY
                                          YEAR:      2020
                                          LATITUDE:   43 31 N
                                          LONGITUDE:  84  5 W

  TEMPERATURE IN F:       :PCPN:    SNOW:  WIND      :SUNSHINE: SKY     :PK WND
================================================================================
1   2   3   4   5  6A  6B    7    8   9   10  11  12  13   14  15   16   17  18
                                     12Z  AVG MX 2MIN
DY MAX MIN AVG DEP HDD CDD  WTR  SNW DPTH SPD SPD DIR MIN PSBL S-S WX    SPD DR
================================================================================

 1  35  31  33  11  32   0 0.02    T    1  8.7 17 200   M    M  10 18     23 170
 2  45  31  38  16  27   0    T  0.3    1 10.5 18 270   M    M   9 8      27 280
 3  41  28  35  13  30   0 0.00  0.0    0  6.6 13  50   M    M   1        16  50
 4  37  23  30   8  35   0 0.00  0.0    0 12.0 20 320   M    M   8        25 330
 5  28  18  23   0  42   0 0.00  0.0    0  6.7 15 360   M    M   4        19  20
 6  28  25  27   4  38   0 0.05  1.5    0 11.0 16 350   M    M  10 1      21 360
 7  34  20  27   4  38   0    T    T    2 11.5 18 330   M    M   8 18     25 330
 8  24  14  19  -4  46   0    T    T    2  6.5 13  20   M    M   8        15  20
 9  33  23  28   5  37   0 0.10  3.3    1 10.2 21 190   M    M   8 128    29 190
10  33  24  29   6  36   0 0.00  0.0    4  5.5 15 350   M    M  10 18     19 340
11  33  22  28   4  37   0    T    T    4 12.2 24 270   M    M   8 8      30 260
12  33  22  28   4  37   0    T  0.1    3 10.3 18 230   M    M   5 18     24 220
13  29   3  16  -8  49   0 0.07  2.2    5 10.2 22  40   M    M   8 18     29  40
14  18  -3   8 -16  57   0    T    T    5  9.4 17 220   M    M   5        21 220
15  31   6  19  -5  46   0    T  0.2    5 15.8 29 220   M    M   7 8      37 220
16  36  20  28   4  37   0 0.00  0.0    3 10.9 21 240   M    M   3        26 240
17  31  13  22  -3  43   0 0.08  2.0    2  8.7 17 110   M    M   5 18     22 100
18  37  25  31   6  34   0 0.05  0.1    5 16.2 29 270   M    M   8 168    41 270
19  27  15  21  -4  44   0    T    T    2 12.8 23 310   M    M   3        33 290
20  25   9  17  -9  48   0 0.00  0.0    2  8.9 13 260   M    M   3         M   M
21  34  12  23  -3  42   0 0.00  0.0    2 16.8 29 220   M    M   0        37 220
22  41  25  33   7  32   0 0.00  0.0    1 14.4 23 230   M    M   0        32 230
23  47  32  40  14  25   0 0.00  0.0    T 12.4 22 220   M    M   0        29 230
24  42  29  36   9  29   0 0.00  0.0    0  6.9 12 220   M    M   2        16 230
25  35  31  33   6  32   0    T    T    0 14.3 28  40   M    M  10        35  30
26  32  21  27   0  38   0 0.06  1.0    1 15.3 26  40   M    M  10        34  30
27  25  19  22  -6  43   0    T    T    2 19.2 31 280   M    M   7 8      42 270
================================================================================
SM  894  538      1034   0  0.43 10.7    303.9          M      160
================================================================================
AV 33.1 19.9                              11.3 FASTST   M    M   6    MAX(MPH)
                                 MISC ---->    31 280                 42 270
================================================================================
NOTES:
# LAST OF SEVERAL OCCURRENCES

COLUMN 17 PEAK WIND IN M.P.H.

PRELIMINARY LOCAL CLIMATOLOGICAL DATA (WS FORM: F-6) , PAGE 2

                                          STATION:   TRI CITIES MI
                                          MONTH:     FEBRUARY
                                          YEAR:      2020
                                          LATITUDE:   43 31 N
                                          LONGITUDE:  84  5 W

[TEMPERATURE DATA]      [PRECIPITATION DATA]       SYMBOLS USED IN COLUMN 16

AVERAGE MONTHLY: 26.5   TOTAL FOR MONTH:   0.43    1 = FOG OR MIST
DPTR FM NORMAL:   2.1   DPTR FM NORMAL:   -1.11    2 = FOG REDUCING VISIBILITY
HIGHEST:    47 ON 23    GRTST 24HR  0.13 ON 17-18      TO 1/4 MILE OR LESS
LOWEST:     -3 ON 14                               3 = THUNDER
                        SNOW, ICE PELLETS, HAIL    4 = ICE PELLETS
                        TOTAL MONTH:  10.7 INCHES  5 = HAIL
                        GRTST 24HR   3.3 ON  9- 9  6 = FREEZING RAIN OR DRIZZLE
                        GRTST DEPTH:   5 ON 18,15  7 = DUSTSTORM OR SANDSTORM:
                                                       VSBY 1/2 MILE OR LESS
                                                   8 = SMOKE OR HAZE
[NO. OF DAYS WITH]      [WEATHER - DAYS WITH]      9 = BLOWING SNOW
                                                   X = TORNADO
MAX 32 OR BELOW:  11    0.01 INCH OR MORE:   7
MAX 90 OR ABOVE:   0    0.10 INCH OR MORE:   1
MIN 32 OR BELOW:  27    0.50 INCH OR MORE:   0
MIN  0 OR BELOW:   1    1.00 INCH OR MORE:   0

[HDD (BASE 65) ]
TOTAL THIS MO.  1034    CLEAR  (SCALE 0-3)   8
DPTR FM NORMAL   -62    PTCLDY (SCALE 4-7)  11
TOTAL FM JUL 1  4553    CLOUDY (SCALE 8-10)  8
DPTR FM NORMAL  -508

[CDD (BASE 65) ]
TOTAL THIS MO.     0
DPTR FM NORMAL     0    [PRESSURE DATA]
TOTAL FM JAN 1     0    HIGHEST SLP M ON M
DPTR FM NORMAL     0    LOWEST  SLP 29.33 ON  2

[REMARKS]
