302
CXUS55 KLIX 221000
CF6MCB
PRELIMINARY LOCAL CLIMATOLOGICAL DATA (WS FORM: F-6)

                                          STATION:   MCCOMB
                                          MONTH:     SEPTEMBER
                                          YEAR:      2018
                                          LATITUDE:   31 10 N
                                          LONGITUDE:  90 28 W

  TEMPERATURE IN F:       :PCPN:    SNOW:  WIND      :SUNSHINE: SKY     :PK WND
================================================================================
1   2   3   4   5  6A  6B    7    8   9   10  11  12  13   14  15   16   17  18
                                     12Z  AVG MX 2MIN
DY MAX MIN AVG DEP HDD CDD  WTR  SNW DPTH SPD SPD DIR MIN PSBL S-S WX    SPD DR
================================================================================

 1  86  75  81   1   0  16 0.00  0.0    0  8.2 18 140   M    M   8        25 130
 2  85  74  80   1   0  15 0.28  0.0    0  6.7 17 150   M    M   5 13     22 140
 3  86  74  80   1   0  15 0.34  0.0    0  5.1 18 150   M    M   5 13     25 160
 4  90  72  81   2   0  16 0.39  0.0    0  5.7 20 110   M    M   3 1      28 120
 5  83  72  78  -1   0  13 0.08  0.0    0  5.2 12 230   M    M   8 1      17 260
 6  91  73  82   3   0  17    T  0.0    0  4.3 18 180   M    M   4 123    26 190
 7  90  72  81   3   0  16    T  0.0    0  3.6 18 160   M    M   6 13     21 150
 8  91  69  80   2   0  15    T  0.0    0  3.2 13 260   M    M   3 1      15 270
 9  90  71  81   3   0  16 0.87  0.0    0  3.9 21 330   M    M   3 13     26 320
10  89  72  81   3   0  16 0.18  0.0    0  3.0 10 350   M    M   4 13     14 350
11  88  73  81   3   0  16 0.87  0.0    0  2.7 17 180   M    M   7 13      M  M
12  90  70  80   3   0  15 0.00  0.0    0  3.2  9 100   M    M   3 1      13  60
13  91  74  83   6   0  18 0.05  0.0    0  3.4 14 140   M    M   2 13     19 130
14  94  72  83   6   0  18 0.00  0.0    0  1.9 15 320   M    M   0 13     19 330
15  96  74  85   8   0  20 0.00  0.0    0  3.5 12  20   M    M   0        15  20
16  97  75  86  10   0  21 0.00  0.0    0  3.9  9 350   M    M   0 3      14 330
17  96  72  84   8   0  19 0.00  0.0    0  1.6  8 310   M    M   2        10 260
18  96  74  85   9   0  20 0.00  0.0    0  1.6  9 220   M    M   1        12 360
19  96  73  85  10   0  20 0.00  0.0    0  1.7 10 110   M    M   0 1      13  50
20  93  72  83   8   0  18 0.00  0.0    0  3.5 12 150   M    M   0        15 160
21  91  73  82   7   0  17 0.05  0.0    0  2.9 15 110   M    M   3 13     21 100
================================================================================
SM 1909 1526         0 357  3.11     0.0  78.8          M       67
================================================================================
AV 90.9 72.7                               3.8 FASTST   M    M   3    MAX(MPH)
                                 MISC ---->  # 21 330               # 28  120
================================================================================
NOTES:
# LAST OF SEVERAL OCCURRENCES

COLUMN 17 PEAK WIND IN M.P.H.

PRELIMINARY LOCAL CLIMATOLOGICAL DATA (WS FORM: F-6) , PAGE 2

                                          STATION:  MCCOMB
                                          MONTH:    SEPTEMBER
                                          YEAR:     2018
                                          LATITUDE:   31 10 N
                                          LONGITUDE:  90 28 W

[TEMPERATURE DATA]      [PRECIPITATION DATA]       SYMBOLS USED IN COLUMN 16

AVERAGE MONTHLY: 81.8   TOTAL FOR MONTH:   3.11    1 = FOG OR MIST
DPTR FM NORMAL:   4.4   DPTR FM NORMAL:   -0.14    2 = FOG REDUCING VISIBILITY
HIGHEST:    97 ON 16    GRTST 24HR  0.87 ON 11-11      TO 1/4 MILE OR LESS
LOWEST:     69 ON  8                               3 = THUNDER
                        SNOW, ICE PELLETS, HAIL    4 = ICE PELLETS
                        TOTAL MONTH:   0.0 INCH    5 = HAIL
                        GRTST 24HR     0.0         6 = FREEZING RAIN OR DRIZZLE
                        GRTST DEPTH:   0           7 = DUSTSTORM OR SANDSTORM:
                                                       VSBY 1/2 MILE OR LESS
                                                   8 = SMOKE OR HAZE
[NO. OF DAYS WITH]      [WEATHER - DAYS WITH]      9 = BLOWING SNOW
                                                   X = TORNADO
MAX 32 OR BELOW:   0    0.01 INCH OR MORE:   9
MAX 90 OR ABOVE:  15    0.10 INCH OR MORE:   6
MIN 32 OR BELOW:   0    0.50 INCH OR MORE:   2
MIN  0 OR BELOW:   0    1.00 INCH OR MORE:   0

[HDD (BASE 65) ]
TOTAL THIS MO.     0    CLEAR  (SCALE 0-3)  11
DPTR FM NORMAL     0    PTCLDY (SCALE 4-7)   9
TOTAL FM JUL 1     0    CLOUDY (SCALE 8-10)  1
DPTR FM NORMAL     0

[CDD (BASE 65) ]
TOTAL THIS MO.   357
DPTR FM NORMAL    95    [PRESSURE DATA]
TOTAL FM JAN 1  2525    HIGHEST SLP M ON M
DPTR FM NORMAL   496    LOWEST  SLP 29.80 ON  9

[REMARKS]
