793
CXUS55 KLIX 221000
CF6MCB
PRELIMINARY LOCAL CLIMATOLOGICAL DATA (WS FORM: F-6)

                                          STATION:   MCCOMB
                                          MONTH:     OCTOBER
                                          YEAR:      2019
                                          LATITUDE:   31 10 N
                                          LONGITUDE:  90 28 W

  TEMPERATURE IN F:       :PCPN:    SNOW:  WIND      :SUNSHINE: SKY     :PK WND
================================================================================
1   2   3   4   5  6A  6B    7    8   9   10  11  12  13   14  15   16   17  18
                                     12Z  AVG MX 2MIN
DY MAX MIN AVG DEP HDD CDD  WTR  SNW DPTH SPD SPD DIR MIN PSBL S-S WX    SPD DR
================================================================================

 1  97  69  83  11   0  18 0.00  0.0    0  1.6 14 160   M    M   0 8      16 160
 2  98  70  84  13   0  19 0.00  0.0    0  2.6 13 340   M    M   2 18     17 340
 3  99  70  85  14   0  20 0.00  0.0    0  2.9 13 160   M    M   1 18     18  90
 4  98  72  85  15   0  20 0.06  0.0    0  5.9 17 170   M    M   3 3      23 160
 5  95  70  83  13   0  18 0.42  0.0    0  3.5 21 280   M    M   2 13     24 280
 6  91  68  80  10   0  15 0.00  0.0    0  4.7 18 150   M    M   2 1      24 150
 7  86  67  77   7   0  12 0.02  0.0    0  7.0 20 340   M    M   2        24 330
 8  83  65  74   5   0   9 0.00  0.0    0  4.9 12 340   M    M   5 1      16  10
 9  89  64  77   8   0  12 0.00  0.0    0  3.2 10 180   M    M   1        16 140
10  89  69  79  11   0  14 0.19  0.0    0  6.1 23 160   M    M   7 12     27 160
11  86  62  74   6   0   9 0.01  0.0    0  7.8 24 320   M    M   7        29 330
12  66  55  61  -7   4   0 0.00  0.0    0  8.1 18 360   M    M   8        26  10
13  77  56  67  -1   0   2 0.00  0.0    0  3.6 12 360   M    M   3        15 340
14  69  62  66  -1   0   1 0.38  0.0    0  2.2  8 130   M    M   9 1      10 130
15  85  67  76   9   0  11 1.39  0.0    0  4.6 16  10   M    M  10 138    20  10
16  73  51  62  -5   3   0 0.93  0.0    0  6.7 18 350   M    M   6 13     22 360
17  67  50  59  -7   6   0 0.00  0.0    0  4.3 10  20   M    M   0        14  30
18  72  55  64  -2   1   0 0.00  0.0    0  5.1 15  80   M    M   1        19  90
19  82  56  69   3   0   4 0.00  0.0    0  2.7  9 350   M    M   4        13  10
20  88  58  73   8   0   8 0.00  0.0    0  6.7 15 170   M    M   3        19 160
21  74  64  69   4   0   4 1.22  0.0    0  7.4 16 330   M    M   8 13     22 340
================================================================================
SM 1764 1320        14 196  4.62     0.0 101.6          M       84
================================================================================
AV 84.0 62.9                               4.8 FASTST   M    M   4    MAX(MPH)
                                 MISC ---->  # 24 320               # 29  330
================================================================================
NOTES:
# LAST OF SEVERAL OCCURRENCES

COLUMN 17 PEAK WIND IN M.P.H.

PRELIMINARY LOCAL CLIMATOLOGICAL DATA (WS FORM: F-6) , PAGE 2

                                          STATION:  MCCOMB
                                          MONTH:    OCTOBER
                                          YEAR:     2019
                                          LATITUDE:   31 10 N
                                          LONGITUDE:  90 28 W

[TEMPERATURE DATA]      [PRECIPITATION DATA]       SYMBOLS USED IN COLUMN 16

AVERAGE MONTHLY: 73.4   TOTAL FOR MONTH:   4.62    1 = FOG OR MIST
DPTR FM NORMAL:   5.2   DPTR FM NORMAL:    2.15    2 = FOG REDUCING VISIBILITY
HIGHEST:    99 ON  3    GRTST 24HR  1.39 ON 15-15      TO 1/4 MILE OR LESS
LOWEST:     50 ON 17                               3 = THUNDER
                        SNOW, ICE PELLETS, HAIL    4 = ICE PELLETS
                        TOTAL MONTH:   0.0 INCH    5 = HAIL
                        GRTST 24HR     0.0         6 = FREEZING RAIN OR DRIZZLE
                        GRTST DEPTH:   0           7 = DUSTSTORM OR SANDSTORM:
                                                       VSBY 1/2 MILE OR LESS
                                                   8 = SMOKE OR HAZE
[NO. OF DAYS WITH]      [WEATHER - DAYS WITH]      9 = BLOWING SNOW
                                                   X = TORNADO
MAX 32 OR BELOW:   0    0.01 INCH OR MORE:   9
MAX 90 OR ABOVE:   6    0.10 INCH OR MORE:   6
MIN 32 OR BELOW:   0    0.50 INCH OR MORE:   3
MIN  0 OR BELOW:   0    1.00 INCH OR MORE:   2

[HDD (BASE 65) ]
TOTAL THIS MO.    14    CLEAR  (SCALE 0-3)  11
DPTR FM NORMAL   -22    PTCLDY (SCALE 4-7)   7
TOTAL FM JUL 1    14    CLOUDY (SCALE 8-10)  3
DPTR FM NORMAL   -26

[CDD (BASE 65) ]
TOTAL THIS MO.   196
DPTR FM NORMAL    93    [PRESSURE DATA]
TOTAL FM JAN 1  2754    HIGHEST SLP M ON M
DPTR FM NORMAL   546    LOWEST  SLP 29.73 ON 19

[REMARKS]
