000
CXUS56 KHNX 241146
CF6MCE
PRELIMINARY LOCAL CLIMATOLOGICAL DATA (WS FORM: F-6)

                                          STATION:   MERCED CA AIRPORT
                                          MONTH:     MAY
                                          YEAR:      2020
                                          LATITUDE:   37 16 N
                                          LONGITUDE: 120 36 W

  TEMPERATURE IN F:       :PCPN:    SNOW:  WIND      :SUNSHINE: SKY     :PK WND
================================================================================
1   2   3   4   5  6A  6B    7    8   9   10  11  12  13   14  15   16   17  18
                                     12Z  AVG MX 2MIN
DY MAX MIN AVG DEP HDD CDD  WTR  SNW DPTH SPD SPD DIR MIN PSBL S-S WX    SPD DR
================================================================================

 1  84  49  67   4   0   2 0.00  0.0    0 11.2 20 350   M    M   0        25 340
 2  81  52  67   3   0   2 0.00  0.0    0 11.7 23 330   M    M   0        31 330
 3  79  53  66   2   0   1 0.00  0.0    0  9.9 16 330   M    M   0        23 340
 4  85  44  65   1   0   0 0.00  0.0    0  7.7 16 340   M    M   0        22  10
 5  87  48  68   4   0   3 0.00  0.0    0  9.9 18 350   M    M   0        25 350
 6  86  51  69   4   0   4 0.00  0.0    0 12.1 22 340   M    M   0        29 310
 7  90  48  69   4   0   4 0.00  0.0    0  4.0 12 340   M    M   0        16 310
 8  95  52  74   9   0   9 0.00  0.0    0  3.9 12 320   M    M   0        14 330
 9  97  54  76  11   0  11 0.00  0.0    0  5.0 12 330   M    M   0        16 330
10  89  57  73   7   0   8 0.00  0.0    0  7.3 17 340   M    M   0        23 330
11  84  53  69   3   0   4 0.00  0.0    0  6.3 17 260   M    M   0        22 270
12  75  58  67   1   0   2 0.00  0.0    0  9.4 20 330   M    M   6        25 330
13  78  50  64  -2   1   0 0.00  0.0    0  8.1 17 250   M    M   1        23 250
14  78  54  66   0   0   1 0.00  0.0    0 10.8 18 360   M    M   2        23 340
15  81  54  68   1   0   3 0.00  0.0    0 10.7 18 330   M    M   0        33 340
16  87  54  71   4   0   6 0.00  0.0    0  6.5 15 310   M    M   0        20 320
17  83  59  71   4   0   6 0.02  0.0    0  6.6 24 260   M    M   6 8      29 260
18  75  54  65  -2   0   0 0.18  0.0    0  6.7 21 340   M    M   6 138    27 330
19  72  49  61  -7   4   0 0.00  0.0    0  6.3 14  30   M    M   2 18     22  20
20  79  51  65  -3   0   0 0.00  0.0    0  7.0 16 350   M    M   0        25 360
21  85  52  69   1   0   4 0.00  0.0    0  6.8 14 330   M    M   0        19 330
22  81  57  69   1   0   4 0.00  0.0    0 10.3 20 310   M    M   0        27 340
23  85  49  67  -1   0   2 0.00  0.0    0  6.6 16 350   M    M   0        19 320
================================================================================
SM 1916 1202         5  76  0.20     0.0 184.8          M       23
================================================================================
AV 83.3 52.3                               8.0 FASTST   M    M   1    MAX(MPH)
                                 MISC ---->  # 24 260               # 33  340
================================================================================
NOTES:
# LAST OF SEVERAL OCCURRENCES

COLUMN 17 PEAK WIND IN M.P.H.

PRELIMINARY LOCAL CLIMATOLOGICAL DATA (WS FORM: F-6) , PAGE 2

                                          STATION:  MERCED CA AIRPORT
                                          MONTH:    MAY
                                          YEAR:     2020
                                          LATITUDE:   37 16 N
                                          LONGITUDE: 120 36 W

[TEMPERATURE DATA]      [PRECIPITATION DATA]       SYMBOLS USED IN COLUMN 16

AVERAGE MONTHLY: 67.8   TOTAL FOR MONTH:   0.20    1 = FOG OR MIST
DPTR FM NORMAL:   1.8   DPTR FM NORMAL:   -0.31    2 = FOG REDUCING VISIBILITY
HIGHEST:    97 ON  9    GRTST 24HR  0.18 ON 18-18      TO 1/4 MILE OR LESS
LOWEST:     44 ON  4                               3 = THUNDER
                        SNOW, ICE PELLETS, HAIL    4 = ICE PELLETS
                        TOTAL MONTH:   0.0 INCH    5 = HAIL
                        GRTST 24HR     0.0         6 = FREEZING RAIN OR DRIZZLE
                        GRTST DEPTH:   0           7 = DUSTSTORM OR SANDSTORM:
                                                       VSBY 1/2 MILE OR LESS
                                                   8 = SMOKE OR HAZE
[NO. OF DAYS WITH]      [WEATHER - DAYS WITH]      9 = BLOWING SNOW
                                                   X = TORNADO
MAX 32 OR BELOW:   0    0.01 INCH OR MORE:   2
MAX 90 OR ABOVE:   3    0.10 INCH OR MORE:   1
MIN 32 OR BELOW:   0    0.50 INCH OR MORE:   0
MIN  0 OR BELOW:   0    1.00 INCH OR MORE:   0

[HDD (BASE 65) ]
TOTAL THIS MO.     5    CLEAR  (SCALE 0-3)  20
DPTR FM NORMAL   -42    PTCLDY (SCALE 4-7)   3
TOTAL FM JUL 1  2319    CLOUDY (SCALE 8-10)  0
DPTR FM NORMAL  -449

[CDD (BASE 65) ]
TOTAL THIS MO.    76
DPTR FM NORMAL     6    [PRESSURE DATA]
TOTAL FM JAN 1   132    HIGHEST SLP M ON M
DPTR FM NORMAL    43    LOWEST  SLP 29.76 ON  9

[REMARKS]
