000
CXUS56 KHNX 201146
CF6MCE
PRELIMINARY LOCAL CLIMATOLOGICAL DATA (WS FORM: F-6)

                                          STATION:   MERCED CA AIRPORT
                                          MONTH:     JANUARY
                                          YEAR:      2019
                                          LATITUDE:   37 16 N
                                          LONGITUDE: 120 36 W

  TEMPERATURE IN F:       :PCPN:    SNOW:  WIND      :SUNSHINE: SKY     :PK WND
================================================================================
1   2   3   4   5  6A  6B    7    8   9   10  11  12  13   14  15   16   17  18
                                     12Z  AVG MX 2MIN
DY MAX MIN AVG DEP HDD CDD  WTR  SNW DPTH SPD SPD DIR MIN PSBL S-S WX    SPD DR
================================================================================

 1  50  29  40  -4  25   0 0.00  0.0    0  3.5  9 340   M    M   0 18     12  10
 2  52  27  40  -4  25   0 0.00  0.0    0  2.2 10 120   M    M   0 18     12 120
 3  57  25  41  -3  24   0 0.00  0.0    0  2.3  7 340   M    M   0 18     10 340
 4  58  29  44   0  21   0 0.00  0.0    0  2.4 10 110   M    M   0 18     12 100
 5  51  35  43  -1  22   0 0.19  0.0    0  9.2 25 130   M    M   4 18     32 120
 6  51  39  45   1  20   0 0.73  0.0    0 17.4 39 120   M    M   6 1      46 110
 7  64  47  56  12   9   0 0.02  0.0    0  6.3 28 130   M    M   4 1      34 120
 8  62  47  55  11  10   0    T  0.0    0  7.2 15 130   M    M   1 1      19 120
 9  61  51  56  12   9   0 0.02  0.0    0  8.7 18 110   M    M   9        24 120
10  52  44  48   4  17   0 0.00  0.0    0  2.4  9 120   M    M   9 12     11 120
11  56  46  51   7  14   0 0.00  0.0    0  5.2 12 140   M    M   6 128    15 120
12  61  41  51   7  14   0 0.00  0.0    0  4.0 14 160   M    M   4 128    18 150
13  60  38  49   5  16   0 0.00  0.0    0  2.3  8 140   M    M   0 1      10  90
14  53  42  48   4  17   0 0.04  0.0    0  6.3 20 120   M    M   5 128    24 120
15  56  43  50   5  15   0 0.41  0.0    0 11.9 26 130   M    M   9 1      34 140
16  61  53  57  12   8   0 0.07  0.0    0 16.1 28 130   M    M   8        37 150
17  60  51  56  11   9   0 0.65  0.0    0  5.0 30 140   M    M   8 1      37 140
18  62  46  54   9  11   0 0.00  0.0    0  3.1 10 310   M    M   4 1      14 340
19  65  45  55  10  10   0 0.00  0.0    0  2.5  9 140   M    M   3 1      11 110
================================================================================
SM 1092  778       296   0  2.13     0.0 118.0          M       80
================================================================================
AV 57.5 41.0                               6.2 FASTST   M    M   4    MAX(MPH)
                                 MISC ---->  # 39 120               # 46  110
================================================================================
NOTES:
# LAST OF SEVERAL OCCURRENCES

COLUMN 17 PEAK WIND IN M.P.H.

PRELIMINARY LOCAL CLIMATOLOGICAL DATA (WS FORM: F-6) , PAGE 2

                                          STATION:  MERCED CA AIRPORT
                                          MONTH:    JANUARY
                                          YEAR:     2019
                                          LATITUDE:   37 16 N
                                          LONGITUDE: 120 36 W

[TEMPERATURE DATA]      [PRECIPITATION DATA]       SYMBOLS USED IN COLUMN 16

AVERAGE MONTHLY: 49.2   TOTAL FOR MONTH:   2.13    1 = FOG OR MIST
DPTR FM NORMAL:   4.9   DPTR FM NORMAL:    0.24    2 = FOG REDUCING VISIBILITY
HIGHEST:    65 ON 19    GRTST 24HR  0.73 ON  6- 6      TO 1/4 MILE OR LESS
LOWEST:     25 ON  3                               3 = THUNDER
                        SNOW, ICE PELLETS, HAIL    4 = ICE PELLETS
                        TOTAL MONTH:   0.0 INCH    5 = HAIL
                        GRTST 24HR     0.0         6 = FREEZING RAIN OR DRIZZLE
                        GRTST DEPTH:   0           7 = DUSTSTORM OR SANDSTORM:
                                                       VSBY 1/2 MILE OR LESS
                                                   8 = SMOKE OR HAZE
[NO. OF DAYS WITH]      [WEATHER - DAYS WITH]      9 = BLOWING SNOW
                                                   X = TORNADO
MAX 32 OR BELOW:   0    0.01 INCH OR MORE:   8
MAX 90 OR ABOVE:   0    0.10 INCH OR MORE:   4
MIN 32 OR BELOW:   4    0.50 INCH OR MORE:   2
MIN  0 OR BELOW:   0    1.00 INCH OR MORE:   0

[HDD (BASE 65) ]
TOTAL THIS MO.   296    CLEAR  (SCALE 0-3)   7
DPTR FM NORMAL   -97    PTCLDY (SCALE 4-7)   9
TOTAL FM JUL 1  1180    CLOUDY (SCALE 8-10)  3
DPTR FM NORMAL  -332

[CDD (BASE 65) ]
TOTAL THIS MO.     0
DPTR FM NORMAL     0    [PRESSURE DATA]
TOTAL FM JAN 1     0    HIGHEST SLP M ON M
DPTR FM NORMAL     0    LOWEST  SLP 29.80 ON  5

[REMARKS]
