000
CXAK56 PAFG 260946
CF6MCG
PRELIMINARY LOCAL CLIMATOLOGICAL DATA (WS FORM: F-6)

                                          STATION:   MCGRATH AK
                                          MONTH:     MAY
                                          YEAR:      2020
                                          LATITUDE:   62 57 N
                                          LONGITUDE: 155 36 W

  TEMPERATURE IN F:       :PCPN:    SNOW:  WIND      :SUNSHINE: SKY     :PK WND
================================================================================
1   2   3   4   5  6A  6B    7    8   9   10  11  12  13   14  15   16   17  18
                                     12Z  AVG MX 2MIN
DY MAX MIN AVG DEP HDD CDD  WTR  SNW DPTH SPD SPD DIR MIN PSBL S-S WX    SPD DR
================================================================================

 1  52  24  38  -2  27   0 0.00    M    M  2.0 10 300   M    M   4        12 300
 2  49  31  40  -1  25   0 0.00    M    M  9.5 20  20   M    M   3        31  30
 3  51  34  43   2  22   0 0.00    M    M 10.6 20  30   M    M   0        31  30
 4  54  29  42   0  23   0 0.00  0.0    M  3.2 12 290   M    M   2        14 300
 5  58  32  45   3  20   0 0.00    M    M  2.4  9 140   M    M   4        11 300
 6  62  34  48   5  17   0 0.00    M    M  3.5 10  30   M    M   4        14  20
 7  65  33  49   6  16   0 0.00  0.0    0  6.4 22  80   M    M   1        30  80
 8  62  39  51   7  14   0 0.00  0.0    0  4.6 15  90   M    M   3        21  80
 9  67  32  50   6  15   0 0.00  0.0    0  3.9 14 150   M    M   0        17 150
10  67  40  54   9  11   0 0.00  0.0    0  3.8 13 230   M    M   1        17 230
11  64  46  55  10  10   0    T    M    0  5.7 21 200   M    M   6        28 190
12  59  40  50   5  15   0 0.00  0.0    0  8.0 21 200   M    M   4        28 200
13  64  42  53   7  12   0    T    M    0  6.8 16  40   M    M   6        20  70
14  60  46  53   7  12   0 0.00  0.0    0  6.1 14 120   M    M   3        17 120
15  69  43  56   9   9   0 0.00    M    M  2.4  9 330   M    M   6        12 330
16  68  42  55   8  10   0 0.00  0.0    0  4.0 13  30   M    M   7        16  20
17  64  45  55   8  10   0 0.00  0.0    0  6.7 15  80   M    M   4        18  80
18  67  36  52   4  13   0 0.00    M    M  7.3 16  80   M    M   1        21  40
19  65  42  54   6  11   0 0.00  0.0    0  3.2 14 210   M    M   4        18 200
20  65  44  55   7  10   0 0.02    M    0  4.8 12 220   M    M   7        16 220
21  60  46  53   4  12   0 0.04    M    M  3.0 14 230   M    M  10 1      19 240
22  58  44  51   2  14   0 0.07    M    M  2.8 18 270   M    M   7 1      23 240
23  66  39  53   3  12   0 0.00    M    M  8.4 22  70   M    M   3        30  80
24  59  46  53   3  12   0 0.02    M    M  6.1 16 200   M    M   8        22 230
25  64  36  50   0  15   0 0.00    M    M  2.4  8 270   M    M   5        12 280
================================================================================
SM 1539  965       367   0  0.15     0.0 127.6          M      103
================================================================================
AV 61.6 38.6                               5.1 FASTST   M    M   4    MAX(MPH)
                                 MISC ---->  # 22  80               # 31   30
================================================================================
NOTES:
# LAST OF SEVERAL OCCURRENCES

COLUMN 17 PEAK WIND IN M.P.H.

PRELIMINARY LOCAL CLIMATOLOGICAL DATA (WS FORM: F-6) , PAGE 2

                                          STATION:  MCGRATH AK
                                          MONTH:    MAY
                                          YEAR:     2020
                                          LATITUDE:   62 57 N
                                          LONGITUDE: 155 36 W

[TEMPERATURE DATA]      [PRECIPITATION DATA]       SYMBOLS USED IN COLUMN 16

AVERAGE MONTHLY: 50.1   TOTAL FOR MONTH:   0.15    1 = FOG OR MIST
DPTR FM NORMAL:   4.5   DPTR FM NORMAL:   -0.69    2 = FOG REDUCING VISIBILITY
HIGHEST:    69 ON 15    GRTST 24HR  0.07 ON 22-22      TO 1/4 MILE OR LESS
LOWEST:     24 ON  1                               3 = THUNDER
                        SNOW, ICE PELLETS, HAIL    4 = ICE PELLETS
                        TOTAL MONTH:   0.0 INCH    5 = HAIL
                        GRTST 24HR     0.0         6 = FREEZING RAIN OR DRIZZLE
                        GRTST DEPTH:   0           7 = DUSTSTORM OR SANDSTORM:
                                                       VSBY 1/2 MILE OR LESS
                                                   8 = SMOKE OR HAZE
[NO. OF DAYS WITH]      [WEATHER - DAYS WITH]      9 = BLOWING SNOW
                                                   X = TORNADO
MAX 32 OR BELOW:   0    0.01 INCH OR MORE:   4
MAX 90 OR ABOVE:   0    0.10 INCH OR MORE:   0
MIN 32 OR BELOW:   5    0.50 INCH OR MORE:   0
MIN  0 OR BELOW:   0    1.00 INCH OR MORE:   0

[HDD (BASE 65) ]
TOTAL THIS MO.   367    CLEAR  (SCALE 0-3)   9
DPTR FM NORMAL  -119    PTCLDY (SCALE 4-7)  15
TOTAL FM JUL 1 13508    CLOUDY (SCALE 8-10)  1
DPTR FM NORMAL    76

[CDD (BASE 65) ]
TOTAL THIS MO.     0
DPTR FM NORMAL     0    [PRESSURE DATA]
TOTAL FM JAN 1     0    HIGHEST SLP M ON M
DPTR FM NORMAL     0    LOWEST  SLP 29.64 ON 24

[REMARKS]
