000
CXAK56 PAFG 190947
CF6MCG
PRELIMINARY LOCAL CLIMATOLOGICAL DATA (WS FORM: F-6)

                                          STATION:   MCGRATH AK
                                          MONTH:     OCTOBER
                                          YEAR:      2019
                                          LATITUDE:   62 57 N
                                          LONGITUDE: 155 36 W

  TEMPERATURE IN F:       :PCPN:    SNOW:  WIND      :SUNSHINE: SKY     :PK WND
================================================================================
1   2   3   4   5  6A  6B    7    8   9   10  11  12  13   14  15   16   17  18
                                     12Z  AVG MX 2MIN
DY MAX MIN AVG DEP HDD CDD  WTR  SNW DPTH SPD SPD DIR MIN PSBL S-S WX    SPD DR
================================================================================

 1  44  31  38   2  27   0 0.00  0.0    0  7.5 16 340   M    M   7        23 330
 2  44  25  35  -1  30   0 0.02  0.0    0  2.7 10 180   M    M   5 12     14 210
 3  48  39  44   9  21   0 0.10  0.0    0  5.4 16 180   M    M   9 1      25 190
 4  46  34  40   6  25   0 0.60    M    0 12.7 29 260   M    M   7 1      37 260
 5  41  34  38   5  27   0 0.01    M    M 11.7 22 200   M    M   5 1      30 200
 6  41  34  38   5  27   0    T    M    0  8.8 18 280   M    M   7        27 200
 7  42  29  36   4  29   0 0.08    M    0  4.9 15 210   M    M   7        21 200
 8  43  35  39   8  26   0 0.47    M    0  9.1 18 200   M    M  10 1      27 200
 9  44  36  40   9  25   0 0.06    M    0  3.7 12 200   M    M   9 1      15 210
10  41  30  36   6  29   0 0.01    M    0  2.2  9 350   M    M  10 1      12 360
11  39  27  33   4  32   0 0.00  0.0    0  6.1 16 350   M    M   4        20 350
12  37  20  29   1  36   0 0.00  0.0    0  2.2  8 340   M    M   0        11 320
13  36  13  25  -3  40   0 0.00  0.0    0  2.5  8  80   M    M   0        13  80
14  31  14  23  -4  42   0 0.00  0.0    0  5.2 12 100   M    M   3        16 100
15  29  10  20  -6  45   0 0.00  0.0    M  2.1  6 340   M    M   5         8 320
16  31  10  21  -4  44   0 0.00  0.0    0  1.7 10  60   M    M   4        12  70
17  32  14  23  -1  42   0 0.00  0.0    0  1.7  5 270   M    M   3         M  M
18  30  11  21  -3  44   0 0.00  0.0    0  1.4  5 280   M    M   6         M  M
================================================================================
SM  699  446       591   0  1.35     0.0  91.6          M      101
================================================================================
AV 38.8 24.8                               5.1 FASTST   M    M   6    MAX(MPH)
                                 MISC ---->  # 29 260               # 37  260
================================================================================
NOTES:
# LAST OF SEVERAL OCCURRENCES

COLUMN 17 PEAK WIND IN M.P.H.

PRELIMINARY LOCAL CLIMATOLOGICAL DATA (WS FORM: F-6) , PAGE 2

                                          STATION:  MCGRATH AK
                                          MONTH:    OCTOBER
                                          YEAR:     2019
                                          LATITUDE:   62 57 N
                                          LONGITUDE: 155 36 W

[TEMPERATURE DATA]      [PRECIPITATION DATA]       SYMBOLS USED IN COLUMN 16

AVERAGE MONTHLY: 31.8   TOTAL FOR MONTH:   1.35    1 = FOG OR MIST
DPTR FM NORMAL:   1.7   DPTR FM NORMAL:    0.40    2 = FOG REDUCING VISIBILITY
HIGHEST:    48 ON  3    GRTST 24HR  0.60 ON  4- 4      TO 1/4 MILE OR LESS
LOWEST:     10 ON 16,15                            3 = THUNDER
                        SNOW, ICE PELLETS, HAIL    4 = ICE PELLETS
                        TOTAL MONTH:   0.0 INCH    5 = HAIL
                        GRTST 24HR     0.0         6 = FREEZING RAIN OR DRIZZLE
                        GRTST DEPTH:   0           7 = DUSTSTORM OR SANDSTORM:
                                                       VSBY 1/2 MILE OR LESS
                                                   8 = SMOKE OR HAZE
[NO. OF DAYS WITH]      [WEATHER - DAYS WITH]      9 = BLOWING SNOW
                                                   X = TORNADO
MAX 32 OR BELOW:   5    0.01 INCH OR MORE:   8
MAX 90 OR ABOVE:   0    0.10 INCH OR MORE:   3
MIN 32 OR BELOW:  12    0.50 INCH OR MORE:   1
MIN  0 OR BELOW:   0    1.00 INCH OR MORE:   0

[HDD (BASE 65) ]
TOTAL THIS MO.   591    CLEAR  (SCALE 0-3)   3
DPTR FM NORMAL   -40    PTCLDY (SCALE 4-7)  11
TOTAL FM JUL 1  1453    CLOUDY (SCALE 8-10)  4
DPTR FM NORMAL  -281

[CDD (BASE 65) ]
TOTAL THIS MO.     0
DPTR FM NORMAL     0    [PRESSURE DATA]
TOTAL FM JAN 1    82    HIGHEST SLP M ON M
DPTR FM NORMAL    62    LOWEST  SLP 29.17 ON  4

[REMARKS]
