000
CXAK56 PAFG 180945
CF6MCG
PRELIMINARY LOCAL CLIMATOLOGICAL DATA (WS FORM: F-6)

                                          STATION:   MCGRATH AK
                                          MONTH:     NOVEMBER
                                          YEAR:      2018
                                          LATITUDE:   62 57 N
                                          LONGITUDE: 155 36 W

  TEMPERATURE IN F:       :PCPN:    SNOW:  WIND      :SUNSHINE: SKY     :PK WND
================================================================================
1   2   3   4   5  6A  6B    7    8   9   10  11  12  13   14  15   16   17  18
                                     12Z  AVG MX 2MIN
DY MAX MIN AVG DEP HDD CDD  WTR  SNW DPTH SPD SPD DIR MIN PSBL S-S WX    SPD DR
================================================================================

 1  21  14  18   5  47   0 0.00  0.0    3  3.9  8  10   M    M  10 1      10 360
 2  17   1   9  -4  56   0 0.00  0.0    3  2.9  8  10   M    M   4 1      10  20
 3  16  -3   7  -5  58   0 0.00  0.0    3  1.5  6 340   M    M   0         9 340
 4  12  -5   4  -7  61   0 0.00  0.0    3  1.0  7 340   M    M   0         8 340
 5  12  -5   4  -7  61   0    T  0.2    3  0.6  5 140   M    M   7 1       7 330
 6  20   9  15   5  50   0    T  0.2    3  2.6  8 130   M    M  10 1       M  M
 7  24  18  21  12  44   0 0.13  1.3    3  1.1  5 280   M    M  10 12      6  10
 8  24  13  19  10  46   0    T    T    5  1.3  8 100   M    M  10 1      10 110
 9  32  21  27  19  38   0 0.10  1.8    6  3.7 10 210   M    M  10 1      13 210
10  30  20  25  17  40   0    T    T    6  5.4 12 360   M    M   4 12     15  10
11  26  21  24  17  41   0 0.00  0.0    6  8.8 14  30   M    M   4        19  20
12  27  21  24  17  41   0 0.10  0.2    5  6.3 14  40   M    M   9 16     19  20
13  22  15  19  13  46   0 0.27  3.7    5  5.7 14  90   M    M  10 18     17  80
14  16   3  10   4  55   0 0.00  0.0    9  2.8  8 360   M    M   8 8      11 350
15   4  -9  -2  -7  67   0 0.00  0.0    M  1.6  7 340   M    M   1         9 340
16  20  -4   8   3  57   0 0.00  0.0    9  3.3  8 340   M    M   7        11 240
17  20  14  17  13  48   0 0.02  0.0    8  1.7  9 120   M    M   9 6      11 120
================================================================================
SM  343  144       856   0  0.62     7.4  54.2          M      113
================================================================================
AV 20.2  8.5                               3.2 FASTST   M    M   7    MAX(MPH)
                                 MISC ---->  # 14  30               # 19   20
================================================================================
NOTES:
# LAST OF SEVERAL OCCURRENCES

COLUMN 17 PEAK WIND IN M.P.H.

PRELIMINARY LOCAL CLIMATOLOGICAL DATA (WS FORM: F-6) , PAGE 2

                                          STATION:  MCGRATH AK
                                          MONTH:    NOVEMBER
                                          YEAR:     2018
                                          LATITUDE:   62 57 N
                                          LONGITUDE: 155 36 W

[TEMPERATURE DATA]      [PRECIPITATION DATA]       SYMBOLS USED IN COLUMN 16

AVERAGE MONTHLY: 14.3   TOTAL FOR MONTH:   0.62    1 = FOG OR MIST
DPTR FM NORMAL:   5.9   DPTR FM NORMAL:   -0.19    2 = FOG REDUCING VISIBILITY
HIGHEST:    32 ON  9    GRTST 24HR  0.27 ON 13-13      TO 1/4 MILE OR LESS
LOWEST:     -9 ON 15                               3 = THUNDER
                        SNOW, ICE PELLETS, HAIL    4 = ICE PELLETS
                        TOTAL MONTH:   7.4 INCHES  5 = HAIL
                        GRTST 24HR   3.7 ON 13-13  6 = FREEZING RAIN OR DRIZZLE
                        GRTST DEPTH:   9 ON 16,14  7 = DUSTSTORM OR SANDSTORM:
                                                       VSBY 1/2 MILE OR LESS
                                                   8 = SMOKE OR HAZE
[NO. OF DAYS WITH]      [WEATHER - DAYS WITH]      9 = BLOWING SNOW
                                                   X = TORNADO
MAX 32 OR BELOW:  17    0.01 INCH OR MORE:   5
MAX 90 OR ABOVE:   0    0.10 INCH OR MORE:   4
MIN 32 OR BELOW:  17    0.50 INCH OR MORE:   0
MIN  0 OR BELOW:   5    1.00 INCH OR MORE:   0

[HDD (BASE 65) ]
TOTAL THIS MO.   856    CLEAR  (SCALE 0-3)   3
DPTR FM NORMAL  -106    PTCLDY (SCALE 4-7)   5
TOTAL FM JUL 1  2560    CLOUDY (SCALE 8-10)  9
DPTR FM NORMAL  -742

[CDD (BASE 65) ]
TOTAL THIS MO.     0
DPTR FM NORMAL     0    [PRESSURE DATA]
TOTAL FM JAN 1    32    HIGHEST SLP M ON M
DPTR FM NORMAL    12    LOWEST  SLP 29.55 ON 17

[REMARKS]
